{"id":483,"date":"2013-07-03T12:07:24","date_gmt":"2013-07-03T10:07:24","guid":{"rendered":"https:\/\/krets.jagareforbundet.se\/berg\/?page_id=483"},"modified":"2013-07-03T12:10:04","modified_gmt":"2013-07-03T10:10:04","slug":"viggesagen-jaktomrade","status":"publish","type":"page","link":"https:\/\/krets.jagareforbundet.se\/berg\/viggesagen\/viggesagen-jaktomrade\/","title":{"rendered":"Vigges\u00e5gen Jaktomr\u00e5de"},"content":{"rendered":"<p><iframe loading=\"lazy\" src=\"https:\/\/maps.google.se\/maps\/ms?ie=UTF8&amp;msa=0&amp;msid=203168056014828595993.0004c7254683a1643342b&amp;t=h&amp;ll=62.768397,14.024734&amp;spn=0.09426,0.240326&amp;z=12&amp;output=embed\" frameborder=\"0\" marginwidth=\"0\" marginheight=\"0\" scrolling=\"no\" width=\"100%\" height=\"600\"><\/iframe><br \/>\n<small>Visa <a style=\"color: #0000ff; text-align: left;\" href=\"https:\/\/maps.google.se\/maps\/ms?ie=UTF8&amp;msa=0&amp;msid=203168056014828595993.0004c7254683a1643342b&amp;t=h&amp;ll=62.768397,14.024734&amp;spn=0.09426,0.240326&amp;z=12&amp;source=embed\">Vigges\u00e5gen J\u00e4garef\u00f6rbundet Bergs JVK<\/a> p\u00e5 en st\u00f6rre karta<\/small><\/p>\n","protected":false},"excerpt":{"rendered":"<p>Visa Vigges\u00e5gen J\u00e4garef\u00f6rbundet Bergs JVK p\u00e5 en st\u00f6rre karta<\/p>\n","protected":false},"author":79,"featured_media":0,"parent":214,"menu_order":0,"comment_status":"open","ping_status":"open","template":"","meta":{"footnotes":""},"class_list":["post-483","page","type-page","status-publish","hentry"],"_links":{"self":[{"href":"https:\/\/krets.jagareforbundet.se\/berg\/wp-json\/wp\/v2\/pages\/483","targetHints":{"allow":["GET"]}}],"collection":[{"href":"https:\/\/krets.jagareforbundet.se\/berg\/wp-json\/wp\/v2\/pages"}],"about":[{"href":"https:\/\/krets.jagareforbundet.se\/berg\/wp-json\/wp\/v2\/types\/page"}],"author":[{"embeddable":true,"href":"https:\/\/krets.jagareforbundet.se\/berg\/wp-json\/wp\/v2\/users\/79"}],"replies":[{"embeddable":true,"href":"https:\/\/krets.jagareforbundet.se\/berg\/wp-json\/wp\/v2\/comments?post=483"}],"version-history":[{"count":0,"href":"https:\/\/krets.jagareforbundet.se\/berg\/wp-json\/wp\/v2\/pages\/483\/revisions"}],"up":[{"embeddable":true,"href":"https:\/\/krets.jagareforbundet.se\/berg\/wp-json\/wp\/v2\/pages\/214"}],"wp:attachment":[{"href":"https:\/\/krets.jagareforbundet.se\/berg\/wp-json\/wp\/v2\/media?parent=483"}],"curies":[{"name":"wp","href":"https:\/\/api.w.org\/{rel}","templated":true}]}}