{"id":600,"date":"2014-02-20T18:37:59","date_gmt":"2014-02-20T17:37:59","guid":{"rendered":"https:\/\/krets.jagareforbundet.se\/berg\/?page_id=600"},"modified":"2014-02-20T18:37:59","modified_gmt":"2014-02-20T17:37:59","slug":"utbyte-med-hylte-unnaryds-jvk","status":"publish","type":"page","link":"https:\/\/krets.jagareforbundet.se\/berg\/utbyte-med-hylte-unnaryds-jvk\/","title":{"rendered":"Utbyte med Hylte-Unnaryds jvk"},"content":{"rendered":"<p>Sedan n\u00e5gra \u00e5r tillbaka har Bergs jvk ett utbyte med Hylte-Unnaryds jvk.<\/p>\n<p>Sm\u00e5l\u00e4nningarna har kommit hit och varit med p\u00e5 J\u00e4mtl\u00e4nds \u00e4lgjakt och vi har \u00e5kt ner och varit med om jakt p\u00e5 r\u00e5djur och vildsvin.<\/p>\n<p>Personerna som \u00e5kt h\u00e4rifr\u00e5n har varit en kombination av medlemmar i styrelsen och en lottning av medlemmar som deltagit i kretsm\u00e4sterskapet i \u00e4lgskytte.<\/p>\n<p>H\u00e4r nedan kan ni l\u00e4sa om deras upplevelse h\u00e4r och hur v\u00e5ra kretsrepresentanter haft det.<\/p>\n<p><a href=\"https:\/\/krets.jagareforbundet.se\/berg\/files\/2014\/02\/Dagbok2.jpg\"><img loading=\"lazy\" decoding=\"async\" class=\"size-medium wp-image-601 alignright\" alt=\"Dagbok2\" src=\"https:\/\/krets.jagareforbundet.se\/berg\/files\/2014\/02\/Dagbok2-217x300.jpg\" width=\"217\" height=\"300\" srcset=\"https:\/\/krets.jagareforbundet.se\/berg\/files\/2014\/02\/Dagbok2-217x300.jpg 217w, https:\/\/krets.jagareforbundet.se\/berg\/files\/2014\/02\/Dagbok2-743x1024.jpg 743w, https:\/\/krets.jagareforbundet.se\/berg\/files\/2014\/02\/Dagbok2.jpg 1275w\" sizes=\"auto, (max-width: 217px) 100vw, 217px\" \/><\/a><\/p>\n<p><a href=\"https:\/\/krets.jagareforbundet.se\/berg\/files\/2014\/02\/Dagbok1.jpg\"><img loading=\"lazy\" decoding=\"async\" class=\"size-medium wp-image-602 alignleft\" alt=\"Dagbok1\" src=\"https:\/\/krets.jagareforbundet.se\/berg\/files\/2014\/02\/Dagbok1-217x300.jpg\" width=\"217\" height=\"300\" srcset=\"https:\/\/krets.jagareforbundet.se\/berg\/files\/2014\/02\/Dagbok1-217x300.jpg 217w, https:\/\/krets.jagareforbundet.se\/berg\/files\/2014\/02\/Dagbok1-743x1024.jpg 743w, https:\/\/krets.jagareforbundet.se\/berg\/files\/2014\/02\/Dagbok1.jpg 1275w\" sizes=\"auto, (max-width: 217px) 100vw, 217px\" \/><\/a><\/p>\n<p>&nbsp;<\/p>\n<p>&nbsp;<\/p>\n<p>&nbsp;<\/p>\n<p>&nbsp;<\/p>\n<p>&nbsp;<\/p>\n<p>&nbsp;<\/p>\n<p>&nbsp;<\/p>\n<p>&nbsp;<\/p>\n<p>&nbsp;<\/p>\n<p><span style=\"text-decoration: underline\"><em>J\u00e4mtl\u00e4nningar p\u00e5 &#8221;grisjakt&#8221; i Sm\u00e5land<\/em><\/span><\/p>\n<p><em>Dag 1<\/em><\/p>\n<p><em>Klockan sju torsdagen den 14 november packade vi bilen full med grejer och f\u00f6rv\u00e4ntan och mottogs med god middag och fint boende hos Sten-\u00c5ke.<\/em><\/p>\n<p><em>Efter ca 10 timmars bilf\u00e4rd satte sig ynglingen Anton redan f\u00f6rsta kv\u00e4llen p\u00e5 \u201dgrispass\u201d. Resultatet blev ganska magert men han fick se en hare och en \u00e4lg i alla fall.<\/em><\/p>\n<p><em>Dag 2<\/em><\/p>\n<p><em>B\u00f6rjade dagen med ett intressant studiebes\u00f6k p\u00e5 Unnaryds Viltgymnasium d\u00e4r vi fick en genomg\u00e5ng av Alf Andersson p\u00e5 vildsvinets anatomi.<\/em><\/p>\n<p><em>Senare fortsatte vi till Hylte lantm\u00e4n och fick en rundtur d\u00e4r.<\/em><\/p>\n<p><em>Efter lunch m\u00f6tte Ola upp och vi fick provskjuta in v\u00e5ra gev\u00e4r inf\u00f6r kommande \u00f6vningar.<\/em><\/p>\n<p><em>Kv\u00e4llen tillbringades i kallt dragit v\u00e4der p\u00e5 varsina \u00e5tlar med varierat resultat. Inom loppet av en timme blev tre \u201dgrisar\u201d nedlagd. Niklas var ofin nog att f\u00e4lla alla tre .;-)<\/em><\/p>\n<p><em>Dag 3<\/em><\/p>\n<p><em>L\u00f6rdag morgon var vi vid Ulvhult p\u00e5 drevjakt. Ingen fick skjuta n\u00e5got och ingen s\u00e5g n\u00e5got. Rast och vila mitt p\u00e5 dagen f\u00f6ljdes av \u00e5teljakt igen. Tyv\u00e4rr syntes inga vildsvin till. Anton h\u00f6ll ut l\u00e4ngst men fick ingen utdelning f\u00f6r sitt t\u00e5lamod.<\/em><\/p>\n<p><em>Dag 4<\/em><\/p>\n<p><em>\u00c4lgan\u00e4s var m\u00e5let f\u00f6r dagen. Drevjakt p\u00e5 vildsvin och r\u00e5djur. H\u00e4r fick vi se en hel del vilt och Niklas hade \u00e5terigen tur och fick skjuta ett r\u00e5djur.<\/em><\/p>\n<p><em>Klockan 13:00 packade vi \u00e5terigen in v\u00e5ra saker i bilen och for hem\u00e5t.<\/em><\/p>\n<p><em>\u00a0<\/em><em>Vi vill tacka Hylte-Unnaryds jaktv\u00e5rdskrets f\u00f6r ett mycket trevligt arrangemang och f\u00f6r g\u00e4stfrihet. Speciellt tack till Ola och Sten-\u00c5ke.<\/em><\/p>\n<p><em>\u00a0<\/em><em>Niklas, Eva, Anton och Hans-Erik i Bergs Jaktv\u00e5rdskrets<\/em><\/p>\n<p>Foto nedan fr\u00e5n den lyckade jakten i Hylte<\/p>\n<p><a href=\"https:\/\/krets.jagareforbundet.se\/berg\/files\/2014\/02\/Nicke-R\u00e5djur.jpg\"><img loading=\"lazy\" decoding=\"async\" class=\" wp-image-603 alignleft\" alt=\"SAMSUNG\" src=\"https:\/\/krets.jagareforbundet.se\/berg\/files\/2014\/02\/Nicke-R\u00e5djur-300x225.jpg\" width=\"300\" height=\"225\" srcset=\"https:\/\/krets.jagareforbundet.se\/berg\/files\/2014\/02\/Nicke-R\u00e5djur-300x225.jpg 300w, https:\/\/krets.jagareforbundet.se\/berg\/files\/2014\/02\/Nicke-R\u00e5djur-1024x768.jpg 1024w, https:\/\/krets.jagareforbundet.se\/berg\/files\/2014\/02\/Nicke-R\u00e5djur.jpg 2048w\" sizes=\"auto, (max-width: 300px) 100vw, 300px\" \/><\/a> <a href=\"https:\/\/krets.jagareforbundet.se\/berg\/files\/2014\/02\/G\u00e4ngetHylte.jpg\"><img loading=\"lazy\" decoding=\"async\" class=\" wp-image-604 alignleft\" alt=\"SAMSUNG\" src=\"https:\/\/krets.jagareforbundet.se\/berg\/files\/2014\/02\/G\u00e4ngetHylte-300x225.jpg\" width=\"300\" height=\"225\" srcset=\"https:\/\/krets.jagareforbundet.se\/berg\/files\/2014\/02\/G\u00e4ngetHylte-300x225.jpg 300w, https:\/\/krets.jagareforbundet.se\/berg\/files\/2014\/02\/G\u00e4ngetHylte-1024x768.jpg 1024w, https:\/\/krets.jagareforbundet.se\/berg\/files\/2014\/02\/G\u00e4ngetHylte.jpg 2048w\" sizes=\"auto, (max-width: 300px) 100vw, 300px\" \/><\/a><\/p>\n","protected":false},"excerpt":{"rendered":"<p>Sedan n\u00e5gra \u00e5r tillbaka har Bergs jvk ett utbyte med Hylte-Unnaryds jvk. Sm\u00e5l\u00e4nningarna har kommit hit och varit med p\u00e5 J\u00e4mtl\u00e4nds \u00e4lgjakt och vi har \u00e5kt ner och varit med om jakt p\u00e5 r\u00e5djur och vildsvin. Personerna som \u00e5kt h\u00e4rifr\u00e5n har varit en kombination av medlemmar i styrelsen och en lottning av medlemmar som deltagit [&hellip;]<\/p>\n","protected":false},"author":79,"featured_media":0,"parent":0,"menu_order":0,"comment_status":"open","ping_status":"open","template":"","meta":{"footnotes":""},"class_list":["post-600","page","type-page","status-publish","hentry"],"_links":{"self":[{"href":"https:\/\/krets.jagareforbundet.se\/berg\/wp-json\/wp\/v2\/pages\/600","targetHints":{"allow":["GET"]}}],"collection":[{"href":"https:\/\/krets.jagareforbundet.se\/berg\/wp-json\/wp\/v2\/pages"}],"about":[{"href":"https:\/\/krets.jagareforbundet.se\/berg\/wp-json\/wp\/v2\/types\/page"}],"author":[{"embeddable":true,"href":"https:\/\/krets.jagareforbundet.se\/berg\/wp-json\/wp\/v2\/users\/79"}],"replies":[{"embeddable":true,"href":"https:\/\/krets.jagareforbundet.se\/berg\/wp-json\/wp\/v2\/comments?post=600"}],"version-history":[{"count":0,"href":"https:\/\/krets.jagareforbundet.se\/berg\/wp-json\/wp\/v2\/pages\/600\/revisions"}],"wp:attachment":[{"href":"https:\/\/krets.jagareforbundet.se\/berg\/wp-json\/wp\/v2\/media?parent=600"}],"curies":[{"name":"wp","href":"https:\/\/api.w.org\/{rel}","templated":true}]}}