{"id":217,"date":"2014-10-28T19:59:56","date_gmt":"2014-10-28T18:59:56","guid":{"rendered":"https:\/\/krets.jagareforbundet.se\/bollnas\/?page_id=217"},"modified":"2021-04-15T21:17:02","modified_gmt":"2021-04-15T19:17:02","slug":"jaqt","status":"publish","type":"page","link":"https:\/\/krets.jagareforbundet.se\/bollnas\/jaqt\/","title":{"rendered":"JAQT"},"content":{"rendered":"<p>N\u00e4tverket f\u00f6r kvinnor som jagar. N\u00e4tverket syftar bl.a till att hj\u00e4lpa och uppmuntra nya och blivande kvinnliga j\u00e4gare. Men naturligtvis ocks\u00e5 att sammanf\u00f6ra kvinnor med l\u00e5ng erfarenhet av jakt.<\/p>\n<p>Man betalar ingen avgift f\u00f6r att vara medlem, och man beh\u00f6ver heller inte vara medlem i J\u00e4garef\u00f6rbundet.\u00a0 Men vid jakter och aktiviteter vid kurs och jaktg\u00e5rden Sidertj\u00e4rn fordras medlemska i J\u00e4garef\u00f6rbundet och vid eftertraktade aktiviteter som lockar fler deltagare \u00e4n det finns platser prioriteras J\u00e4garef\u00f6rbundets medlemmar.<\/p>\n<p>Varje v\u00e5r skickas till medlemmarna i JAQT ett informationsblad d\u00e4r kretsarnas och l\u00e4nsf\u00f6rbundets planerade aktiviteter finns samlade. Bladet skickas innan de annonseras i Svensk Jakt Nyheter. Aktiviteterna best\u00e5r ofta av jakter och skytte men \u00e4ven av studiecirklar och kurser.<\/p>\n<p><span style=\"color: #333333;font-family: 'Georgia','serif';font-size: 10pt\">Samordnare f\u00f6r det kvinnliga jaktn\u00e4tverket JAQT i kretsen \u00e4r ordf\u00f6randen i kretsen.<\/span><\/p>\n<p>&nbsp;<\/p>\n<p>&nbsp;<\/p>\n","protected":false},"excerpt":{"rendered":"<p>N\u00e4tverket f\u00f6r kvinnor som jagar. N\u00e4tverket syftar bl.a till att hj\u00e4lpa och uppmuntra nya och blivande kvinnliga j\u00e4gare. Men naturligtvis ocks\u00e5 att sammanf\u00f6ra kvinnor med l\u00e5ng erfarenhet av jakt. Man betalar ingen avgift f\u00f6r att vara medlem, och man beh\u00f6ver heller inte vara medlem i J\u00e4garef\u00f6rbundet.\u00a0 Men vid jakter och aktiviteter vid kurs och jaktg\u00e5rden [&hellip;]<\/p>\n","protected":false},"author":211,"featured_media":231,"parent":0,"menu_order":0,"comment_status":"open","ping_status":"open","template":"","meta":{"footnotes":""},"class_list":["post-217","page","type-page","status-publish","has-post-thumbnail","hentry"],"_links":{"self":[{"href":"https:\/\/krets.jagareforbundet.se\/bollnas\/wp-json\/wp\/v2\/pages\/217","targetHints":{"allow":["GET"]}}],"collection":[{"href":"https:\/\/krets.jagareforbundet.se\/bollnas\/wp-json\/wp\/v2\/pages"}],"about":[{"href":"https:\/\/krets.jagareforbundet.se\/bollnas\/wp-json\/wp\/v2\/types\/page"}],"author":[{"embeddable":true,"href":"https:\/\/krets.jagareforbundet.se\/bollnas\/wp-json\/wp\/v2\/users\/211"}],"replies":[{"embeddable":true,"href":"https:\/\/krets.jagareforbundet.se\/bollnas\/wp-json\/wp\/v2\/comments?post=217"}],"version-history":[{"count":1,"href":"https:\/\/krets.jagareforbundet.se\/bollnas\/wp-json\/wp\/v2\/pages\/217\/revisions"}],"predecessor-version":[{"id":600,"href":"https:\/\/krets.jagareforbundet.se\/bollnas\/wp-json\/wp\/v2\/pages\/217\/revisions\/600"}],"wp:featuredmedia":[{"embeddable":true,"href":"https:\/\/krets.jagareforbundet.se\/bollnas\/wp-json\/wp\/v2\/media\/231"}],"wp:attachment":[{"href":"https:\/\/krets.jagareforbundet.se\/bollnas\/wp-json\/wp\/v2\/media?parent=217"}],"curies":[{"name":"wp","href":"https:\/\/api.w.org\/{rel}","templated":true}]}}