{"id":240,"date":"2014-11-04T19:47:13","date_gmt":"2014-11-04T18:47:13","guid":{"rendered":"https:\/\/krets.jagareforbundet.se\/bollnas\/?page_id=240"},"modified":"2015-03-30T20:32:40","modified_gmt":"2015-03-30T18:32:40","slug":"jagareforbundets-nyhetsbrev","status":"publish","type":"page","link":"https:\/\/krets.jagareforbundet.se\/bollnas\/jagareforbundets-nyhetsbrev\/","title":{"rendered":"J\u00e4garef\u00f6rbundets nyhetsbrev"},"content":{"rendered":"<p align=\"LEFT\"><span style=\"text-decoration: underline\">Ta del av J\u00e4garef\u00f6rbundet nyhetsbrev h\u00e4r:<\/span><\/p>\n<p align=\"LEFT\"><a href=\"https:\/\/krets.jagareforbundet.se\/bollnas\/files\/2015\/03\/Nyhetsbrev-nr-30-2015.pdf\">Nyhetsbrev nr 30 2015<\/a><\/p>\n<p align=\"LEFT\"><a href=\"https:\/\/krets.jagareforbundet.se\/bollnas\/files\/2015\/03\/Nyhetsbrev-nr-29-2015.pdf\">Nyhetsbrev nr 29 2015<\/a><\/p>\n<p align=\"LEFT\"><a href=\"https:\/\/krets.jagareforbundet.se\/bollnas\/files\/2015\/02\/Nyhetsbrev-nr-28-2015.pdf\">Nyhetsbrev nr 28 2015<\/a><\/p>\n<p align=\"LEFT\"><a href=\"https:\/\/krets.jagareforbundet.se\/bollnas\/files\/2015\/01\/Nyhetsbrev-nr-27-20141.pdf\">Nyhetsbrev nr 27 2014<\/a><\/p>\n<p align=\"LEFT\"><a href=\"https:\/\/krets.jagareforbundet.se\/bollnas\/files\/2014\/12\/Nyhetsbrev-26.pdf\">Nyhetsbrev 26<\/a>\u00a02014<\/p>\n<p align=\"LEFT\"><a href=\"https:\/\/krets.jagareforbundet.se\/bollnas\/files\/2014\/11\/Nyhetsbrev-nr-25.pdf\">Nyhetsbrev nr 25<\/a>\u00a02014<\/p>\n","protected":false},"excerpt":{"rendered":"<p>Ta del av J\u00e4garef\u00f6rbundet nyhetsbrev h\u00e4r: Nyhetsbrev nr 30 2015 Nyhetsbrev nr 29 2015 Nyhetsbrev nr 28 2015 Nyhetsbrev nr 27 2014 Nyhetsbrev 26\u00a02014 Nyhetsbrev nr 25\u00a02014<\/p>\n","protected":false},"author":211,"featured_media":276,"parent":0,"menu_order":0,"comment_status":"open","ping_status":"open","template":"","meta":{"footnotes":""},"class_list":["post-240","page","type-page","status-publish","has-post-thumbnail","hentry"],"_links":{"self":[{"href":"https:\/\/krets.jagareforbundet.se\/bollnas\/wp-json\/wp\/v2\/pages\/240","targetHints":{"allow":["GET"]}}],"collection":[{"href":"https:\/\/krets.jagareforbundet.se\/bollnas\/wp-json\/wp\/v2\/pages"}],"about":[{"href":"https:\/\/krets.jagareforbundet.se\/bollnas\/wp-json\/wp\/v2\/types\/page"}],"author":[{"embeddable":true,"href":"https:\/\/krets.jagareforbundet.se\/bollnas\/wp-json\/wp\/v2\/users\/211"}],"replies":[{"embeddable":true,"href":"https:\/\/krets.jagareforbundet.se\/bollnas\/wp-json\/wp\/v2\/comments?post=240"}],"version-history":[{"count":0,"href":"https:\/\/krets.jagareforbundet.se\/bollnas\/wp-json\/wp\/v2\/pages\/240\/revisions"}],"wp:featuredmedia":[{"embeddable":true,"href":"https:\/\/krets.jagareforbundet.se\/bollnas\/wp-json\/wp\/v2\/media\/276"}],"wp:attachment":[{"href":"https:\/\/krets.jagareforbundet.se\/bollnas\/wp-json\/wp\/v2\/media?parent=240"}],"curies":[{"name":"wp","href":"https:\/\/api.w.org\/{rel}","templated":true}]}}