{"id":366,"date":"2015-03-21T12:47:04","date_gmt":"2015-03-21T11:47:04","guid":{"rendered":"https:\/\/krets.jagareforbundet.se\/bollnas\/?page_id=366"},"modified":"2015-03-21T12:55:09","modified_gmt":"2015-03-21T11:55:09","slug":"etikseminarium-med-ligne-19-mars-2015","status":"publish","type":"page","link":"https:\/\/krets.jagareforbundet.se\/bollnas\/reportage-och-artiklar-2\/etikseminarium-med-ligne-19-mars-2015\/","title":{"rendered":"Etikseminarium 19 mars 2015"},"content":{"rendered":"<p><strong>Etik i jakten \u00e4r J\u00e4garef\u00f6rbundets projekt f\u00f6r att uppr\u00e4tth\u00e5lla god jaktetik bland f\u00f6rbundets medlemmar. J\u00e4garef\u00f6rbundet st\u00e4llde 2013 fr\u00e5gan till sina medlemmar: Vilka sakfr\u00e5gor m\u00e5ste vi prioritera i framtiden? Svaret fr\u00e5n medlemmarna var tydligt. P\u00e5 f\u00f6rsta plats kom \u201detiken\u201d. Bolln\u00e4s Jaktv\u00e5rdskrets f\u00f6ljde upp det sp\u00e5ret med ett v\u00e4lbes\u00f6kt arrangemang i Bolln\u00e4s Folkh\u00f6gskolas stora h\u00f6rsal\u00a019 mars.<\/strong><\/p>\n<p>\u2013 Vi har st\u00e4ndigt \u00f6gonen p\u00e5 oss n\u00e4r vi jagar. Att bedriva en etiskt riktig jakt \u00e4r det viktigaste f\u00f6r att kunna beh\u00e5lla en h\u00f6g acceptans f\u00f6r jakt fr\u00e5n samh\u00e4llet samt att kunna bedriva den jakt vi \u00f6nskar \u00e4ven i framtiden, menade Daniel Lign\u00e9, Riksjaktv\u00e5rdskonsulent och inbjuden f\u00f6rel\u00e4sare av Bolln\u00e4s Jaktv\u00e5rdskrets.<\/p>\n<p>Projekt Etik i jaktens syfte \u00e4r att beh\u00e5lla jaktlagens \u201dfrihet under ansvar\u201d och s\u00e4kerst\u00e4lla samh\u00e4llets acceptans f\u00f6r jakt.<\/p>\n<p>\u2013 I Sverige \u00e4r j\u00e4garna lyckligt lottade. Vi har kanske v\u00e4rldens b\u00e4sta jaktlagstiftning och jakten\u00a0som f\u00f6reteelse\u00a0har mycket h\u00f6g acceptans bland medborgarna. Detta m\u00e5ste vi vara r\u00e4dda om och forts\u00e4tta visa att det vi g\u00f6r \u00e4r bra.<\/p>\n<p>Det finns de som inte sk\u00f6ter sig \u2013 men de \u00e4r en minoritet. Seminariet tycktes vara helt eniga om att alla j\u00e4gare i f\u00f6rbundet har ett stort gemensamt ansvar att verka f\u00f6r samma m\u00e5ls\u00e4ttningar: V\u00e4rna jaktlagens intentioner och forts\u00e4tta upptr\u00e4da s\u00e5 att acceptansen bibeh\u00e5lls eller \u00f6kar.<\/p>\n<p>\u2013 Ett mycket lyckat seminarium tyckte Berit Bodin, ordf\u00f6rande i Bolln\u00e4skretsen och arrang\u00f6r. Vi lyckades locka drygt 80 j\u00e4gare till denna angel\u00e4gna kv\u00e4ll.<\/p>\n<p>Kv\u00e4llen avslutades med en paneldiskussion d\u00e4r inbjudna nyckelpersoner svarade p\u00e5 fr\u00e5gor om bland annat sociala medier, ny teknik och r\u00e4ttsfr\u00e5gor.<\/p>\n<p>&nbsp;<\/p>\n<div id=\"attachment_359\" style=\"width: 310px\" class=\"wp-caption alignnone\"><a href=\"https:\/\/krets.jagareforbundet.se\/bollnas\/files\/2015\/03\/IMG_3387.jpg\"><img loading=\"lazy\" decoding=\"async\" aria-describedby=\"caption-attachment-359\" class=\"size-medium wp-image-359\" src=\"https:\/\/krets.jagareforbundet.se\/bollnas\/files\/2015\/03\/IMG_3387-300x225.jpg\" alt=\"Mer \u00e4n 80 deltagare lysnnade p\u00e5 Daniel Lign\u00e9.\" width=\"300\" height=\"225\" srcset=\"https:\/\/krets.jagareforbundet.se\/bollnas\/files\/2015\/03\/IMG_3387-300x225.jpg 300w, https:\/\/krets.jagareforbundet.se\/bollnas\/files\/2015\/03\/IMG_3387-1024x768.jpg 1024w\" sizes=\"auto, (max-width: 300px) 100vw, 300px\" \/><\/a><p id=\"caption-attachment-359\" class=\"wp-caption-text\">Mer \u00e4n 80 deltagare lysnnade p\u00e5 Daniel Lign\u00e9.<\/p><\/div>\n<div id=\"attachment_367\" style=\"width: 310px\" class=\"wp-caption alignnone\"><a href=\"https:\/\/krets.jagareforbundet.se\/bollnas\/files\/2015\/03\/DSC_4818.jpg\"><img loading=\"lazy\" decoding=\"async\" aria-describedby=\"caption-attachment-367\" class=\"size-medium wp-image-367\" src=\"https:\/\/krets.jagareforbundet.se\/bollnas\/files\/2015\/03\/DSC_4818-300x201.jpg\" alt=\"Sakfr\u00e5gorna f\u00f6r framtiden i J\u00e4garef\u00f6rbundet - om medlemmarna f\u00e5r best\u00e4mma.\" width=\"300\" height=\"201\" srcset=\"https:\/\/krets.jagareforbundet.se\/bollnas\/files\/2015\/03\/DSC_4818-300x201.jpg 300w, https:\/\/krets.jagareforbundet.se\/bollnas\/files\/2015\/03\/DSC_4818-1024x685.jpg 1024w\" sizes=\"auto, (max-width: 300px) 100vw, 300px\" \/><\/a><p id=\"caption-attachment-367\" class=\"wp-caption-text\">Sakfr\u00e5gorna f\u00f6r framtiden i J\u00e4garef\u00f6rbundet &#8211; om medlemmarna f\u00e5r best\u00e4mma.<\/p><\/div>\n","protected":false},"excerpt":{"rendered":"<p>Etik i jakten \u00e4r J\u00e4garef\u00f6rbundets projekt f\u00f6r att uppr\u00e4tth\u00e5lla god jaktetik bland f\u00f6rbundets medlemmar. J\u00e4garef\u00f6rbundet st\u00e4llde 2013 fr\u00e5gan till sina medlemmar: Vilka sakfr\u00e5gor m\u00e5ste vi prioritera i framtiden? Svaret fr\u00e5n medlemmarna var tydligt. P\u00e5 f\u00f6rsta plats kom \u201detiken\u201d. Bolln\u00e4s Jaktv\u00e5rdskrets f\u00f6ljde upp det sp\u00e5ret med ett v\u00e4lbes\u00f6kt arrangemang i Bolln\u00e4s Folkh\u00f6gskolas stora h\u00f6rsal\u00a019 mars. \u2013 [&hellip;]<\/p>\n","protected":false},"author":211,"featured_media":360,"parent":365,"menu_order":0,"comment_status":"open","ping_status":"open","template":"","meta":{"footnotes":""},"class_list":["post-366","page","type-page","status-publish","has-post-thumbnail","hentry"],"_links":{"self":[{"href":"https:\/\/krets.jagareforbundet.se\/bollnas\/wp-json\/wp\/v2\/pages\/366","targetHints":{"allow":["GET"]}}],"collection":[{"href":"https:\/\/krets.jagareforbundet.se\/bollnas\/wp-json\/wp\/v2\/pages"}],"about":[{"href":"https:\/\/krets.jagareforbundet.se\/bollnas\/wp-json\/wp\/v2\/types\/page"}],"author":[{"embeddable":true,"href":"https:\/\/krets.jagareforbundet.se\/bollnas\/wp-json\/wp\/v2\/users\/211"}],"replies":[{"embeddable":true,"href":"https:\/\/krets.jagareforbundet.se\/bollnas\/wp-json\/wp\/v2\/comments?post=366"}],"version-history":[{"count":0,"href":"https:\/\/krets.jagareforbundet.se\/bollnas\/wp-json\/wp\/v2\/pages\/366\/revisions"}],"up":[{"embeddable":true,"href":"https:\/\/krets.jagareforbundet.se\/bollnas\/wp-json\/wp\/v2\/pages\/365"}],"wp:featuredmedia":[{"embeddable":true,"href":"https:\/\/krets.jagareforbundet.se\/bollnas\/wp-json\/wp\/v2\/media\/360"}],"wp:attachment":[{"href":"https:\/\/krets.jagareforbundet.se\/bollnas\/wp-json\/wp\/v2\/media?parent=366"}],"curies":[{"name":"wp","href":"https:\/\/api.w.org\/{rel}","templated":true}]}}