{"id":390,"date":"2015-05-23T16:02:47","date_gmt":"2015-05-23T14:02:47","guid":{"rendered":"https:\/\/krets.jagareforbundet.se\/bollnas\/?page_id=390"},"modified":"2017-06-01T15:47:03","modified_gmt":"2017-06-01T13:47:03","slug":"vildsvinsutbildning-i-forsmark","status":"publish","type":"page","link":"https:\/\/krets.jagareforbundet.se\/bollnas\/reportage-och-artiklar-2\/vildsvinsutbildning-i-forsmark\/","title":{"rendered":"Vildsvinsutbildning i Forsmark 22 maj 2015"},"content":{"rendered":"<p><strong>En vildsvinskurs med teori och praktik anordnades 22 maj 2015 p\u00e5 Forsmarks Bruk i Uppland av J\u00e4garef\u00f6rbundet Region Mitt. Till kursen \u00e5kte sammanlag 18 j\u00e4gare fr\u00e5n G\u00e4vleborg varav 8 ungdomar &#8211; somliga uppsiktsjagande.<\/strong><\/p>\n<p>Resan till Forsmark var fr\u00e5n b\u00f6rjan ett initiativ fr\u00e5n Bolln\u00e4s jaktv\u00e5rdskrets. Men d\u00e5 intresset fr\u00e5n kretsens j\u00e4gare visade sig l\u00e5gt s\u00e5g l\u00e4nsf\u00f6rbundet till att fylla kursens resterande platser; samt\u00a0erbjuda ungdomar plats\u00a0f\u00f6r jakt under uppsikt eller endast sitta med.<\/p>\n<p>Samtliga j\u00e4gare betraktade kursen som f\u00f6rberedande\u00a0d\u00e5 vildsvinen l\u00e5ngsamt tycks sprida sig norrut.<\/p>\n<p>&#8211; Att vi lyckats f\u00e5 med s\u00e5 m\u00e5nga ungdomar p\u00e5 denna kurs \u00e4r bra. Det \u00e4r viktigt att de l\u00e4r sig jaga vildsvin. Inom \u00f6versk\u00e5dlig framtid har vi sannolikt en livskraftig vildsvinsstam \u00e4ven hos oss, sa Ulf Krantz fr\u00e5n Delsbo.<\/p>\n<p>Stefan Holm, l\u00e4nsansvarig jaktv\u00e5rdskonsulent i Uppsala l\u00e4n, h\u00f6ll i dagen med teori och praktik samt \u00f6vningsskytte p\u00e5 bana. Stefan var \u00e4ven nattens jaktledare d\u00e5 kursdeltagarna fick till\u00e4mpa sina nya kunskaper i verkligheten.<\/p>\n<p>Innan skyttarna placerades ut i vaktornen p\u00e5minde han om vildsvinsjaktens gyllene regel.<\/p>\n<p>&#8211; Skjut inte det f\u00f6rsta djuret i en annalkande grupp. Skjut inte det st\u00f6rsta djuret i en grupp. Var f\u00f6rsiktig och bed\u00f6m alltid noga ensamma djur innan skott avlossas.<\/p>\n<p>Sammanlagt sk\u00f6ts tre vildsvin. Och n\u00e4r kv\u00e4llens vakjakt summerades vid midnatt utanf\u00f6r slaktladan hade n\u00e4stan 50 vildsvin observerats.<\/p>\n<p>&#8211; Ni har varit duktiga och l\u00e4raktiga. Inga felskjutningar. Inga skadeskjutningar och fler har l\u00e5tit djuren g\u00e5 f\u00f6r att djurets k\u00f6n eller \u00e5lder inte s\u00e4kert kunnat fastst\u00e4llas. Exemplariskt! S\u00e5 summerade Stefan Holm dagen och gruppens prestation.<\/p>\n<p>Text och foto: Lars \u00c5sberg<\/p>\n<p>&nbsp;<\/p>\n<div id=\"attachment_392\" style=\"width: 310px\" class=\"wp-caption alignnone\"><a href=\"https:\/\/krets.jagareforbundet.se\/bollnas\/files\/2015\/05\/DSC_5038.jpg\"><img loading=\"lazy\" decoding=\"async\" aria-describedby=\"caption-attachment-392\" class=\"size-medium wp-image-392\" src=\"https:\/\/krets.jagareforbundet.se\/bollnas\/files\/2015\/05\/DSC_5038-300x201.jpg\" alt=\"P\u00e5 skjutbanan. Ungdomar och vuxna f\u00e5r instruktion och jaktv\u00e5rdskonsulent Stefan Holm.\" width=\"300\" height=\"201\" srcset=\"https:\/\/krets.jagareforbundet.se\/bollnas\/files\/2015\/05\/DSC_5038-300x201.jpg 300w, https:\/\/krets.jagareforbundet.se\/bollnas\/files\/2015\/05\/DSC_5038-1024x685.jpg 1024w\" sizes=\"auto, (max-width: 300px) 100vw, 300px\" \/><\/a><p id=\"caption-attachment-392\" class=\"wp-caption-text\">P\u00e5 skjutbanan. Ungdomar och vuxna f\u00e5r instruktion och jaktv\u00e5rdskonsulent Stefan Holm.<\/p><\/div>\n<div id=\"attachment_393\" style=\"width: 310px\" class=\"wp-caption alignnone\"><a href=\"https:\/\/krets.jagareforbundet.se\/bollnas\/files\/2015\/05\/DSC_5043.jpg\"><img loading=\"lazy\" decoding=\"async\" aria-describedby=\"caption-attachment-393\" class=\"size-medium wp-image-393\" src=\"https:\/\/krets.jagareforbundet.se\/bollnas\/files\/2015\/05\/DSC_5043-300x201.jpg\" alt=\"Skjutning p\u00e5 fri hand, med k\u00e4pp och i skjutb\u00e4nk testades. Resultaten illustrerade v\u00e4l vikten av att ta s\u00e5 mycket hj\u00e4lp (st\u00f6d) det g\u00e5r innan skott.\" width=\"300\" height=\"201\" srcset=\"https:\/\/krets.jagareforbundet.se\/bollnas\/files\/2015\/05\/DSC_5043-300x201.jpg 300w, https:\/\/krets.jagareforbundet.se\/bollnas\/files\/2015\/05\/DSC_5043-1024x685.jpg 1024w\" sizes=\"auto, (max-width: 300px) 100vw, 300px\" \/><\/a><p id=\"caption-attachment-393\" class=\"wp-caption-text\">Skjutning p\u00e5 fri hand, med k\u00e4pp och i skjutb\u00e4nk testades. Resultaten illustrerade v\u00e4l vikten av att ta s\u00e5 mycket hj\u00e4lp (st\u00f6d) det g\u00e5r innan skott.<\/p><\/div>\n<div id=\"attachment_394\" style=\"width: 310px\" class=\"wp-caption alignnone\"><a href=\"https:\/\/krets.jagareforbundet.se\/bollnas\/files\/2015\/05\/DSC_5055.jpg\"><img loading=\"lazy\" decoding=\"async\" aria-describedby=\"caption-attachment-394\" class=\"size-medium wp-image-394\" src=\"https:\/\/krets.jagareforbundet.se\/bollnas\/files\/2015\/05\/DSC_5055-300x201.jpg\" alt=\"Foderspridare aktiverad. Majs sprids.\" width=\"300\" height=\"201\" srcset=\"https:\/\/krets.jagareforbundet.se\/bollnas\/files\/2015\/05\/DSC_5055-300x201.jpg 300w, https:\/\/krets.jagareforbundet.se\/bollnas\/files\/2015\/05\/DSC_5055-1024x685.jpg 1024w\" sizes=\"auto, (max-width: 300px) 100vw, 300px\" \/><\/a><p id=\"caption-attachment-394\" class=\"wp-caption-text\">Foderspridare aktiverad. Majs sprids.<\/p><\/div>\n<div id=\"attachment_395\" style=\"width: 310px\" class=\"wp-caption alignnone\"><a href=\"https:\/\/krets.jagareforbundet.se\/bollnas\/files\/2015\/05\/DSC_5060.jpg\"><img loading=\"lazy\" decoding=\"async\" aria-describedby=\"caption-attachment-395\" class=\"size-medium wp-image-395\" src=\"https:\/\/krets.jagareforbundet.se\/bollnas\/files\/2015\/05\/DSC_5060-300x201.jpg\" alt=\"Samtliga uppsiktsjagande ungdomar samlade innan kv\u00e4llens jakt.\" width=\"300\" height=\"201\" srcset=\"https:\/\/krets.jagareforbundet.se\/bollnas\/files\/2015\/05\/DSC_5060-300x201.jpg 300w, https:\/\/krets.jagareforbundet.se\/bollnas\/files\/2015\/05\/DSC_5060-1024x685.jpg 1024w\" sizes=\"auto, (max-width: 300px) 100vw, 300px\" \/><\/a><p id=\"caption-attachment-395\" class=\"wp-caption-text\">Samtliga uppsiktsjagande ungdomar samlade innan kv\u00e4llens jakt.<\/p><\/div>\n<div id=\"attachment_399\" style=\"width: 310px\" class=\"wp-caption alignnone\"><a href=\"https:\/\/krets.jagareforbundet.se\/bollnas\/files\/2015\/05\/DSC_5071.jpg\"><img loading=\"lazy\" decoding=\"async\" aria-describedby=\"caption-attachment-399\" class=\"size-medium wp-image-399\" src=\"https:\/\/krets.jagareforbundet.se\/bollnas\/files\/2015\/05\/DSC_5071-300x201.jpg\" alt=\"Utsikt mot en av \u00e5telplatserna.\" width=\"300\" height=\"201\" srcset=\"https:\/\/krets.jagareforbundet.se\/bollnas\/files\/2015\/05\/DSC_5071-300x201.jpg 300w, https:\/\/krets.jagareforbundet.se\/bollnas\/files\/2015\/05\/DSC_5071-1024x685.jpg 1024w\" sizes=\"auto, (max-width: 300px) 100vw, 300px\" \/><\/a><p id=\"caption-attachment-399\" class=\"wp-caption-text\">Utsikt mot en av \u00e5telplatserna.<\/p><\/div>\n<div id=\"attachment_396\" style=\"width: 310px\" class=\"wp-caption alignnone\"><a href=\"https:\/\/krets.jagareforbundet.se\/bollnas\/files\/2015\/05\/DSC_5080.jpg\"><img loading=\"lazy\" decoding=\"async\" aria-describedby=\"caption-attachment-396\" class=\"size-medium wp-image-396\" src=\"https:\/\/krets.jagareforbundet.se\/bollnas\/files\/2015\/05\/DSC_5080-300x201.jpg\" alt=\"Gott resultat. Efter 35 meters efters\u00f6k fann efters\u00f6ksekipaget Ulf Krantz galt. Ett v\u00e4lriktat skott.\" width=\"300\" height=\"201\" srcset=\"https:\/\/krets.jagareforbundet.se\/bollnas\/files\/2015\/05\/DSC_5080-300x201.jpg 300w, https:\/\/krets.jagareforbundet.se\/bollnas\/files\/2015\/05\/DSC_5080-1024x685.jpg 1024w\" sizes=\"auto, (max-width: 300px) 100vw, 300px\" \/><\/a><p id=\"caption-attachment-396\" class=\"wp-caption-text\">Gott resultat. Efter 35 meters efters\u00f6k fann efters\u00f6ksekipaget Ulf Krantz galt. Ett v\u00e4lriktat skott.<\/p><\/div>\n<p>&nbsp;<\/p>\n<div id=\"attachment_398\" style=\"width: 310px\" class=\"wp-caption alignnone\"><a href=\"https:\/\/krets.jagareforbundet.se\/bollnas\/files\/2015\/05\/DSC_5030.jpg\"><img loading=\"lazy\" decoding=\"async\" aria-describedby=\"caption-attachment-398\" class=\"size-medium wp-image-398\" src=\"https:\/\/krets.jagareforbundet.se\/bollnas\/files\/2015\/05\/DSC_5030-300x201.jpg\" alt=\"Ulf Krantz i mitten, utbildningsansvarig i l\u00e4nsf\u00f6rbundet, var n\u00f6jd med utbildningen.\" width=\"300\" height=\"201\" srcset=\"https:\/\/krets.jagareforbundet.se\/bollnas\/files\/2015\/05\/DSC_5030-300x201.jpg 300w, https:\/\/krets.jagareforbundet.se\/bollnas\/files\/2015\/05\/DSC_5030-1024x685.jpg 1024w\" sizes=\"auto, (max-width: 300px) 100vw, 300px\" \/><\/a><p id=\"caption-attachment-398\" class=\"wp-caption-text\">Ulf Krantz i mitten, utbildningsansvarig i l\u00e4nsf\u00f6rbundet, var n\u00f6jd med utbildningen.<\/p><\/div>\n","protected":false},"excerpt":{"rendered":"<p>En vildsvinskurs med teori och praktik anordnades 22 maj 2015 p\u00e5 Forsmarks Bruk i Uppland av J\u00e4garef\u00f6rbundet Region Mitt. Till kursen \u00e5kte sammanlag 18 j\u00e4gare fr\u00e5n G\u00e4vleborg varav 8 ungdomar &#8211; somliga uppsiktsjagande. Resan till Forsmark var fr\u00e5n b\u00f6rjan ett initiativ fr\u00e5n Bolln\u00e4s jaktv\u00e5rdskrets. Men d\u00e5 intresset fr\u00e5n kretsens j\u00e4gare visade sig l\u00e5gt s\u00e5g l\u00e4nsf\u00f6rbundet [&hellip;]<\/p>\n","protected":false},"author":211,"featured_media":391,"parent":365,"menu_order":0,"comment_status":"open","ping_status":"open","template":"","meta":{"footnotes":""},"class_list":["post-390","page","type-page","status-publish","has-post-thumbnail","hentry"],"_links":{"self":[{"href":"https:\/\/krets.jagareforbundet.se\/bollnas\/wp-json\/wp\/v2\/pages\/390","targetHints":{"allow":["GET"]}}],"collection":[{"href":"https:\/\/krets.jagareforbundet.se\/bollnas\/wp-json\/wp\/v2\/pages"}],"about":[{"href":"https:\/\/krets.jagareforbundet.se\/bollnas\/wp-json\/wp\/v2\/types\/page"}],"author":[{"embeddable":true,"href":"https:\/\/krets.jagareforbundet.se\/bollnas\/wp-json\/wp\/v2\/users\/211"}],"replies":[{"embeddable":true,"href":"https:\/\/krets.jagareforbundet.se\/bollnas\/wp-json\/wp\/v2\/comments?post=390"}],"version-history":[{"count":0,"href":"https:\/\/krets.jagareforbundet.se\/bollnas\/wp-json\/wp\/v2\/pages\/390\/revisions"}],"up":[{"embeddable":true,"href":"https:\/\/krets.jagareforbundet.se\/bollnas\/wp-json\/wp\/v2\/pages\/365"}],"wp:featuredmedia":[{"embeddable":true,"href":"https:\/\/krets.jagareforbundet.se\/bollnas\/wp-json\/wp\/v2\/media\/391"}],"wp:attachment":[{"href":"https:\/\/krets.jagareforbundet.se\/bollnas\/wp-json\/wp\/v2\/media?parent=390"}],"curies":[{"name":"wp","href":"https:\/\/api.w.org\/{rel}","templated":true}]}}