{"id":413,"date":"2015-08-03T21:40:07","date_gmt":"2015-08-03T19:40:07","guid":{"rendered":"https:\/\/krets.jagareforbundet.se\/bollnas\/?page_id=413"},"modified":"2015-08-03T21:46:06","modified_gmt":"2015-08-03T19:46:06","slug":"jagarskolan-med-annorlunda-koncept","status":"publish","type":"page","link":"https:\/\/krets.jagareforbundet.se\/bollnas\/reportage-och-artiklar-2\/jagarskolan-med-annorlunda-koncept\/","title":{"rendered":"J\u00e4garskolan med annorlunda koncept"},"content":{"rendered":"<p><strong>F\u00f6rsta helgen i augusti anordnade Bolln\u00e4skretsen ett tv\u00e5dagars praktiskt-teoretiskt seminarium p\u00e5 temat J\u00e4garskolan. Seminariet lockade tolv deltagare \u2013 de flesta fr\u00e5n kretsen. <\/strong><\/p>\n<p>Gemensamt f\u00f6r samtliga deltagare var att de valt att l\u00e4sa kursen p\u00e5 egen hand i den takt som passar var och en. Hela l\u00f6rdagen f\u00f6rlades till Studiefr\u00e4mjandets lokaler i Bolln\u00e4s d\u00e4r den teoretiska delen av J\u00e4garskolan ber\u00f6rdes.<\/p>\n<p>S\u00f6ndagen tillbringades p\u00e5 skjutbanan i Erikn\u00e4sbo d\u00e4r erfarna instrukt\u00f6rer varvade teori och praktik.<\/p>\n<p>&#8211; Syftet med arrangemanget \u00e4r att v\u00e4gleda deltagarna p\u00e5 sin resa till J\u00e4garexamen och blivande j\u00e4gare, s\u00e4ger kretsens ungdomsansvarige Stefan Persson. Detta \u00e4r inte den traditionella kursen. Man skall se det som en v\u00e4gledning och en m\u00f6jlighet att tr\u00e4ffa kunnigt folk och andra som valt att l\u00e4sa kursen p\u00e5 egen hand. Ett nytt koncept helt enkelt.<\/p>\n<p>I h\u00f6st skall kretsens nya koncept utv\u00e4rderas och m\u00e5ls\u00e4ttningen \u00e4r att kunna tillhandah\u00e5lla detta helgseminarium \u00e5tminstone en g\u00e5ng per \u00e5r.<\/p>\n<div id=\"attachment_409\" style=\"width: 310px\" class=\"wp-caption alignnone\"><a href=\"https:\/\/krets.jagareforbundet.se\/bollnas\/files\/2015\/08\/DSCN18061.jpg\"><img loading=\"lazy\" decoding=\"async\" aria-describedby=\"caption-attachment-409\" class=\"size-medium wp-image-409\" src=\"https:\/\/krets.jagareforbundet.se\/bollnas\/files\/2015\/08\/DSCN18061-300x225.jpg\" alt=\"Stefan Person, Bolln\u00e4skretsens ungdomsansvarige instruerar olika skjutst\u00e4llningar inf\u00f6r skytte med 22lr.\" width=\"300\" height=\"225\" srcset=\"https:\/\/krets.jagareforbundet.se\/bollnas\/files\/2015\/08\/DSCN18061-300x225.jpg 300w, https:\/\/krets.jagareforbundet.se\/bollnas\/files\/2015\/08\/DSCN18061-1024x768.jpg 1024w\" sizes=\"auto, (max-width: 300px) 100vw, 300px\" \/><\/a><p id=\"caption-attachment-409\" class=\"wp-caption-text\">Stefan Person, Bolln\u00e4skretsens ungdomsansvarige instruerar olika skjutst\u00e4llningar inf\u00f6r skytte med 22lr.<\/p><\/div>\n<div id=\"attachment_411\" style=\"width: 310px\" class=\"wp-caption alignnone\"><a href=\"https:\/\/krets.jagareforbundet.se\/bollnas\/files\/2015\/08\/DSCN18201.jpg\"><img loading=\"lazy\" decoding=\"async\" aria-describedby=\"caption-attachment-411\" class=\"size-medium wp-image-411\" src=\"https:\/\/krets.jagareforbundet.se\/bollnas\/files\/2015\/08\/DSCN18201-300x225.jpg\" alt=\"CG Sm\u00e5l\u00e4nning beskriver m\u00e5lbild, anl\u00e4ggning och avfyrning p\u00e5 Bolln\u00e4s Jaktskytteklubbs lerduvebana i Erikn\u00e4sbo.\" width=\"300\" height=\"225\" srcset=\"https:\/\/krets.jagareforbundet.se\/bollnas\/files\/2015\/08\/DSCN18201-300x225.jpg 300w, https:\/\/krets.jagareforbundet.se\/bollnas\/files\/2015\/08\/DSCN18201-1024x768.jpg 1024w\" sizes=\"auto, (max-width: 300px) 100vw, 300px\" \/><\/a><p id=\"caption-attachment-411\" class=\"wp-caption-text\">CG Sm\u00e5l\u00e4nning beskriver m\u00e5lbild, anl\u00e4ggning och avfyrning p\u00e5 Bolln\u00e4s Jaktskytteklubbs lerduvebana i Erikn\u00e4sbo.<\/p><\/div>\n<div id=\"attachment_410\" style=\"width: 310px\" class=\"wp-caption alignnone\"><a href=\"https:\/\/krets.jagareforbundet.se\/bollnas\/files\/2015\/08\/DSCN18121.jpg\"><img loading=\"lazy\" decoding=\"async\" aria-describedby=\"caption-attachment-410\" class=\"size-medium wp-image-410\" src=\"https:\/\/krets.jagareforbundet.se\/bollnas\/files\/2015\/08\/DSCN18121-300x225.jpg\" alt=\"P\u00e5 skjutbanan delades de tolv deltagarna i tre grupper och varvade teori med praktik. \" width=\"300\" height=\"225\" srcset=\"https:\/\/krets.jagareforbundet.se\/bollnas\/files\/2015\/08\/DSCN18121-300x225.jpg 300w, https:\/\/krets.jagareforbundet.se\/bollnas\/files\/2015\/08\/DSCN18121-1024x768.jpg 1024w\" sizes=\"auto, (max-width: 300px) 100vw, 300px\" \/><\/a><p id=\"caption-attachment-410\" class=\"wp-caption-text\">P\u00e5 skjutbanan delades de tolv deltagarna i tre grupper och varvade teori med praktik.<\/p><\/div>\n","protected":false},"excerpt":{"rendered":"<p>F\u00f6rsta helgen i augusti anordnade Bolln\u00e4skretsen ett tv\u00e5dagars praktiskt-teoretiskt seminarium p\u00e5 temat J\u00e4garskolan. Seminariet lockade tolv deltagare \u2013 de flesta fr\u00e5n kretsen. Gemensamt f\u00f6r samtliga deltagare var att de valt att l\u00e4sa kursen p\u00e5 egen hand i den takt som passar var och en. Hela l\u00f6rdagen f\u00f6rlades till Studiefr\u00e4mjandets lokaler i Bolln\u00e4s d\u00e4r den teoretiska [&hellip;]<\/p>\n","protected":false},"author":211,"featured_media":412,"parent":365,"menu_order":0,"comment_status":"open","ping_status":"open","template":"","meta":{"footnotes":""},"class_list":["post-413","page","type-page","status-publish","has-post-thumbnail","hentry"],"_links":{"self":[{"href":"https:\/\/krets.jagareforbundet.se\/bollnas\/wp-json\/wp\/v2\/pages\/413","targetHints":{"allow":["GET"]}}],"collection":[{"href":"https:\/\/krets.jagareforbundet.se\/bollnas\/wp-json\/wp\/v2\/pages"}],"about":[{"href":"https:\/\/krets.jagareforbundet.se\/bollnas\/wp-json\/wp\/v2\/types\/page"}],"author":[{"embeddable":true,"href":"https:\/\/krets.jagareforbundet.se\/bollnas\/wp-json\/wp\/v2\/users\/211"}],"replies":[{"embeddable":true,"href":"https:\/\/krets.jagareforbundet.se\/bollnas\/wp-json\/wp\/v2\/comments?post=413"}],"version-history":[{"count":0,"href":"https:\/\/krets.jagareforbundet.se\/bollnas\/wp-json\/wp\/v2\/pages\/413\/revisions"}],"up":[{"embeddable":true,"href":"https:\/\/krets.jagareforbundet.se\/bollnas\/wp-json\/wp\/v2\/pages\/365"}],"wp:featuredmedia":[{"embeddable":true,"href":"https:\/\/krets.jagareforbundet.se\/bollnas\/wp-json\/wp\/v2\/media\/412"}],"wp:attachment":[{"href":"https:\/\/krets.jagareforbundet.se\/bollnas\/wp-json\/wp\/v2\/media?parent=413"}],"curies":[{"name":"wp","href":"https:\/\/api.w.org\/{rel}","templated":true}]}}