{"id":553,"date":"2017-04-04T21:31:15","date_gmt":"2017-04-04T19:31:15","guid":{"rendered":"https:\/\/krets.jagareforbundet.se\/bollnas\/?page_id=553"},"modified":"2017-04-04T21:42:44","modified_gmt":"2017-04-04T19:42:44","slug":"lansarsstamma-2017-pa-folkhogskolan-i-bollnas","status":"publish","type":"page","link":"https:\/\/krets.jagareforbundet.se\/bollnas\/reportage-och-artiklar-2\/lansarsstamma-2017-pa-folkhogskolan-i-bollnas\/","title":{"rendered":"L\u00e4ns\u00e5rsst\u00e4mma 2017 p\u00e5 Folkh\u00f6gskolan i Bolln\u00e4s"},"content":{"rendered":"<p><strong><div class=\"woo-fbshare left\"><div class=\"fb-share-button\" data-href=\"https:\/\/krets.jagareforbundet.se\/bollnas\/reportage-och-artiklar-2\/lansarsstamma-2017-pa-folkhogskolan-i-bollnas\/\" data-width=\"100\" data-type=\"button\"><\/div><\/div> \r\n<div class=\"woo-fblike none\">\r\n<iframe src=\"https:\/\/www.facebook.com\/plugins\/like.php?href=https:\/\/krets.jagareforbundet.se\/bollnas\/reportage-och-artiklar-2\/lansarsstamma-2017-pa-folkhogskolan-i-bollnas\/&#038;layout=standard&#038;show_faces=false&#038;width=450&#038;action=like&#038;colorscheme=light&#038;font=arial&#038;locale=en_US\" frameborder=\"0\" allowTransparency=\"true\" style=\"border:none; overflow:hidden; width:auto; height:25px;\"><\/iframe>\r\n<\/div>\r\n\t Visdomsord fr\u00e5n en avg\u00e5ende f\u00f6rbundsordf\u00f6rande, f\u00f6rtj\u00e4nstmedaljering och sedvanliga \u00e5rsm\u00f6tesprocedurer. Svenska J\u00e4garef\u00f6rbundet G\u00e4vleborg h\u00f6ll \u00e5rsm\u00f6te p\u00e5 Folkh\u00f6gskolan i Bolln\u00e4s den 1 april och Bj\u00f6rn Spr\u00e4ngare var \u00e5rets g\u00e4st fr\u00e5n f\u00f6rbundsstyrelsen. Fr\u00e5n Bolln\u00e4s Jaktv\u00e5rdskrets deltog sju av styrelsen utsedda\u00a0delegater i l\u00e4ns\u00e5rsst\u00e4mman.<\/strong><\/p>\n<p>Jag k\u00e4nner mig lite extra talf\u00f6r sa avg\u00e5ende Bj\u00f6rn Spr\u00e4ngare och syftade p\u00e5 sin frispr\u00e5kighet innan tiden som ordf\u00f6rande p\u00e5 J\u00e4garef\u00f6rbundet \u00e4r \u00f6ver.\u00a0\u00c5ret som g\u00e5tt har lett till flera framg\u00e5ngar menade han.<\/p>\n<p>-Vi har numera en ekonomi i balans som g\u00f6r att vi kan b\u00f6rja satsa, och jag \u00e4r mycket n\u00f6jd med det vi \u00e5stadkommer i rovdjursfr\u00e5gan.<\/p>\n<p>Men n\u00e4r Spr\u00e4ngare tog upp vargfr\u00e5gan beskrev han ett bekymmer.<\/p>\n<p>-Vargjakten handlar inte endast om jakt efter ett stort rovdjur som st\u00e4ller till problem. Vargjakten illustrerar ocks\u00e5 n\u00e5got st\u00f6rre n\u00e4mligen ett skadat f\u00f6rtroende f\u00f6r r\u00e4ttsstaten. Regering och riksdag har ju fattat sina beslut i korrekt demokratisk ordning. Men jakten kommer ju knappt ig\u00e5ng! Det som sker nu, \u00e4r det ett anst\u00e4ndigt s\u00e4tt att hantera fr\u00e5gan&#8230;?<\/p>\n<p>Publiken nickade inst\u00e4mmande och lyssnade intresserat.<\/p>\n<p>Fler medlemmar och etik i jakten blir framtidsfr\u00e5gor i f\u00f6rbundet om den avg\u00e5ende ordf\u00f6rande sp\u00e5r r\u00e4tt.<\/p>\n<p>&#8211; Vi beh\u00f6ver f\u00f6rnya oss och vara i takt med tiden. Vi m\u00e5ste bli fler. Nya kommunikationskanaler och arbetss\u00e4tt beh\u00f6vs. Annars riskerar vi att tappa kontakten med framf\u00f6r allt ungdomarna. Vi beh\u00f6ver ocks\u00e5 vara mycket tydliga med vad vi menar med korrekt etik i jakten.<br \/>\nHan tog upp den kommersiella jakten och ifr\u00e5gasatte i ett exempel jakt efter utsatta \u00e4nder.<br \/>\n-\u00c4r det etiskt r\u00e4tt att s\u00e4tta ut tusentals \u00e4nder och sedan s\u00e4lja jakter f\u00f6r att panga ner dom\u2026?<br \/>\nBj\u00f6rn Spr\u00e4ngare avg\u00e5r vid J\u00e4garef\u00f6rbundets \u00e5rsst\u00e4mma. Och J\u00e4garef\u00f6rbundets l\u00e4nsf\u00f6rening i G\u00e4vleborg valde att visa sin uppskattning med en saltsten (!) och en s\u00e4ljaktsutbildning efter G\u00e4strikekusten.<br \/>\n-Blommor har vi rationaliserat bort. En saltsten vill vi ge dig f\u00f6r din g\u00e4rning, sa Johan Lundberg och drog ig\u00e5ng en l\u00e5ng appl\u00e5d i lokalen.<br \/>\nEn enig \u00e5rsst\u00e4mma f\u00f6r J\u00e4garef\u00f6rbundet G\u00e4vleborg valde Johan Lundberg till ordf\u00f6rande i ett \u00e5r till. Ulf Krantz kliver av styrelsen efter m\u00e5nga \u00e5r och han ers\u00e4tts av Jonas Danielsson fr\u00e5n Iggesund.<br \/>\nSt\u00e4mman avslutades med utdelandet av utm\u00e4rkelser.<\/p>\n<p>Text och foto: Lars \u00c5sberg<\/p>\n<div id=\"attachment_550\" style=\"width: 310px\" class=\"wp-caption alignnone\"><a href=\"https:\/\/krets.jagareforbundet.se\/bollnas\/files\/2017\/04\/img_7404.jpg\"><img loading=\"lazy\" decoding=\"async\" aria-describedby=\"caption-attachment-550\" class=\"size-medium wp-image-550\" src=\"https:\/\/krets.jagareforbundet.se\/bollnas\/files\/2017\/04\/img_7404-300x200.jpg\" alt=\"\" width=\"300\" height=\"200\" srcset=\"https:\/\/krets.jagareforbundet.se\/bollnas\/files\/2017\/04\/img_7404-300x200.jpg 300w, https:\/\/krets.jagareforbundet.se\/bollnas\/files\/2017\/04\/img_7404-768x512.jpg 768w, https:\/\/krets.jagareforbundet.se\/bollnas\/files\/2017\/04\/img_7404-1024x683.jpg 1024w\" sizes=\"auto, (max-width: 300px) 100vw, 300px\" \/><\/a><p id=\"caption-attachment-550\" class=\"wp-caption-text\">\u00c5ke Andersson, Lars Norberg, Berit Bodin, Bengt-Erik Uhrus, Pelle Hildingsson samt Lars-Arne Dahl deltog fr\u00e5n Bolln\u00e4skretsen i L\u00e4ns\u00e5rsst\u00e4mman p\u00e5 Folkh\u00f6gskolan 1 april.<\/p><\/div>\n<div id=\"attachment_552\" style=\"width: 310px\" class=\"wp-caption alignnone\"><a href=\"https:\/\/krets.jagareforbundet.se\/bollnas\/files\/2017\/04\/img_7380.jpg\"><img loading=\"lazy\" decoding=\"async\" aria-describedby=\"caption-attachment-552\" class=\"size-medium wp-image-552\" src=\"https:\/\/krets.jagareforbundet.se\/bollnas\/files\/2017\/04\/img_7380-300x200.jpg\" alt=\"\" width=\"300\" height=\"200\" srcset=\"https:\/\/krets.jagareforbundet.se\/bollnas\/files\/2017\/04\/img_7380-300x200.jpg 300w, https:\/\/krets.jagareforbundet.se\/bollnas\/files\/2017\/04\/img_7380-768x512.jpg 768w, https:\/\/krets.jagareforbundet.se\/bollnas\/files\/2017\/04\/img_7380-1024x683.jpg 1024w\" sizes=\"auto, (max-width: 300px) 100vw, 300px\" \/><\/a><p id=\"caption-attachment-552\" class=\"wp-caption-text\">Johan Lundberg (tv) omvaldes till ordf\u00f6rande f\u00f6r J\u00e4garef\u00f6rbundet G\u00e4vleborg. Bj\u00f6rn Spr\u00e4ngare (th).<\/p><\/div>\n","protected":false},"excerpt":{"rendered":"<p>Visdomsord fr\u00e5n en avg\u00e5ende f\u00f6rbundsordf\u00f6rande, f\u00f6rtj\u00e4nstmedaljering och sedvanliga \u00e5rsm\u00f6tesprocedurer. Svenska J\u00e4garef\u00f6rbundet G\u00e4vleborg h\u00f6ll \u00e5rsm\u00f6te p\u00e5 Folkh\u00f6gskolan i Bolln\u00e4s den 1 april och Bj\u00f6rn Spr\u00e4ngare var \u00e5rets g\u00e4st fr\u00e5n f\u00f6rbundsstyrelsen. Fr\u00e5n Bolln\u00e4s Jaktv\u00e5rdskrets deltog sju av styrelsen utsedda\u00a0delegater i l\u00e4ns\u00e5rsst\u00e4mman. Jag k\u00e4nner mig lite extra talf\u00f6r sa avg\u00e5ende Bj\u00f6rn Spr\u00e4ngare och syftade p\u00e5 sin frispr\u00e5kighet innan [&hellip;]<\/p>\n","protected":false},"author":211,"featured_media":551,"parent":365,"menu_order":0,"comment_status":"closed","ping_status":"closed","template":"","meta":{"footnotes":""},"class_list":["post-553","page","type-page","status-publish","has-post-thumbnail","hentry"],"_links":{"self":[{"href":"https:\/\/krets.jagareforbundet.se\/bollnas\/wp-json\/wp\/v2\/pages\/553","targetHints":{"allow":["GET"]}}],"collection":[{"href":"https:\/\/krets.jagareforbundet.se\/bollnas\/wp-json\/wp\/v2\/pages"}],"about":[{"href":"https:\/\/krets.jagareforbundet.se\/bollnas\/wp-json\/wp\/v2\/types\/page"}],"author":[{"embeddable":true,"href":"https:\/\/krets.jagareforbundet.se\/bollnas\/wp-json\/wp\/v2\/users\/211"}],"replies":[{"embeddable":true,"href":"https:\/\/krets.jagareforbundet.se\/bollnas\/wp-json\/wp\/v2\/comments?post=553"}],"version-history":[{"count":0,"href":"https:\/\/krets.jagareforbundet.se\/bollnas\/wp-json\/wp\/v2\/pages\/553\/revisions"}],"up":[{"embeddable":true,"href":"https:\/\/krets.jagareforbundet.se\/bollnas\/wp-json\/wp\/v2\/pages\/365"}],"wp:featuredmedia":[{"embeddable":true,"href":"https:\/\/krets.jagareforbundet.se\/bollnas\/wp-json\/wp\/v2\/media\/551"}],"wp:attachment":[{"href":"https:\/\/krets.jagareforbundet.se\/bollnas\/wp-json\/wp\/v2\/media?parent=553"}],"curies":[{"name":"wp","href":"https:\/\/api.w.org\/{rel}","templated":true}]}}