{"id":141,"date":"2016-02-16T21:49:51","date_gmt":"2016-02-16T20:49:51","guid":{"rendered":"https:\/\/krets.jagareforbundet.se\/borgholm\/?page_id=141"},"modified":"2025-10-31T06:17:47","modified_gmt":"2025-10-31T05:17:47","slug":"styrelsen","status":"publish","type":"page","link":"https:\/\/krets.jagareforbundet.se\/borgholm\/styrelsen\/","title":{"rendered":"Styrelsen"},"content":{"rendered":"<p><strong>Styrelsen:<\/strong><\/p>\n<p>Ordf\u00f6rande<span style=\"float: none;background-color: transparent;color: #333333;cursor: text;font-family: Georgia,'Times New Roman','Bitstream Charter',Times,serif;font-size: 16px;font-style: normal;font-variant: normal;font-weight: 400;letter-spacing: normal;text-align: left;text-decoration: none;text-indent: 0px\">: Lasse Karlsson,070-5497050,\u00a0 <\/span><a href=\"mailto:laxxe5656@gmail.com\">laxxe5656@gmail.com<\/a><\/p>\n<p>Vice ordf\u00f6rande: Nicke Niklasson, 070-5816776, <a href=\"mailto:nicke@scubas.se\" target=\"_blank\" rel=\"noopener\">nicke@scubas.se<\/a><\/p>\n<p>Kass\u00f6r: Kenth J\u00f6nsson, 070-6619672, <a href=\"mailto:kenth.j@telia.com\" target=\"_blank\" rel=\"noopener\">kenth.j@telia.com<\/a><\/p>\n<p>Sekreterare: Mattias Ingeman, 073-3757022, <a href=\"mailto:mattiasingeman@hotmail.com\">mattiasingeman@hotmail.com<\/a><\/p>\n<p>Ledamot: Henrik Sj\u00f6gren, 0734022261, <a href=\"mailto:gunnarkarlsson86@gmail.com\">Sjaggo76@gmail.com<\/a><\/p>\n<p><span style=\"float: none;background-color: transparent;color: #333333;cursor: text;font-family: Georgia,'Times New Roman','Bitstream Charter',Times,serif;font-size: 16px;font-style: normal;font-variant: normal;font-weight: 400;letter-spacing: normal;text-align: left;text-decoration: none;text-indent: 0px\">Ledamot: Johan \u00c5berg, 073-8106928, <a href=\"mailto:johan-aberg@hotmail.se\">johan-aberg@hotmail.se<\/a><\/span><\/p>\n<p>Ledamot: Catrin Engberg Tukia, 073-1516299,<a href=\"mailto:esa.cat@hotmail.com\">esa.cat@hotmail.com<\/a><\/p>\n<p>Suppleant: Richard Olofsson, 073-9436457, <a href=\"mailto:dan.ricard.olofsson@gmail.com\">dan.ricard.olofsson@gmail.com<\/a><\/p>\n<p>Suppleant: Nicklas Sandin, 070-5641249,<a href=\"mailto:nicklas.sandin@hotmail.com\">nicklas.sandin@hotmail.com<\/a><\/p>\n<p>Suppleant: Nicklas Andersson, 073-6796498, <a href=\"mailto:nicklasskog71@hotmail.se\">nicklasskog71@hotmail.se<\/a><\/p>\n<p>&nbsp;<\/p>\n<p><strong>Valberedning:<\/strong><\/p>\n<p>Axel Ingeman<\/p>\n<p>&nbsp;<\/p>\n<p><strong>F\u00f6roendevalda:<\/strong><\/p>\n<p>F\u00e4ltviltskommitt\u00e9: Richard Olofsson (kommitt\u00e9n har egen sida)<\/p>\n<p>Studie- och ungdomskommitt\u00e9:<\/p>\n<p>Web-ansvarig:\u00a0Nicke Niklasson, <a href=\"mailto:nicke@scubas.se\">nicke@scubas.se<\/a><\/p>\n","protected":false},"excerpt":{"rendered":"<p>Styrelsen: Ordf\u00f6rande: Lasse Karlsson,070-5497050,\u00a0 laxxe5656@gmail.com Vice ordf\u00f6rande: Nicke Niklasson, 070-5816776, nicke@scubas.se Kass\u00f6r: Kenth J\u00f6nsson, 070-6619672, kenth.j@telia.com Sekreterare: Mattias Ingeman, 073-3757022, mattiasingeman@hotmail.com Ledamot: Henrik Sj\u00f6gren, 0734022261, Sjaggo76@gmail.com Ledamot: Johan \u00c5berg, 073-8106928, johan-aberg@hotmail.se Ledamot: Catrin Engberg Tukia, 073-1516299,esa.cat@hotmail.com Suppleant: Richard Olofsson, 073-9436457, dan.ricard.olofsson@gmail.com Suppleant: Nicklas Sandin, 070-5641249,nicklas.sandin@hotmail.com Suppleant: Nicklas Andersson, 073-6796498, nicklasskog71@hotmail.se &nbsp; Valberedning: Axel Ingeman &nbsp; [&hellip;]<\/p>\n","protected":false},"author":243,"featured_media":0,"parent":0,"menu_order":0,"comment_status":"closed","ping_status":"closed","template":"","meta":{"footnotes":""},"class_list":["post-141","page","type-page","status-publish","hentry"],"_links":{"self":[{"href":"https:\/\/krets.jagareforbundet.se\/borgholm\/wp-json\/wp\/v2\/pages\/141","targetHints":{"allow":["GET"]}}],"collection":[{"href":"https:\/\/krets.jagareforbundet.se\/borgholm\/wp-json\/wp\/v2\/pages"}],"about":[{"href":"https:\/\/krets.jagareforbundet.se\/borgholm\/wp-json\/wp\/v2\/types\/page"}],"author":[{"embeddable":true,"href":"https:\/\/krets.jagareforbundet.se\/borgholm\/wp-json\/wp\/v2\/users\/243"}],"replies":[{"embeddable":true,"href":"https:\/\/krets.jagareforbundet.se\/borgholm\/wp-json\/wp\/v2\/comments?post=141"}],"version-history":[{"count":3,"href":"https:\/\/krets.jagareforbundet.se\/borgholm\/wp-json\/wp\/v2\/pages\/141\/revisions"}],"predecessor-version":[{"id":565,"href":"https:\/\/krets.jagareforbundet.se\/borgholm\/wp-json\/wp\/v2\/pages\/141\/revisions\/565"}],"wp:attachment":[{"href":"https:\/\/krets.jagareforbundet.se\/borgholm\/wp-json\/wp\/v2\/media?parent=141"}],"curies":[{"name":"wp","href":"https:\/\/api.w.org\/{rel}","templated":true}]}}