{"id":145,"date":"2016-02-16T21:56:21","date_gmt":"2016-02-16T20:56:21","guid":{"rendered":"https:\/\/krets.jagareforbundet.se\/borgholm\/?page_id=145"},"modified":"2024-03-11T19:05:06","modified_gmt":"2024-03-11T18:05:06","slug":"faltviltskommitte","status":"publish","type":"page","link":"https:\/\/krets.jagareforbundet.se\/borgholm\/styrelsen\/faltviltskommitte\/","title":{"rendered":"F\u00e4ltviltskommitt\u00e9"},"content":{"rendered":"<p><strong>F\u00e4ltviltskommitt\u00e9n best\u00e5r av:<\/strong><\/p>\n<p>Richard Olofsson<\/p>\n<p>Nicklas Sandin<\/p>\n<p>Esa Tukia<\/p>\n<p>&nbsp;<\/p>\n<p><strong>\u00a0<\/strong><\/p>\n<p><a href=\"https:\/\/krets.jagareforbundet.se\/borgholm\/files\/2016\/02\/watermarked-photo14.jpg\"><img loading=\"lazy\" decoding=\"async\" class=\"alignnone size-full wp-image-149\" src=\"https:\/\/krets.jagareforbundet.se\/borgholm\/files\/2016\/02\/watermarked-photo14.jpg\" alt=\"Watermarked Photo14\" width=\"640\" height=\"429\" srcset=\"https:\/\/krets.jagareforbundet.se\/borgholm\/files\/2016\/02\/watermarked-photo14.jpg 640w, https:\/\/krets.jagareforbundet.se\/borgholm\/files\/2016\/02\/watermarked-photo14-300x201.jpg 300w\" sizes=\"auto, (max-width: 640px) 100vw, 640px\" \/><\/a><\/p>\n","protected":false},"excerpt":{"rendered":"<p>F\u00e4ltviltskommitt\u00e9n best\u00e5r av: Richard Olofsson Nicklas Sandin Esa Tukia &nbsp; \u00a0<\/p>\n","protected":false},"author":243,"featured_media":0,"parent":141,"menu_order":0,"comment_status":"closed","ping_status":"closed","template":"","meta":{"footnotes":""},"class_list":["post-145","page","type-page","status-publish","hentry"],"_links":{"self":[{"href":"https:\/\/krets.jagareforbundet.se\/borgholm\/wp-json\/wp\/v2\/pages\/145","targetHints":{"allow":["GET"]}}],"collection":[{"href":"https:\/\/krets.jagareforbundet.se\/borgholm\/wp-json\/wp\/v2\/pages"}],"about":[{"href":"https:\/\/krets.jagareforbundet.se\/borgholm\/wp-json\/wp\/v2\/types\/page"}],"author":[{"embeddable":true,"href":"https:\/\/krets.jagareforbundet.se\/borgholm\/wp-json\/wp\/v2\/users\/243"}],"replies":[{"embeddable":true,"href":"https:\/\/krets.jagareforbundet.se\/borgholm\/wp-json\/wp\/v2\/comments?post=145"}],"version-history":[{"count":3,"href":"https:\/\/krets.jagareforbundet.se\/borgholm\/wp-json\/wp\/v2\/pages\/145\/revisions"}],"predecessor-version":[{"id":483,"href":"https:\/\/krets.jagareforbundet.se\/borgholm\/wp-json\/wp\/v2\/pages\/145\/revisions\/483"}],"up":[{"embeddable":true,"href":"https:\/\/krets.jagareforbundet.se\/borgholm\/wp-json\/wp\/v2\/pages\/141"}],"wp:attachment":[{"href":"https:\/\/krets.jagareforbundet.se\/borgholm\/wp-json\/wp\/v2\/media?parent=145"}],"curies":[{"name":"wp","href":"https:\/\/api.w.org\/{rel}","templated":true}]}}