{"id":163,"date":"2013-06-15T19:07:59","date_gmt":"2013-06-15T17:07:59","guid":{"rendered":"https:\/\/krets.jagareforbundet.se\/burtrask\/?page_id=163"},"modified":"2024-02-15T11:19:24","modified_gmt":"2024-02-15T10:19:24","slug":"jagarexamen","status":"publish","type":"page","link":"https:\/\/krets.jagareforbundet.se\/burtrask\/jagarexamen\/","title":{"rendered":"J\u00e4garexamen"},"content":{"rendered":"<p>Vi \u00e4r idag tre provledare i Burtr\u00e4sk som \u00e4r anslutna till skjutbanan p\u00e5 Rislandet. \u00c4r du intresserad av att avl\u00e4gga teoretiska och\/eller praktiska prov, h\u00f6r av dig till v\u00e5r kontaktperson f\u00f6r j\u00e4garexamen eller g\u00e5 in under fliken &#8221;Evenemang&#8221; d\u00e4r du ser planerade provtillf\u00e4llen. Teoriproven avl\u00e4gges under senvintern och de praktiska proven i b\u00f6rjan av sommaren. Avsikten \u00e4r att allt, teori, praktik, inbetalning av provavgifter och rapportering till Naturv\u00e5rdsverket skall vara gjort innan den 15 juni, vilket \u00e4r sista dagen provtagarna kan s\u00f6ka sin vapenlicens f\u00f6r att vara s\u00e4kra p\u00e5 att dessa hinner behandlas innan jakten b\u00f6rjar p\u00e5 h\u00f6sten. Om tillr\u00e4ckligt intresse finns kan det ordnas med ett provtillf\u00e4lle \u00e4ven under h\u00f6sten.<\/p>\n<table>\n<tbody>\n<tr>\n<td><a href=\"https:\/\/krets.jagareforbundet.se\/burtrask\/files\/2013\/06\/Bength-H\u00e4gglund2.jpg\"><img loading=\"lazy\" decoding=\"async\" class=\"alignnone size-thumbnail wp-image-146\" title=\"Bength H\u00e4gglund\" src=\"https:\/\/krets.jagareforbundet.se\/burtrask\/files\/2013\/06\/Bength-H\u00e4gglund2-150x150.jpg\" alt=\"\" width=\"150\" height=\"150\" \/><\/a><\/td>\n<td>Johan Lindgren<\/p>\n<p>Provledare<\/td>\n<td>jojjelindgren@hotmail.com<\/td>\n<\/tr>\n<tr>\n<td><a href=\"https:\/\/krets.jagareforbundet.se\/burtrask\/files\/2013\/06\/Tommy1.jpg\"><img loading=\"lazy\" decoding=\"async\" class=\"alignnone size-thumbnail wp-image-144\" title=\"Tommy Lindmark\" src=\"https:\/\/krets.jagareforbundet.se\/burtrask\/files\/2013\/06\/Tommy1-150x150.jpg\" alt=\"\" width=\"150\" height=\"150\" \/><\/a><\/td>\n<td>Tommy Lindmark<br \/>\nProvledare<\/td>\n<td><a href=\"mailto:lightwater.222@gmail.com\">lightwater.222@gmail.com<\/a><\/td>\n<\/tr>\n<tr>\n<td><a href=\"https:\/\/krets.jagareforbundet.se\/burtrask\/files\/2013\/06\/Torbj\u00f6rn-L\u00f6vbom.jpg\"><img loading=\"lazy\" decoding=\"async\" class=\"alignnone wp-image-151\" title=\"Torbj\u00f6rn L\u00f6vbom\" src=\"https:\/\/krets.jagareforbundet.se\/burtrask\/files\/2013\/06\/Torbj\u00f6rn-L\u00f6vbom.jpg\" alt=\"\" width=\"150\" height=\"150\" \/><\/a><\/td>\n<td>Torbj\u00f6rn L\u00f6vbom<br \/>\nProvledare<\/td>\n<td><a href=\"mailto:torbjorn.lovbom@telia.com\">torbjorn.lovbom@telia.com<\/a><\/td>\n<\/tr>\n<tr>\n<td><\/td>\n<td><\/td>\n<td><\/td>\n<\/tr>\n<\/tbody>\n<\/table>\n<div class=\"woo-fbshare left\"><div class=\"fb-share-button\" data-href=\"https:\/\/krets.jagareforbundet.se\/burtrask\/jagarexamen\/\" data-width=\"100\" data-type=\"button\"><\/div><\/div>\n","protected":false},"excerpt":{"rendered":"<p>Vi \u00e4r idag tre provledare i Burtr\u00e4sk som \u00e4r anslutna till skjutbanan p\u00e5 Rislandet. \u00c4r du intresserad av att avl\u00e4gga teoretiska och\/eller praktiska prov, h\u00f6r av dig till v\u00e5r kontaktperson f\u00f6r j\u00e4garexamen eller g\u00e5 in under fliken &#8221;Evenemang&#8221; d\u00e4r du ser planerade provtillf\u00e4llen. Teoriproven avl\u00e4gges under senvintern och de praktiska proven i b\u00f6rjan av sommaren. [&hellip;]<\/p>\n","protected":false},"author":114,"featured_media":0,"parent":0,"menu_order":3,"comment_status":"open","ping_status":"open","template":"","meta":{"footnotes":""},"class_list":["post-163","page","type-page","status-publish","hentry"],"_links":{"self":[{"href":"https:\/\/krets.jagareforbundet.se\/burtrask\/wp-json\/wp\/v2\/pages\/163","targetHints":{"allow":["GET"]}}],"collection":[{"href":"https:\/\/krets.jagareforbundet.se\/burtrask\/wp-json\/wp\/v2\/pages"}],"about":[{"href":"https:\/\/krets.jagareforbundet.se\/burtrask\/wp-json\/wp\/v2\/types\/page"}],"author":[{"embeddable":true,"href":"https:\/\/krets.jagareforbundet.se\/burtrask\/wp-json\/wp\/v2\/users\/114"}],"replies":[{"embeddable":true,"href":"https:\/\/krets.jagareforbundet.se\/burtrask\/wp-json\/wp\/v2\/comments?post=163"}],"version-history":[{"count":2,"href":"https:\/\/krets.jagareforbundet.se\/burtrask\/wp-json\/wp\/v2\/pages\/163\/revisions"}],"predecessor-version":[{"id":610,"href":"https:\/\/krets.jagareforbundet.se\/burtrask\/wp-json\/wp\/v2\/pages\/163\/revisions\/610"}],"wp:attachment":[{"href":"https:\/\/krets.jagareforbundet.se\/burtrask\/wp-json\/wp\/v2\/media?parent=163"}],"curies":[{"name":"wp","href":"https:\/\/api.w.org\/{rel}","templated":true}]}}