{"id":256,"date":"2013-06-17T19:26:26","date_gmt":"2013-06-17T17:26:26","guid":{"rendered":"https:\/\/krets.jagareforbundet.se\/burtrask\/?page_id=256"},"modified":"2013-11-22T19:07:15","modified_gmt":"2013-11-22T18:07:15","slug":"dokument","status":"publish","type":"page","link":"https:\/\/krets.jagareforbundet.se\/burtrask\/dokument\/","title":{"rendered":"Dokument"},"content":{"rendered":"<p><span style=\"text-decoration: underline\"><a href=\"https:\/\/krets.jagareforbundet.se\/burtrask\/files\/2013\/06\/Jaktlagen.doc\">Jaktlagen<\/a><\/span><\/p>\n<p><a title=\"Jakttider\" href=\"http:\/\/jagareforbundet.se\/jakten\/jakttider\/#V\u00e4sterbottens l\u00e4n,-1,2013-06-17,2013-06-30,\"><span style=\"text-decoration: underline\">Jakttider<\/span><\/a><\/p>\n<p><span style=\"text-decoration: underline\"><a title=\"F\u00f6rteckning \u00f6ver godk\u00e4nda f\u00e4llor\" href=\"http:\/\/naturvardsverket.se\/upload\/stod-i-miljoarbetet\/rattsinformation\/beslut\/fangstredskap\/forteckning-godkanda-fangstredskap-20130620.pdf\" target=\"_blank\">F\u00f6rteckning \u00f6ver godk\u00e4nda f\u00e4llor<\/a><\/span><\/p>\n<p><a title=\"Statliga jaktkortet och Viltv\u00e5rdsfonden\" href=\"http:\/\/naturvardsverket.se\/jaktkort\" target=\"_blank\"><span style=\"text-decoration: underline\">Statliga jaktkortet och Viltv\u00e5rdsfonden<\/span><\/a><\/p>\n<p><a title=\"Viltolycksremsa\" href=\"http:\/\/www.viltolycka.se\/service\/hamta-markeringsremsor\/\" target=\"_blank\">Viltolycksremsan<\/a><\/p>\n<p>&nbsp;<\/p>\n","protected":false},"excerpt":{"rendered":"<p>Jaktlagen Jakttider F\u00f6rteckning \u00f6ver godk\u00e4nda f\u00e4llor Statliga jaktkortet och Viltv\u00e5rdsfonden Viltolycksremsan &nbsp;<\/p>\n","protected":false},"author":114,"featured_media":0,"parent":0,"menu_order":7,"comment_status":"open","ping_status":"open","template":"","meta":{"footnotes":""},"class_list":["post-256","page","type-page","status-publish","hentry"],"_links":{"self":[{"href":"https:\/\/krets.jagareforbundet.se\/burtrask\/wp-json\/wp\/v2\/pages\/256","targetHints":{"allow":["GET"]}}],"collection":[{"href":"https:\/\/krets.jagareforbundet.se\/burtrask\/wp-json\/wp\/v2\/pages"}],"about":[{"href":"https:\/\/krets.jagareforbundet.se\/burtrask\/wp-json\/wp\/v2\/types\/page"}],"author":[{"embeddable":true,"href":"https:\/\/krets.jagareforbundet.se\/burtrask\/wp-json\/wp\/v2\/users\/114"}],"replies":[{"embeddable":true,"href":"https:\/\/krets.jagareforbundet.se\/burtrask\/wp-json\/wp\/v2\/comments?post=256"}],"version-history":[{"count":0,"href":"https:\/\/krets.jagareforbundet.se\/burtrask\/wp-json\/wp\/v2\/pages\/256\/revisions"}],"wp:attachment":[{"href":"https:\/\/krets.jagareforbundet.se\/burtrask\/wp-json\/wp\/v2\/media?parent=256"}],"curies":[{"name":"wp","href":"https:\/\/api.w.org\/{rel}","templated":true}]}}