{"id":160,"date":"2014-04-12T14:53:05","date_gmt":"2014-04-12T12:53:05","guid":{"rendered":"https:\/\/krets.jagareforbundet.se\/dannemora_vendel\/?page_id=160"},"modified":"2020-05-05T15:45:28","modified_gmt":"2020-05-05T13:45:28","slug":"oppentider-algbanan-vendel-skyttecenter-2020","status":"publish","type":"page","link":"https:\/\/krets.jagareforbundet.se\/dannemora_vendel\/oppentider-algbanan-vendel-skyttecenter-2020\/","title":{"rendered":"\u00d6ppentider \u00e4lgbanan vendel skyttecenter 2020"},"content":{"rendered":"<h3><strong>\u00c4lgbanan \u00f6ppettider \u00e4r som f\u00f6ljer<\/strong><\/h3>\n<h4><strong>Torsdagar: 7 Maj &#8211; 11 Juni kl 18:00 &#8211; 20:00<\/strong><\/h4>\n<h4><strong>Torsdagar 25 Juli &#8211; 3 Sept 18:00 &#8211; 20:00<\/strong><\/h4>\n<h4><strong>S\u00f6ndagar 26 Juli &#8211; 27 Sept 09:00 &#8211; 11:00<\/strong><\/h4>\n<h4><strong>Tisdagskv\u00e4llar mark\u00f6rskjutning f\u00f6r tj\u00e4nstg\u00f6rande personal endast under h\u00f6sten, d\u00e5 det \u00e4r inst\u00e4llt under v\u00e5ren p\u00e5 grund av r\u00e5dande f\u00f6rh\u00e5llanden<\/strong><\/h4>\n<h3><strong>Banm\u00e4sterskap l\u00f6rdagen den 19 September. Anm\u00e4lan mellan 0900-0930<\/strong><\/h3>\n<p><strong>Banchef Jan H\u00fcbinette 070-6926748<\/strong><\/p>\n<p><strong>Banchef Torgny Gille 072-7425338<\/strong><\/p>\n<p><strong>Vid d\u00e5ligt deltagarantal st\u00e4nges banan tidigare<\/strong><\/p>\n<p>&nbsp;<\/p>\n<p><strong><em><span style=\"text-decoration: underline\">\u00a0<\/span><\/em><\/strong><\/p>\n<p>&nbsp;<\/p>\n","protected":false},"excerpt":{"rendered":"<p>\u00c4lgbanan \u00f6ppettider \u00e4r som f\u00f6ljer Torsdagar: 7 Maj &#8211; 11 Juni kl 18:00 &#8211; 20:00 Torsdagar 25 Juli &#8211; 3 Sept 18:00 &#8211; 20:00 S\u00f6ndagar 26 Juli &#8211; 27 Sept 09:00 &#8211; 11:00 Tisdagskv\u00e4llar mark\u00f6rskjutning f\u00f6r tj\u00e4nstg\u00f6rande personal endast under h\u00f6sten, d\u00e5 det \u00e4r inst\u00e4llt under v\u00e5ren p\u00e5 grund av r\u00e5dande f\u00f6rh\u00e5llanden Banm\u00e4sterskap l\u00f6rdagen den [&hellip;]<\/p>\n","protected":false},"author":177,"featured_media":0,"parent":0,"menu_order":0,"comment_status":"open","ping_status":"open","template":"","meta":{"footnotes":""},"class_list":["post-160","page","type-page","status-publish","hentry"],"_links":{"self":[{"href":"https:\/\/krets.jagareforbundet.se\/dannemora_vendel\/wp-json\/wp\/v2\/pages\/160","targetHints":{"allow":["GET"]}}],"collection":[{"href":"https:\/\/krets.jagareforbundet.se\/dannemora_vendel\/wp-json\/wp\/v2\/pages"}],"about":[{"href":"https:\/\/krets.jagareforbundet.se\/dannemora_vendel\/wp-json\/wp\/v2\/types\/page"}],"author":[{"embeddable":true,"href":"https:\/\/krets.jagareforbundet.se\/dannemora_vendel\/wp-json\/wp\/v2\/users\/177"}],"replies":[{"embeddable":true,"href":"https:\/\/krets.jagareforbundet.se\/dannemora_vendel\/wp-json\/wp\/v2\/comments?post=160"}],"version-history":[{"count":2,"href":"https:\/\/krets.jagareforbundet.se\/dannemora_vendel\/wp-json\/wp\/v2\/pages\/160\/revisions"}],"predecessor-version":[{"id":352,"href":"https:\/\/krets.jagareforbundet.se\/dannemora_vendel\/wp-json\/wp\/v2\/pages\/160\/revisions\/352"}],"wp:attachment":[{"href":"https:\/\/krets.jagareforbundet.se\/dannemora_vendel\/wp-json\/wp\/v2\/media?parent=160"}],"curies":[{"name":"wp","href":"https:\/\/api.w.org\/{rel}","templated":true}]}}