{"id":1208,"date":"2021-09-23T17:34:00","date_gmt":"2021-09-23T15:34:00","guid":{"rendered":"https:\/\/krets.jagareforbundet.se\/eksjo\/?page_id=1208"},"modified":"2021-09-23T17:36:10","modified_gmt":"2021-09-23T15:36:10","slug":"jagarskola-2021-2022","status":"publish","type":"page","link":"https:\/\/krets.jagareforbundet.se\/eksjo\/utbildning\/jagarexamen\/jagarskola-2021-2022\/","title":{"rendered":"J\u00e4garskola 2021\/2022"},"content":{"rendered":"<p><strong>J\u00e4garskola h\u00f6sten 2021<\/strong><\/p>\n<p>Funderar du p\u00e5 att ta j\u00e4garexamen? D\u00e5 skall du anm\u00e4la dig till v\u00e5r j\u00e4garskola som starta n\u00e5gon g\u00e5ng i november.<\/p>\n<p>V\u00e5r utbildning v\u00e4nder sig i f\u00f6rsta hand till dem personer som verkligen vill bli j\u00e4gare.<br \/>\nUtbildningens teoretiska del kommer i f\u00f6rsta hand bedrivas p\u00e5 Skedhult, Eksj\u00f6.<br \/>\nVi varvar teori med praktiskt inl\u00e4rning. Kursen \u00e4r utformad f\u00f6r att eleverna l\u00e4ser en del av de teoretiska delarna p\u00e5 egen hand. Detta f\u00f6r att m\u00f6jligg\u00f6ra mer tid f\u00f6r praktiska l\u00e4rande.<\/p>\n<p>Tveka inte p\u00e5 att h\u00f6ra av er till oss om ni har n\u00e5gra fr\u00e5gor.<br \/>\nUtbildningsansvarig:<br \/>\nMagnus Carlsson<br \/>\n073 \u2013 093 28 00<br \/>\nmagnus.harstensbo@gmail.com<\/p>\n<div id=\"attachment_941\" style=\"width: 1034px\" class=\"wp-caption alignleft\"><img loading=\"lazy\" decoding=\"async\" aria-describedby=\"caption-attachment-941\" class=\"size-large wp-image-941\" src=\"https:\/\/krets.jagareforbundet.se\/eksjo\/files\/2021\/03\/ungjagare-1024x678.jpg\" alt=\"\" width=\"1024\" height=\"678\" srcset=\"https:\/\/krets.jagareforbundet.se\/eksjo\/files\/2021\/03\/ungjagare-1024x678.jpg 1024w, https:\/\/krets.jagareforbundet.se\/eksjo\/files\/2021\/03\/ungjagare-300x199.jpg 300w, https:\/\/krets.jagareforbundet.se\/eksjo\/files\/2021\/03\/ungjagare-768x509.jpg 768w, https:\/\/krets.jagareforbundet.se\/eksjo\/files\/2021\/03\/ungjagare-1536x1017.jpg 1536w, https:\/\/krets.jagareforbundet.se\/eksjo\/files\/2021\/03\/ungjagare-2048x1356.jpg 2048w\" sizes=\"auto, (max-width: 1024px) 100vw, 1024px\" \/><p id=\"caption-attachment-941\" class=\"wp-caption-text\">Foto: Madeleine Lewander<\/p><\/div>\n<p>&nbsp;<\/p>\n","protected":false},"excerpt":{"rendered":"<p>J\u00e4garskola h\u00f6sten 2021 Funderar du p\u00e5 att ta j\u00e4garexamen? D\u00e5 skall du anm\u00e4la dig till v\u00e5r j\u00e4garskola som starta n\u00e5gon g\u00e5ng i november. V\u00e5r utbildning v\u00e4nder sig i f\u00f6rsta hand till dem personer som verkligen vill bli j\u00e4gare. Utbildningens teoretiska del kommer i f\u00f6rsta hand bedrivas p\u00e5 Skedhult, Eksj\u00f6. Vi varvar teori med praktiskt inl\u00e4rning. [&hellip;]<\/p>\n","protected":false},"author":39,"featured_media":0,"parent":790,"menu_order":0,"comment_status":"closed","ping_status":"closed","template":"","meta":{"footnotes":""},"class_list":["post-1208","page","type-page","status-publish","hentry"],"_links":{"self":[{"href":"https:\/\/krets.jagareforbundet.se\/eksjo\/wp-json\/wp\/v2\/pages\/1208","targetHints":{"allow":["GET"]}}],"collection":[{"href":"https:\/\/krets.jagareforbundet.se\/eksjo\/wp-json\/wp\/v2\/pages"}],"about":[{"href":"https:\/\/krets.jagareforbundet.se\/eksjo\/wp-json\/wp\/v2\/types\/page"}],"author":[{"embeddable":true,"href":"https:\/\/krets.jagareforbundet.se\/eksjo\/wp-json\/wp\/v2\/users\/39"}],"replies":[{"embeddable":true,"href":"https:\/\/krets.jagareforbundet.se\/eksjo\/wp-json\/wp\/v2\/comments?post=1208"}],"version-history":[{"count":2,"href":"https:\/\/krets.jagareforbundet.se\/eksjo\/wp-json\/wp\/v2\/pages\/1208\/revisions"}],"predecessor-version":[{"id":1214,"href":"https:\/\/krets.jagareforbundet.se\/eksjo\/wp-json\/wp\/v2\/pages\/1208\/revisions\/1214"}],"up":[{"embeddable":true,"href":"https:\/\/krets.jagareforbundet.se\/eksjo\/wp-json\/wp\/v2\/pages\/790"}],"wp:attachment":[{"href":"https:\/\/krets.jagareforbundet.se\/eksjo\/wp-json\/wp\/v2\/media?parent=1208"}],"curies":[{"name":"wp","href":"https:\/\/api.w.org\/{rel}","templated":true}]}}