{"id":475,"date":"2016-05-11T18:52:39","date_gmt":"2016-05-11T16:52:39","guid":{"rendered":"https:\/\/krets.jagareforbundet.se\/eksjo\/?page_id=475"},"modified":"2021-03-09T10:55:08","modified_gmt":"2021-03-09T09:55:08","slug":"eftersok","status":"publish","type":"page","link":"https:\/\/krets.jagareforbundet.se\/eksjo\/eftersok\/","title":{"rendered":"Efters\u00f6k"},"content":{"rendered":"<p>Tryck <a href=\"https:\/\/jagareforbundet.se\/jakt\/eftersok\/\">h\u00e4r<\/a> f\u00f6r att l\u00e4sa mer om efters\u00f6k p\u00e5 f\u00f6rbundets hemsida.<br \/>\n\u00d6nskar du hj\u00e4lp med att f\u00e5 kontakt med efters\u00f6ksekipage f\u00f6r jakten? H\u00f6r av dig till n\u00e5gon av v\u00e5ra kontaktpersoner f\u00f6r NVR, de kan tipsa dig om l\u00e4mpliga ekipage.<br \/>\nF\u00f6r\u00a0 mer information g\u00e4llande NVR se kategoriseringen i menyn.<\/p>\n<p>Kontaktpersoner efters\u00f6k\/NVR<br \/>\nL\u00e4nsansvarig<br \/>\nMarie Berglind<br \/>\n070-512 03 84<\/p>\n<p>Samordnare Eksj\u00f6 kommun<br \/>\nErik Berglind<br \/>\n073-438 21 76<\/p>\n<p>&nbsp;<\/p>\n<div id=\"attachment_1071\" style=\"width: 693px\" class=\"wp-caption alignleft\"><img loading=\"lazy\" decoding=\"async\" aria-describedby=\"caption-attachment-1071\" class=\"size-large wp-image-1071\" src=\"https:\/\/krets.jagareforbundet.se\/eksjo\/files\/2021\/03\/Eftersok-foto-sten-christofferson-683x1024.jpg\" alt=\"\" width=\"683\" height=\"1024\" srcset=\"https:\/\/krets.jagareforbundet.se\/eksjo\/files\/2021\/03\/Eftersok-foto-sten-christofferson-683x1024.jpg 683w, https:\/\/krets.jagareforbundet.se\/eksjo\/files\/2021\/03\/Eftersok-foto-sten-christofferson-200x300.jpg 200w, https:\/\/krets.jagareforbundet.se\/eksjo\/files\/2021\/03\/Eftersok-foto-sten-christofferson-768x1152.jpg 768w, https:\/\/krets.jagareforbundet.se\/eksjo\/files\/2021\/03\/Eftersok-foto-sten-christofferson-1024x1536.jpg 1024w, https:\/\/krets.jagareforbundet.se\/eksjo\/files\/2021\/03\/Eftersok-foto-sten-christofferson-1365x2048.jpg 1365w, https:\/\/krets.jagareforbundet.se\/eksjo\/files\/2021\/03\/Eftersok-foto-sten-christofferson-scaled.jpg 1706w\" sizes=\"auto, (max-width: 683px) 100vw, 683px\" \/><p id=\"caption-attachment-1071\" class=\"wp-caption-text\">Foto: Sten Christoffersson<\/p><\/div>\n<p>&nbsp;<\/p>\n<p>&nbsp;<\/p>\n","protected":false},"excerpt":{"rendered":"<p>Tryck h\u00e4r f\u00f6r att l\u00e4sa mer om efters\u00f6k p\u00e5 f\u00f6rbundets hemsida. \u00d6nskar du hj\u00e4lp med att f\u00e5 kontakt med efters\u00f6ksekipage f\u00f6r jakten? H\u00f6r av dig till n\u00e5gon av v\u00e5ra kontaktpersoner f\u00f6r NVR, de kan tipsa dig om l\u00e4mpliga ekipage. F\u00f6r\u00a0 mer information g\u00e4llande NVR se kategoriseringen i menyn. Kontaktpersoner efters\u00f6k\/NVR L\u00e4nsansvarig Marie Berglind 070-512 03 [&hellip;]<\/p>\n","protected":false},"author":39,"featured_media":0,"parent":0,"menu_order":5,"comment_status":"closed","ping_status":"closed","template":"","meta":{"footnotes":""},"class_list":["post-475","page","type-page","status-publish","hentry"],"_links":{"self":[{"href":"https:\/\/krets.jagareforbundet.se\/eksjo\/wp-json\/wp\/v2\/pages\/475","targetHints":{"allow":["GET"]}}],"collection":[{"href":"https:\/\/krets.jagareforbundet.se\/eksjo\/wp-json\/wp\/v2\/pages"}],"about":[{"href":"https:\/\/krets.jagareforbundet.se\/eksjo\/wp-json\/wp\/v2\/types\/page"}],"author":[{"embeddable":true,"href":"https:\/\/krets.jagareforbundet.se\/eksjo\/wp-json\/wp\/v2\/users\/39"}],"replies":[{"embeddable":true,"href":"https:\/\/krets.jagareforbundet.se\/eksjo\/wp-json\/wp\/v2\/comments?post=475"}],"version-history":[{"count":4,"href":"https:\/\/krets.jagareforbundet.se\/eksjo\/wp-json\/wp\/v2\/pages\/475\/revisions"}],"predecessor-version":[{"id":1081,"href":"https:\/\/krets.jagareforbundet.se\/eksjo\/wp-json\/wp\/v2\/pages\/475\/revisions\/1081"}],"wp:attachment":[{"href":"https:\/\/krets.jagareforbundet.se\/eksjo\/wp-json\/wp\/v2\/media?parent=475"}],"curies":[{"name":"wp","href":"https:\/\/api.w.org\/{rel}","templated":true}]}}