{"id":749,"date":"2021-02-26T22:29:25","date_gmt":"2021-02-26T21:29:25","guid":{"rendered":"https:\/\/krets.jagareforbundet.se\/eksjo\/?page_id=749"},"modified":"2021-03-01T19:01:25","modified_gmt":"2021-03-01T18:01:25","slug":"vilt","status":"publish","type":"page","link":"https:\/\/krets.jagareforbundet.se\/eksjo\/vilt\/","title":{"rendered":"Vilt"},"content":{"rendered":"<p>Under vilt kan du l\u00e4sa om bland annat viltdata, viltv\u00e5rd och kretsen jaktbara viltarter. V\u00e4lj kategorisering i menyn.<\/p>\n<div id=\"attachment_954\" style=\"width: 310px\" class=\"wp-caption alignleft\"><a href=\"https:\/\/krets.jagareforbundet.se\/eksjo\/files\/2021\/03\/36655267-family-of-wild-boars-with-young-piglets-on-summer-meadow-scaled.jpg\"><img loading=\"lazy\" decoding=\"async\" aria-describedby=\"caption-attachment-954\" class=\"size-medium wp-image-954\" src=\"https:\/\/krets.jagareforbundet.se\/eksjo\/files\/2021\/03\/36655267-family-of-wild-boars-with-young-piglets-on-summer-meadow-300x200.jpg\" alt=\"\" width=\"300\" height=\"200\" srcset=\"https:\/\/krets.jagareforbundet.se\/eksjo\/files\/2021\/03\/36655267-family-of-wild-boars-with-young-piglets-on-summer-meadow-300x200.jpg 300w, https:\/\/krets.jagareforbundet.se\/eksjo\/files\/2021\/03\/36655267-family-of-wild-boars-with-young-piglets-on-summer-meadow-1024x683.jpg 1024w, https:\/\/krets.jagareforbundet.se\/eksjo\/files\/2021\/03\/36655267-family-of-wild-boars-with-young-piglets-on-summer-meadow-768x512.jpg 768w, https:\/\/krets.jagareforbundet.se\/eksjo\/files\/2021\/03\/36655267-family-of-wild-boars-with-young-piglets-on-summer-meadow-1536x1024.jpg 1536w, https:\/\/krets.jagareforbundet.se\/eksjo\/files\/2021\/03\/36655267-family-of-wild-boars-with-young-piglets-on-summer-meadow-2048x1365.jpg 2048w\" sizes=\"auto, (max-width: 300px) 100vw, 300px\" \/><\/a><p id=\"caption-attachment-954\" class=\"wp-caption-text\">Foto: Wildmedia<\/p><\/div>\n","protected":false},"excerpt":{"rendered":"<p>Under vilt kan du l\u00e4sa om bland annat viltdata, viltv\u00e5rd och kretsen jaktbara viltarter. V\u00e4lj kategorisering i menyn.<\/p>\n","protected":false},"author":39,"featured_media":0,"parent":0,"menu_order":4,"comment_status":"closed","ping_status":"closed","template":"","meta":{"footnotes":""},"class_list":["post-749","page","type-page","status-publish","hentry"],"_links":{"self":[{"href":"https:\/\/krets.jagareforbundet.se\/eksjo\/wp-json\/wp\/v2\/pages\/749","targetHints":{"allow":["GET"]}}],"collection":[{"href":"https:\/\/krets.jagareforbundet.se\/eksjo\/wp-json\/wp\/v2\/pages"}],"about":[{"href":"https:\/\/krets.jagareforbundet.se\/eksjo\/wp-json\/wp\/v2\/types\/page"}],"author":[{"embeddable":true,"href":"https:\/\/krets.jagareforbundet.se\/eksjo\/wp-json\/wp\/v2\/users\/39"}],"replies":[{"embeddable":true,"href":"https:\/\/krets.jagareforbundet.se\/eksjo\/wp-json\/wp\/v2\/comments?post=749"}],"version-history":[{"count":3,"href":"https:\/\/krets.jagareforbundet.se\/eksjo\/wp-json\/wp\/v2\/pages\/749\/revisions"}],"predecessor-version":[{"id":955,"href":"https:\/\/krets.jagareforbundet.se\/eksjo\/wp-json\/wp\/v2\/pages\/749\/revisions\/955"}],"wp:attachment":[{"href":"https:\/\/krets.jagareforbundet.se\/eksjo\/wp-json\/wp\/v2\/media?parent=749"}],"curies":[{"name":"wp","href":"https:\/\/api.w.org\/{rel}","templated":true}]}}