{"id":772,"date":"2021-02-26T22:42:29","date_gmt":"2021-02-26T21:42:29","guid":{"rendered":"https:\/\/krets.jagareforbundet.se\/eksjo\/?page_id=772"},"modified":"2021-03-09T17:21:00","modified_gmt":"2021-03-09T16:21:00","slug":"hare","status":"publish","type":"page","link":"https:\/\/krets.jagareforbundet.se\/eksjo\/vilt\/kretsens-jaktbara-viltarter\/hare\/","title":{"rendered":"Hare"},"content":{"rendered":"<div id=\"attachment_1119\" style=\"width: 866px\" class=\"wp-caption alignleft\"><img loading=\"lazy\" decoding=\"async\" aria-describedby=\"caption-attachment-1119\" class=\" wp-image-1119\" src=\"https:\/\/krets.jagareforbundet.se\/eksjo\/files\/2021\/03\/falthare_TomasJonsson_mph-1024x684.jpg\" alt=\"\" width=\"856\" height=\"572\" srcset=\"https:\/\/krets.jagareforbundet.se\/eksjo\/files\/2021\/03\/falthare_TomasJonsson_mph-1024x684.jpg 1024w, https:\/\/krets.jagareforbundet.se\/eksjo\/files\/2021\/03\/falthare_TomasJonsson_mph-300x200.jpg 300w, https:\/\/krets.jagareforbundet.se\/eksjo\/files\/2021\/03\/falthare_TomasJonsson_mph-768x513.jpg 768w, https:\/\/krets.jagareforbundet.se\/eksjo\/files\/2021\/03\/falthare_TomasJonsson_mph-1536x1025.jpg 1536w, https:\/\/krets.jagareforbundet.se\/eksjo\/files\/2021\/03\/falthare_TomasJonsson_mph-2048x1367.jpg 2048w\" sizes=\"auto, (max-width: 856px) 100vw, 856px\" \/><p id=\"caption-attachment-1119\" class=\"wp-caption-text\">Foto: Tomas Jonsson<\/p><\/div>\n<p><strong>F\u00e4llthare<\/strong><\/p>\n<p>Hos f\u00e4ltharen \u00e4r p\u00e4lsen \u00e4r r\u00f6dbrun \u00e5ret om, men l\u00e5ren har ofta en gr\u00e5aktig f\u00e4rg p\u00e5 vintern. Till skillnad fr\u00e5n skogsharen har f\u00e4ltharen p\u00e5, den i \u00f6vrigt, vita svansen en svart ovansida. \u00c4ven \u00f6ronspetsarna \u00e4r svarta. \u00d6gats iris \u00e4r ljust brungul. P\u00e5 vintern har tassarna mycket mindre p\u00e4ls \u00e4n hos skogsharen. D\u00e4rf\u00f6r blir sp\u00e5rst\u00e4mplarna smalare och f\u00e4ltharen sjunker djupare i l\u00f6ssn\u00f6. Den \u00e4r n\u00e5got st\u00f6rre \u00e4n skogsharen, vikten \u00e4r normalt 4-6 kg. L\u00e4s mer <a href=\"https:\/\/jagareforbundet.se\/vilt\/vilt-vetande2\/artpresentation\/daggdjur\/falthare\/\">h\u00e4r<\/a>.<\/p>\n<p>I Eksj\u00f6 \u00e4r f\u00e4lltharen etablerad \u00f6ver hela jaktomr\u00e5det.<br \/>\nLokala jakttider:<br \/>\n1 september-15 februari<\/p>\n<p><strong>Avskjutningsrapport fr\u00e5n <a href=\"https:\/\/www.viltdata.se\/\">viltdata<\/a> jakt\u00e5r 2019\/2021<\/strong><\/p>\n<p>Eksj\u00f6 jaktv\u00e5rdskrets:<br \/>\n-Totalt\u00a0\u00a0\u00a0\u00a0\u00a0\u00a0\u00a0\u00a0\u00a0\u00a0\u00a0\u00a0\u00a0\u00a0\u00a0\u00a0\u00a0\u00a0\u00a0\u00a0\u00a0\u00a0\u00a0\u00a0\u00a0\u00a0\u00a0\u00a0\u00a0\u00a0\u00a0\u00a0 173<\/p>\n<p>Sverige:<br \/>\n-Totalt\u00a0\u00a0\u00a0\u00a0\u00a0\u00a0\u00a0\u00a0\u00a0\u00a0\u00a0\u00a0\u00a0\u00a0\u00a0\u00a0\u00a0\u00a0\u00a0\u00a0\u00a0\u00a0\u00a0\u00a0\u00a0\u00a0\u00a0\u00a0\u00a0\u00a0\u00a0\u00a0 21 976<\/p>\n<div id=\"attachment_1118\" style=\"width: 870px\" class=\"wp-caption alignleft\"><img loading=\"lazy\" decoding=\"async\" aria-describedby=\"caption-attachment-1118\" class=\" wp-image-1118\" src=\"https:\/\/krets.jagareforbundet.se\/eksjo\/files\/2021\/03\/Skoghare-SVJF.jpg\" alt=\"\" width=\"860\" height=\"487\" srcset=\"https:\/\/krets.jagareforbundet.se\/eksjo\/files\/2021\/03\/Skoghare-SVJF.jpg 982w, https:\/\/krets.jagareforbundet.se\/eksjo\/files\/2021\/03\/Skoghare-SVJF-300x170.jpg 300w, https:\/\/krets.jagareforbundet.se\/eksjo\/files\/2021\/03\/Skoghare-SVJF-768x435.jpg 768w\" sizes=\"auto, (max-width: 860px) 100vw, 860px\" \/><p id=\"caption-attachment-1118\" class=\"wp-caption-text\">Foto: Mostphotos<\/p><\/div>\n<p><strong>Skogshare<\/strong><\/p>\n<p>Skogsharen finns i princip i hela landet utom i utpr\u00e4glade jordbruksmarker. Skogsharen \u00e4r relativt lik sin sl\u00e4kting f\u00e4ltharen, men det finns ett antal karakteristiska drag som skiljer dem \u00e5t. S\u00e5v\u00e4l kroppsform som svans, \u00f6ronstorlek samt \u00f6gon- och p\u00e4lsf\u00e4rg ser olika ut p\u00e5 dem. Dessutom byter skogsharen p\u00e4lsf\u00e4rg mellan sommar och vinter, vilket g\u00f6r den l\u00e4ttare att k\u00e4nna igen vintertid. L\u00e4s mer <a href=\"https:\/\/jagareforbundet.se\/vilt\/vilt-vetande2\/artpresentation\/daggdjur\/skogshare\/\">h\u00e4r<\/a>.<\/p>\n<p>Skogsharen finns i Eksj\u00f6kretsens jaktomr\u00e5de men b\u00f6rjar bli s\u00e4llsynt.<br \/>\nLokala jakttider:<br \/>\n1 september-29 februari<br \/>\n<strong><br \/>\nAvskjutningsrapport fr\u00e5n <a href=\"https:\/\/www.viltdata.se\/\">viltdata<\/a> jakt\u00e5r 2019\/2021<\/strong><\/p>\n<p>Eksj\u00f6 jaktv\u00e5rdskrets:<br \/>\n-Totalt\u00a0\u00a0\u00a0\u00a0\u00a0\u00a0\u00a0\u00a0\u00a0\u00a0\u00a0\u00a0\u00a0\u00a0\u00a0\u00a0\u00a0\u00a0\u00a0\u00a0\u00a0\u00a0\u00a0\u00a0\u00a0\u00a0\u00a0\u00a0\u00a0\u00a0\u00a0\u00a0 17<\/p>\n<p>Sverige:<br \/>\n-Totalt\u00a0\u00a0\u00a0\u00a0\u00a0\u00a0\u00a0\u00a0\u00a0\u00a0\u00a0 \u00a0\u00a0\u00a0\u00a0\u00a0\u00a0\u00a0\u00a0\u00a0\u00a0\u00a0\u00a0\u00a0\u00a0\u00a0\u00a0\u00a0\u00a0\u00a0\u00a0\u00a0 13 064<\/p>\n","protected":false},"excerpt":{"rendered":"<p>F\u00e4llthare Hos f\u00e4ltharen \u00e4r p\u00e4lsen \u00e4r r\u00f6dbrun \u00e5ret om, men l\u00e5ren har ofta en gr\u00e5aktig f\u00e4rg p\u00e5 vintern. Till skillnad fr\u00e5n skogsharen har f\u00e4ltharen p\u00e5, den i \u00f6vrigt, vita svansen en svart ovansida. \u00c4ven \u00f6ronspetsarna \u00e4r svarta. \u00d6gats iris \u00e4r ljust brungul. P\u00e5 vintern har tassarna mycket mindre p\u00e4ls \u00e4n hos skogsharen. D\u00e4rf\u00f6r blir sp\u00e5rst\u00e4mplarna [&hellip;]<\/p>\n","protected":false},"author":39,"featured_media":0,"parent":760,"menu_order":0,"comment_status":"closed","ping_status":"closed","template":"","meta":{"footnotes":""},"class_list":["post-772","page","type-page","status-publish","hentry"],"_links":{"self":[{"href":"https:\/\/krets.jagareforbundet.se\/eksjo\/wp-json\/wp\/v2\/pages\/772","targetHints":{"allow":["GET"]}}],"collection":[{"href":"https:\/\/krets.jagareforbundet.se\/eksjo\/wp-json\/wp\/v2\/pages"}],"about":[{"href":"https:\/\/krets.jagareforbundet.se\/eksjo\/wp-json\/wp\/v2\/types\/page"}],"author":[{"embeddable":true,"href":"https:\/\/krets.jagareforbundet.se\/eksjo\/wp-json\/wp\/v2\/users\/39"}],"replies":[{"embeddable":true,"href":"https:\/\/krets.jagareforbundet.se\/eksjo\/wp-json\/wp\/v2\/comments?post=772"}],"version-history":[{"count":3,"href":"https:\/\/krets.jagareforbundet.se\/eksjo\/wp-json\/wp\/v2\/pages\/772\/revisions"}],"predecessor-version":[{"id":1151,"href":"https:\/\/krets.jagareforbundet.se\/eksjo\/wp-json\/wp\/v2\/pages\/772\/revisions\/1151"}],"up":[{"embeddable":true,"href":"https:\/\/krets.jagareforbundet.se\/eksjo\/wp-json\/wp\/v2\/pages\/760"}],"wp:attachment":[{"href":"https:\/\/krets.jagareforbundet.se\/eksjo\/wp-json\/wp\/v2\/media?parent=772"}],"curies":[{"name":"wp","href":"https:\/\/api.w.org\/{rel}","templated":true}]}}