{"id":799,"date":"2021-02-26T23:02:36","date_gmt":"2021-02-26T22:02:36","guid":{"rendered":"https:\/\/krets.jagareforbundet.se\/eksjo\/?page_id=799"},"modified":"2021-03-01T20:03:15","modified_gmt":"2021-03-01T19:03:15","slug":"aktiviteter","status":"publish","type":"page","link":"https:\/\/krets.jagareforbundet.se\/eksjo\/aktiviteter\/","title":{"rendered":"Aktiviteter"},"content":{"rendered":"<p>Kretsen anordnar en m\u00e4ngd olika aktiviteter f\u00f6r dig som medlem.<br \/>\nV\u00e4lj den kategori du \u00e4r intresserad av i menyn.<\/p>\n","protected":false},"excerpt":{"rendered":"<p>Kretsen anordnar en m\u00e4ngd olika aktiviteter f\u00f6r dig som medlem. V\u00e4lj den kategori du \u00e4r intresserad av i menyn.<\/p>\n","protected":false},"author":39,"featured_media":0,"parent":0,"menu_order":1,"comment_status":"closed","ping_status":"closed","template":"","meta":{"footnotes":""},"class_list":["post-799","page","type-page","status-publish","hentry"],"_links":{"self":[{"href":"https:\/\/krets.jagareforbundet.se\/eksjo\/wp-json\/wp\/v2\/pages\/799","targetHints":{"allow":["GET"]}}],"collection":[{"href":"https:\/\/krets.jagareforbundet.se\/eksjo\/wp-json\/wp\/v2\/pages"}],"about":[{"href":"https:\/\/krets.jagareforbundet.se\/eksjo\/wp-json\/wp\/v2\/types\/page"}],"author":[{"embeddable":true,"href":"https:\/\/krets.jagareforbundet.se\/eksjo\/wp-json\/wp\/v2\/users\/39"}],"replies":[{"embeddable":true,"href":"https:\/\/krets.jagareforbundet.se\/eksjo\/wp-json\/wp\/v2\/comments?post=799"}],"version-history":[{"count":4,"href":"https:\/\/krets.jagareforbundet.se\/eksjo\/wp-json\/wp\/v2\/pages\/799\/revisions"}],"predecessor-version":[{"id":964,"href":"https:\/\/krets.jagareforbundet.se\/eksjo\/wp-json\/wp\/v2\/pages\/799\/revisions\/964"}],"wp:attachment":[{"href":"https:\/\/krets.jagareforbundet.se\/eksjo\/wp-json\/wp\/v2\/media?parent=799"}],"curies":[{"name":"wp","href":"https:\/\/api.w.org\/{rel}","templated":true}]}}