{"id":814,"date":"2021-02-26T23:13:54","date_gmt":"2021-02-26T22:13:54","guid":{"rendered":"https:\/\/krets.jagareforbundet.se\/eksjo\/?page_id=814"},"modified":"2021-03-01T15:55:38","modified_gmt":"2021-03-01T14:55:38","slug":"fynd-av-sjuka-eller-doda-djur","status":"publish","type":"page","link":"https:\/\/krets.jagareforbundet.se\/eksjo\/rapporteringar-anmalningar\/fynd-av-sjuka-eller-doda-djur\/","title":{"rendered":"Fynd av sjuka eller d\u00f6da djur"},"content":{"rendered":"<p>Om du tr\u00e4ffar p\u00e5 sjuka eller d\u00f6da vilda djur, speciellt om det g\u00e4ller flera djur skall du rapportera det till SVA.<br \/>\nG\u00e5 vidare till SVA genom att trycka <a href=\"https:\/\/www.sva.se\/vilda-djur\/rapportera-in-fynd-av-sjuka-eller-doda-vilda-djur\/\">h\u00e4r<\/a>.<\/p>\n<p>&nbsp;<\/p>\n","protected":false},"excerpt":{"rendered":"<p>Om du tr\u00e4ffar p\u00e5 sjuka eller d\u00f6da vilda djur, speciellt om det g\u00e4ller flera djur skall du rapportera det till SVA. G\u00e5 vidare till SVA genom att trycka h\u00e4r. &nbsp;<\/p>\n","protected":false},"author":39,"featured_media":0,"parent":812,"menu_order":0,"comment_status":"closed","ping_status":"closed","template":"","meta":{"footnotes":""},"class_list":["post-814","page","type-page","status-publish","hentry"],"_links":{"self":[{"href":"https:\/\/krets.jagareforbundet.se\/eksjo\/wp-json\/wp\/v2\/pages\/814","targetHints":{"allow":["GET"]}}],"collection":[{"href":"https:\/\/krets.jagareforbundet.se\/eksjo\/wp-json\/wp\/v2\/pages"}],"about":[{"href":"https:\/\/krets.jagareforbundet.se\/eksjo\/wp-json\/wp\/v2\/types\/page"}],"author":[{"embeddable":true,"href":"https:\/\/krets.jagareforbundet.se\/eksjo\/wp-json\/wp\/v2\/users\/39"}],"replies":[{"embeddable":true,"href":"https:\/\/krets.jagareforbundet.se\/eksjo\/wp-json\/wp\/v2\/comments?post=814"}],"version-history":[{"count":2,"href":"https:\/\/krets.jagareforbundet.se\/eksjo\/wp-json\/wp\/v2\/pages\/814\/revisions"}],"predecessor-version":[{"id":929,"href":"https:\/\/krets.jagareforbundet.se\/eksjo\/wp-json\/wp\/v2\/pages\/814\/revisions\/929"}],"up":[{"embeddable":true,"href":"https:\/\/krets.jagareforbundet.se\/eksjo\/wp-json\/wp\/v2\/pages\/812"}],"wp:attachment":[{"href":"https:\/\/krets.jagareforbundet.se\/eksjo\/wp-json\/wp\/v2\/media?parent=814"}],"curies":[{"name":"wp","href":"https:\/\/api.w.org\/{rel}","templated":true}]}}