{"id":819,"date":"2021-02-26T23:16:39","date_gmt":"2021-02-26T22:16:39","guid":{"rendered":"https:\/\/krets.jagareforbundet.se\/eksjo\/?page_id=819"},"modified":"2021-03-01T19:02:07","modified_gmt":"2021-03-01T18:02:07","slug":"organisationer-inom-eksjo-jaktvardskrets","status":"publish","type":"page","link":"https:\/\/krets.jagareforbundet.se\/eksjo\/organisationer-inom-eksjo-jaktvardskrets\/","title":{"rendered":"Organisationer inom Eksj\u00f6 jaktv\u00e5rdskrets"},"content":{"rendered":"<p>L\u00e4s om v\u00e5ra lokala organisationer genom att v\u00e4lja organisation i menyn.<\/p>\n","protected":false},"excerpt":{"rendered":"<p>L\u00e4s om v\u00e5ra lokala organisationer genom att v\u00e4lja organisation i menyn.<\/p>\n","protected":false},"author":39,"featured_media":0,"parent":0,"menu_order":7,"comment_status":"closed","ping_status":"closed","template":"","meta":{"footnotes":""},"class_list":["post-819","page","type-page","status-publish","hentry"],"_links":{"self":[{"href":"https:\/\/krets.jagareforbundet.se\/eksjo\/wp-json\/wp\/v2\/pages\/819","targetHints":{"allow":["GET"]}}],"collection":[{"href":"https:\/\/krets.jagareforbundet.se\/eksjo\/wp-json\/wp\/v2\/pages"}],"about":[{"href":"https:\/\/krets.jagareforbundet.se\/eksjo\/wp-json\/wp\/v2\/types\/page"}],"author":[{"embeddable":true,"href":"https:\/\/krets.jagareforbundet.se\/eksjo\/wp-json\/wp\/v2\/users\/39"}],"replies":[{"embeddable":true,"href":"https:\/\/krets.jagareforbundet.se\/eksjo\/wp-json\/wp\/v2\/comments?post=819"}],"version-history":[{"count":2,"href":"https:\/\/krets.jagareforbundet.se\/eksjo\/wp-json\/wp\/v2\/pages\/819\/revisions"}],"predecessor-version":[{"id":926,"href":"https:\/\/krets.jagareforbundet.se\/eksjo\/wp-json\/wp\/v2\/pages\/819\/revisions\/926"}],"wp:attachment":[{"href":"https:\/\/krets.jagareforbundet.se\/eksjo\/wp-json\/wp\/v2\/media?parent=819"}],"curies":[{"name":"wp","href":"https:\/\/api.w.org\/{rel}","templated":true}]}}