{"id":831,"date":"2021-02-26T23:19:13","date_gmt":"2021-02-26T22:19:13","guid":{"rendered":"https:\/\/krets.jagareforbundet.se\/eksjo\/?page_id=831"},"modified":"2021-02-26T23:59:19","modified_gmt":"2021-02-26T22:59:19","slug":"harstorps-viltvardsomrade","status":"publish","type":"page","link":"https:\/\/krets.jagareforbundet.se\/eksjo\/organisationer-inom-eksjo-jaktvardskrets\/harstorps-viltvardsomrade\/","title":{"rendered":"H\u00e4rstorps Viltv\u00e5rdsomr\u00e5de"},"content":{"rendered":"<p>Kontaktperson:<\/p>\n<p><strong>Johan Gunnarsson<br \/>\n<\/strong>Hadd\u00e5s 1<br \/>\n570 31 Ingatorp<br \/>\n0381-24023, 070 \u2013 681 29 98<br \/>\nMail:\u00a0<a href=\"mailto:johangunnarsson1@hotmail.com\">johangunnarsson1@hotmail.com<\/a><\/p>\n","protected":false},"excerpt":{"rendered":"<p>Kontaktperson: Johan Gunnarsson Hadd\u00e5s 1 570 31 Ingatorp 0381-24023, 070 \u2013 681 29 98 Mail:\u00a0johangunnarsson1@hotmail.com<\/p>\n","protected":false},"author":39,"featured_media":0,"parent":819,"menu_order":0,"comment_status":"closed","ping_status":"closed","template":"","meta":{"footnotes":""},"class_list":["post-831","page","type-page","status-publish","hentry"],"_links":{"self":[{"href":"https:\/\/krets.jagareforbundet.se\/eksjo\/wp-json\/wp\/v2\/pages\/831","targetHints":{"allow":["GET"]}}],"collection":[{"href":"https:\/\/krets.jagareforbundet.se\/eksjo\/wp-json\/wp\/v2\/pages"}],"about":[{"href":"https:\/\/krets.jagareforbundet.se\/eksjo\/wp-json\/wp\/v2\/types\/page"}],"author":[{"embeddable":true,"href":"https:\/\/krets.jagareforbundet.se\/eksjo\/wp-json\/wp\/v2\/users\/39"}],"replies":[{"embeddable":true,"href":"https:\/\/krets.jagareforbundet.se\/eksjo\/wp-json\/wp\/v2\/comments?post=831"}],"version-history":[{"count":2,"href":"https:\/\/krets.jagareforbundet.se\/eksjo\/wp-json\/wp\/v2\/pages\/831\/revisions"}],"predecessor-version":[{"id":874,"href":"https:\/\/krets.jagareforbundet.se\/eksjo\/wp-json\/wp\/v2\/pages\/831\/revisions\/874"}],"up":[{"embeddable":true,"href":"https:\/\/krets.jagareforbundet.se\/eksjo\/wp-json\/wp\/v2\/pages\/819"}],"wp:attachment":[{"href":"https:\/\/krets.jagareforbundet.se\/eksjo\/wp-json\/wp\/v2\/media?parent=831"}],"curies":[{"name":"wp","href":"https:\/\/api.w.org\/{rel}","templated":true}]}}