{"id":855,"date":"2021-02-26T23:42:09","date_gmt":"2021-02-26T22:42:09","guid":{"rendered":"https:\/\/krets.jagareforbundet.se\/eksjo\/?page_id=855"},"modified":"2021-03-01T19:17:15","modified_gmt":"2021-03-01T18:17:15","slug":"bjornpasset","status":"publish","type":"page","link":"https:\/\/krets.jagareforbundet.se\/eksjo\/aktiviteter\/skytte\/bjornpasset\/","title":{"rendered":"Bj\u00f6rnpasset"},"content":{"rendered":"<p>Det \u00e4r 10 \u00e5r sedan Bj\u00f6rnpasset introducerades och det har under \u00e5ren skjutits av m\u00e5nga j\u00e4gare fr\u00e5n norr till s\u00f6der. Passet kom till f\u00f6r att f\u00f6rb\u00e4ttra de skott som skjuts mot bj\u00f6rn. Idag \u00e4r Bj\u00f6rnpasset etablerat och m\u00e5nga mark\u00e4gare har krav p\u00e5 att j\u00e4garna har avlagt Bj\u00f6rnpasset innan jakten.<br \/>\nF\u00f6r att l\u00e4sa mer om Bj\u00f6rnpasset tryck <a href=\"https:\/\/jagareforbundet.se\/jakt\/skytte\/Bjornpass\/\">h\u00e4r<\/a><\/p>\n<p>Skjutbanor inom kretsen som anordnar Bj\u00f6rnpasset \u00e4r:<br \/>\n&#8211; <a href=\"https:\/\/krets.jagareforbundet.se\/eksjo\/organisationer-inom-eksjo-jaktvardskrets\/eksjonejdens-jaktvardsforening\/\">Eksj\u00f6nejdens jaktv\u00e5rdsf\u00f6rening<\/a><\/p>\n<div id=\"attachment_962\" style=\"width: 310px\" class=\"wp-caption alignleft\"><a href=\"https:\/\/krets.jagareforbundet.se\/eksjo\/files\/2021\/03\/23837856-bjorn-vid-vatten-scaled.jpg\"><img loading=\"lazy\" decoding=\"async\" aria-describedby=\"caption-attachment-962\" class=\"size-medium wp-image-962\" src=\"https:\/\/krets.jagareforbundet.se\/eksjo\/files\/2021\/03\/23837856-bjorn-vid-vatten-300x200.jpg\" alt=\"\" width=\"300\" height=\"200\" srcset=\"https:\/\/krets.jagareforbundet.se\/eksjo\/files\/2021\/03\/23837856-bjorn-vid-vatten-300x200.jpg 300w, https:\/\/krets.jagareforbundet.se\/eksjo\/files\/2021\/03\/23837856-bjorn-vid-vatten-1024x683.jpg 1024w, https:\/\/krets.jagareforbundet.se\/eksjo\/files\/2021\/03\/23837856-bjorn-vid-vatten-768x512.jpg 768w, https:\/\/krets.jagareforbundet.se\/eksjo\/files\/2021\/03\/23837856-bjorn-vid-vatten-1536x1025.jpg 1536w, https:\/\/krets.jagareforbundet.se\/eksjo\/files\/2021\/03\/23837856-bjorn-vid-vatten-2048x1367.jpg 2048w\" sizes=\"auto, (max-width: 300px) 100vw, 300px\" \/><\/a><p id=\"caption-attachment-962\" class=\"wp-caption-text\">Foto: Roger Arnefalk<\/p><\/div>\n","protected":false},"excerpt":{"rendered":"<p>Det \u00e4r 10 \u00e5r sedan Bj\u00f6rnpasset introducerades och det har under \u00e5ren skjutits av m\u00e5nga j\u00e4gare fr\u00e5n norr till s\u00f6der. Passet kom till f\u00f6r att f\u00f6rb\u00e4ttra de skott som skjuts mot bj\u00f6rn. Idag \u00e4r Bj\u00f6rnpasset etablerat och m\u00e5nga mark\u00e4gare har krav p\u00e5 att j\u00e4garna har avlagt Bj\u00f6rnpasset innan jakten. F\u00f6r att l\u00e4sa mer om Bj\u00f6rnpasset [&hellip;]<\/p>\n","protected":false},"author":39,"featured_media":0,"parent":804,"menu_order":0,"comment_status":"closed","ping_status":"closed","template":"","meta":{"footnotes":""},"class_list":["post-855","page","type-page","status-publish","hentry"],"_links":{"self":[{"href":"https:\/\/krets.jagareforbundet.se\/eksjo\/wp-json\/wp\/v2\/pages\/855","targetHints":{"allow":["GET"]}}],"collection":[{"href":"https:\/\/krets.jagareforbundet.se\/eksjo\/wp-json\/wp\/v2\/pages"}],"about":[{"href":"https:\/\/krets.jagareforbundet.se\/eksjo\/wp-json\/wp\/v2\/types\/page"}],"author":[{"embeddable":true,"href":"https:\/\/krets.jagareforbundet.se\/eksjo\/wp-json\/wp\/v2\/users\/39"}],"replies":[{"embeddable":true,"href":"https:\/\/krets.jagareforbundet.se\/eksjo\/wp-json\/wp\/v2\/comments?post=855"}],"version-history":[{"count":4,"href":"https:\/\/krets.jagareforbundet.se\/eksjo\/wp-json\/wp\/v2\/pages\/855\/revisions"}],"predecessor-version":[{"id":991,"href":"https:\/\/krets.jagareforbundet.se\/eksjo\/wp-json\/wp\/v2\/pages\/855\/revisions\/991"}],"up":[{"embeddable":true,"href":"https:\/\/krets.jagareforbundet.se\/eksjo\/wp-json\/wp\/v2\/pages\/804"}],"wp:attachment":[{"href":"https:\/\/krets.jagareforbundet.se\/eksjo\/wp-json\/wp\/v2\/media?parent=855"}],"curies":[{"name":"wp","href":"https:\/\/api.w.org\/{rel}","templated":true}]}}