{"id":857,"date":"2021-02-26T23:42:21","date_gmt":"2021-02-26T22:42:21","guid":{"rendered":"https:\/\/krets.jagareforbundet.se\/eksjo\/?page_id=857"},"modified":"2021-03-01T20:09:26","modified_gmt":"2021-03-01T19:09:26","slug":"jaktstig","status":"publish","type":"page","link":"https:\/\/krets.jagareforbundet.se\/eksjo\/aktiviteter\/skytte\/jaktstig\/","title":{"rendered":"Jaktstig"},"content":{"rendered":"<p>Jaktstig\u00a0\u00e4r en form av\u00a0jakt-\u00a0eller\u00a0tr\u00e4ningskytte. I jaktstigar anv\u00e4nds oftast\u00a0hagelvapen, men det finns \u00e4ven kuljaktstigar. Jaktstigen g\u00e5r till s\u00e5 att den deltagande g\u00e5r runt en snitslad bana med vanligen 8 stationer. Vid varje station ska den deltagande vanligen skjuta p\u00e5 tv\u00e5 s\u00e5 kallade\u00a0<i>jaktstigsfigurer<\/i>. I jaktstigsfigurerna finns en lapp i vilken antalet tr\u00e4ffade hagel r\u00e4knas och fylls i f\u00f6r varje station av stationsledaren. Po\u00e4ngskalan \u00e4r 0-10, d\u00e4r noll \u00e4r bom och 10 hagel eller mer \u00e4r &#8221;fullt&#8221;; trots att lappen kan inneh\u00e5lla uppemot 100 hagel s\u00e5 kan man i regel maximalt f\u00e5 10 po\u00e4ng per m\u00e5l.<\/p>\n<p>Ta kontakt med n\u00e5gon av v\u00e5ra lokala <a href=\"https:\/\/krets.jagareforbundet.se\/eksjo\/organisationer-inom-eksjo-jaktvardskrets\/\">jaktskyttef\u00f6reningar<\/a> f\u00f6r att f\u00e5 information om de jaktskyttet\u00e4vlingar som finns i n\u00e4romr\u00e5det.<\/p>\n<div id=\"attachment_1013\" style=\"width: 310px\" class=\"wp-caption alignleft\"><a href=\"https:\/\/krets.jagareforbundet.se\/eksjo\/files\/2021\/03\/2724488-shotgun-throwing-its-shell-scaled.jpg\"><img loading=\"lazy\" decoding=\"async\" aria-describedby=\"caption-attachment-1013\" class=\"size-medium wp-image-1013\" src=\"https:\/\/krets.jagareforbundet.se\/eksjo\/files\/2021\/03\/2724488-shotgun-throwing-its-shell-300x200.jpg\" alt=\"\" width=\"300\" height=\"200\" srcset=\"https:\/\/krets.jagareforbundet.se\/eksjo\/files\/2021\/03\/2724488-shotgun-throwing-its-shell-300x200.jpg 300w, https:\/\/krets.jagareforbundet.se\/eksjo\/files\/2021\/03\/2724488-shotgun-throwing-its-shell-1024x683.jpg 1024w, https:\/\/krets.jagareforbundet.se\/eksjo\/files\/2021\/03\/2724488-shotgun-throwing-its-shell-768x512.jpg 768w, https:\/\/krets.jagareforbundet.se\/eksjo\/files\/2021\/03\/2724488-shotgun-throwing-its-shell-1536x1024.jpg 1536w, https:\/\/krets.jagareforbundet.se\/eksjo\/files\/2021\/03\/2724488-shotgun-throwing-its-shell-2048x1365.jpg 2048w\" sizes=\"auto, (max-width: 300px) 100vw, 300px\" \/><\/a><p id=\"caption-attachment-1013\" class=\"wp-caption-text\">Foto: Aydin Buyuktas \/ Mostphotos<\/p><\/div>\n","protected":false},"excerpt":{"rendered":"<p>Jaktstig\u00a0\u00e4r en form av\u00a0jakt-\u00a0eller\u00a0tr\u00e4ningskytte. I jaktstigar anv\u00e4nds oftast\u00a0hagelvapen, men det finns \u00e4ven kuljaktstigar. Jaktstigen g\u00e5r till s\u00e5 att den deltagande g\u00e5r runt en snitslad bana med vanligen 8 stationer. Vid varje station ska den deltagande vanligen skjuta p\u00e5 tv\u00e5 s\u00e5 kallade\u00a0jaktstigsfigurer. I jaktstigsfigurerna finns en lapp i vilken antalet tr\u00e4ffade hagel r\u00e4knas och fylls i [&hellip;]<\/p>\n","protected":false},"author":39,"featured_media":0,"parent":804,"menu_order":0,"comment_status":"closed","ping_status":"closed","template":"","meta":{"footnotes":""},"class_list":["post-857","page","type-page","status-publish","hentry"],"_links":{"self":[{"href":"https:\/\/krets.jagareforbundet.se\/eksjo\/wp-json\/wp\/v2\/pages\/857","targetHints":{"allow":["GET"]}}],"collection":[{"href":"https:\/\/krets.jagareforbundet.se\/eksjo\/wp-json\/wp\/v2\/pages"}],"about":[{"href":"https:\/\/krets.jagareforbundet.se\/eksjo\/wp-json\/wp\/v2\/types\/page"}],"author":[{"embeddable":true,"href":"https:\/\/krets.jagareforbundet.se\/eksjo\/wp-json\/wp\/v2\/users\/39"}],"replies":[{"embeddable":true,"href":"https:\/\/krets.jagareforbundet.se\/eksjo\/wp-json\/wp\/v2\/comments?post=857"}],"version-history":[{"count":3,"href":"https:\/\/krets.jagareforbundet.se\/eksjo\/wp-json\/wp\/v2\/pages\/857\/revisions"}],"predecessor-version":[{"id":1024,"href":"https:\/\/krets.jagareforbundet.se\/eksjo\/wp-json\/wp\/v2\/pages\/857\/revisions\/1024"}],"up":[{"embeddable":true,"href":"https:\/\/krets.jagareforbundet.se\/eksjo\/wp-json\/wp\/v2\/pages\/804"}],"wp:attachment":[{"href":"https:\/\/krets.jagareforbundet.se\/eksjo\/wp-json\/wp\/v2\/media?parent=857"}],"curies":[{"name":"wp","href":"https:\/\/api.w.org\/{rel}","templated":true}]}}