{"id":131,"date":"2012-05-07T21:41:44","date_gmt":"2012-05-07T19:41:44","guid":{"rendered":"https:\/\/krets.jagareforbundet.se\/falu\/?page_id=131"},"modified":"2021-02-21T18:06:48","modified_gmt":"2021-02-21T17:06:48","slug":"valkommen-till-falu-jaktvardskrets-3","status":"publish","type":"page","link":"https:\/\/krets.jagareforbundet.se\/falu\/","title":{"rendered":"J\u00e4garef\u00f6rbundet Falu Jaktv\u00e5rdskrets"},"content":{"rendered":"<p>&nbsp;<\/p>\n<p>Falu Jaktv\u00e5rdskrets \u00e4r aktiv inom Falu kommun. Idag \u00e4r vi ca 1200 medlemmar och vill g\u00e4rna \u00f6ka v\u00e5rt medlemsantal.<\/p>\n<p>V\u00c5GA FR\u00c5GA &#8211; Fr\u00e5ga din jaktkamrat om han\/hon \u00e4r medlem eller inte. Ska vi lyckas i jaktfr\u00e5gor och ha lika bra f\u00f6ruts\u00e4ttningar f\u00f6r jakt under eget ansvar i framtiden g\u00e4ller det att vi \u00e4r organiserade, kunniga och enade.\u00a0 Ju fler vi \u00e4r desto st\u00f6rre p\u00e5verkansm\u00f6jligheter har vi, som sagt V\u00c5GA FR\u00c5GA!<\/p>\n<h2><strong><a href=\"http:\/\/jagareforbundet.se\/medlem\/\">Bli medlem nu! &gt;&gt;<\/a><\/strong><\/h2>\n<p><strong>Vi kommer att f\u00f6rs\u00f6ka jobba utifr\u00e5n ett nytt arbetss\u00e4tt, du finner arbetss\u00e4ttet under rubriken -Om Falu JVK. Vet du n\u00e5gon som kan vara aktuell som ansvarig f\u00f6r respektive ansvarsomr\u00e5de \u00e4r du v\u00e4lkommen att h\u00f6ra av dig till styrelsen.<\/strong><\/p>\n<p>Vi har beslutat att arbeta med en hemsida dit du kommit nu. Kom g\u00e4rna med f\u00f6rslag\u00a0p\u00e5\u00a0material som vi kan publicera p\u00e5 hemsidan. <a href=\"mailto:falujvk@telia.com\">falujvk@telia.com<\/a><\/p>\n\n<!-- iframe plugin v.6.0 wordpress.org\/plugins\/iframe\/ -->\n<iframe loading=\"lazy\" src=\"\/\/www.facebook.com\/plugins\/likebox.php?href=https%3A%2F%2Fwww.facebook.com%2Fpages%2FJ%25C3%25A4garef%25C3%25B6rbundet-Falu-Jaktv%25C3%25A5rdskrets%2F284695424951850%3Fref%3Dhl&#038;width=700&#038;height=590&#038;colorscheme=light&#038;show_faces=true&#038;header=true&#038;stream=true&#038;show_border=true\" scrolling=\"no\" frameborder=\"0\" style=\"border:none; overflow:hidden; width:700px; height:590px;\" 0=\"allowTransparency=&quot;true&quot;&gt;&lt;\/iframe\" width=\"100%\" height=\"500\" class=\"iframe-class\"><\/iframe>\n\n<p>&nbsp;<\/p>\n","protected":false},"excerpt":{"rendered":"<p>&nbsp; Falu Jaktv\u00e5rdskrets \u00e4r aktiv inom Falu kommun. Idag \u00e4r vi ca 1200 medlemmar och vill g\u00e4rna \u00f6ka v\u00e5rt medlemsantal. V\u00c5GA FR\u00c5GA &#8211; Fr\u00e5ga din jaktkamrat om han\/hon \u00e4r medlem eller inte. Ska vi lyckas i jaktfr\u00e5gor och ha lika bra f\u00f6ruts\u00e4ttningar f\u00f6r jakt under eget ansvar i framtiden g\u00e4ller det att vi \u00e4r organiserade, [&hellip;]<\/p>\n","protected":false},"author":3,"featured_media":0,"parent":0,"menu_order":0,"comment_status":"open","ping_status":"open","template":"","meta":{"footnotes":""},"class_list":["post-131","page","type-page","status-publish","hentry"],"_links":{"self":[{"href":"https:\/\/krets.jagareforbundet.se\/falu\/wp-json\/wp\/v2\/pages\/131","targetHints":{"allow":["GET"]}}],"collection":[{"href":"https:\/\/krets.jagareforbundet.se\/falu\/wp-json\/wp\/v2\/pages"}],"about":[{"href":"https:\/\/krets.jagareforbundet.se\/falu\/wp-json\/wp\/v2\/types\/page"}],"author":[{"embeddable":true,"href":"https:\/\/krets.jagareforbundet.se\/falu\/wp-json\/wp\/v2\/users\/3"}],"replies":[{"embeddable":true,"href":"https:\/\/krets.jagareforbundet.se\/falu\/wp-json\/wp\/v2\/comments?post=131"}],"version-history":[{"count":2,"href":"https:\/\/krets.jagareforbundet.se\/falu\/wp-json\/wp\/v2\/pages\/131\/revisions"}],"predecessor-version":[{"id":741,"href":"https:\/\/krets.jagareforbundet.se\/falu\/wp-json\/wp\/v2\/pages\/131\/revisions\/741"}],"wp:attachment":[{"href":"https:\/\/krets.jagareforbundet.se\/falu\/wp-json\/wp\/v2\/media?parent=131"}],"curies":[{"name":"wp","href":"https:\/\/api.w.org\/{rel}","templated":true}]}}

Jägareförbundet Falu Jaktvårdskrets

<p>&nbsp;</p>
<p>Falu Jaktvårdskrets är aktiv inom Falu kommun. Idag är vi ca 1200 medlemmar och vill gärna öka vårt medlemsantal.</p>
<p>VÅGA FRÅGA &#8211; Fråga din jaktkamrat om han/hon är medlem eller inte. Ska vi lyckas i jaktfrågor och ha lika bra förutsättningar för jakt under eget ansvar i framtiden gäller det att vi är organiserade, kunniga och enade.  Ju fler vi är desto större påverkansmöjligheter har vi, som sagt VÅGA FRÅGA!</p>
<h2><strong><a href="http://jagareforbundet.se/medlem/">Bli medlem nu! &gt;&gt;</a></strong></h2>
<p><strong>Vi kommer att försöka jobba utifrån ett nytt arbetssätt, du finner arbetssättet under rubriken -Om Falu JVK. Vet du någon som kan vara aktuell som ansvarig för respektive ansvarsområde är du välkommen att höra av dig till styrelsen.</strong></p>
<p>Vi har beslutat att arbeta med en hemsida dit du kommit nu. Kom gärna med förslag på material som vi kan publicera på hemsidan. <a href="mailto:falujvk@telia.com">falujvk@telia.com</a></p>

<!-- iframe plugin v.6.0 wordpress.org/plugins/iframe/ -->
<iframe loading="lazy" src="//www.facebook.com/plugins/likebox.php?href=https%3A%2F%2Fwww.facebook.com%2Fpages%2FJ%25C3%25A4garef%25C3%25B6rbundet-Falu-Jaktv%25C3%25A5rdskrets%2F284695424951850%3Fref%3Dhl&#038;width=700&#038;height=590&#038;colorscheme=light&#038;show_faces=true&#038;header=true&#038;stream=true&#038;show_border=true" scrolling="no" frameborder="0" style="border:none; overflow:hidden; width:700px; height:590px;" 0="allowTransparency=&quot;true&quot;&gt;&lt;/iframe" width="100%" height="500" class="iframe-class"></iframe>

<p>&nbsp;</p>

<p>&nbsp; Falu Jaktvårdskrets är aktiv inom Falu kommun. Idag är vi ca 1200 medlemmar och vill gärna öka vårt medlemsantal. VÅGA FRÅGA &#8211; Fråga din jaktkamrat om han/hon är medlem eller inte. Ska vi lyckas i jaktfrågor och ha lika bra förutsättningar för jakt under eget ansvar i framtiden gäller det att vi är organiserade, [&hellip;]</p>
