{"id":1123,"date":"2013-03-21T09:59:28","date_gmt":"2013-03-21T08:59:28","guid":{"rendered":"https:\/\/krets.jagareforbundet.se\/folkarna\/?page_id=1123"},"modified":"2017-02-23T09:10:00","modified_gmt":"2017-02-23T08:10:00","slug":"mark-viltvard","status":"publish","type":"page","link":"https:\/\/krets.jagareforbundet.se\/folkarna\/mark-viltvard\/","title":{"rendered":"Mark &amp; Viltv\u00e5rd"},"content":{"rendered":"<p style=\"text-align: center\">\n<p><iframe loading=\"lazy\" title=\"INGVAR CARLSSON - FRILUFTSLIV I SVERIGE\" width=\"500\" height=\"281\" src=\"https:\/\/www.youtube.com\/embed\/lZjslOgk-gg?feature=oembed\" frameborder=\"0\" allow=\"accelerometer; autoplay; clipboard-write; encrypted-media; gyroscope; picture-in-picture; web-share\" referrerpolicy=\"strict-origin-when-cross-origin\" allowfullscreen><\/iframe><\/p>\n<p style=\"text-align: left\">Mark &amp; Viltv\u00e5rd \u00e4r tv\u00e5 n\u00e4rliggande omr\u00e5den som oftast betraktas som motst\u00e5endefulla, men ack s\u00e5 fel. Det \u00e4r f\u00f6rst n\u00e4r dessa g\u00e5r i takt som den verkliga omtanken om dessa v\u00e5ra gemensamma resurser ger resultat.<\/p>\n<p>Mark\u00e4gare som sk\u00f6ter sin skog och sina \u00e4ngar f\u00e5r alltid gl\u00e4djas \u00e5t en avkastning som inte bara m\u00e4rks i pl\u00e5nboken utan ocks\u00e5 i den stora tillfredsst\u00e4llelsen, att se en vacker och djurrik natur.<\/p>\n<p>Viltv\u00e5rden sp\u00e4nner \u00f6ver ett stort omr\u00e5de d\u00e4r jakten faktiskt \u00e4r den viktigaste, det g\u00e4ller skadedjuren, som alltid \u00e4r \u00e4ven dessa med i m\u00e5ngfalden , men antalet avg\u00f6r skadans storlek.<\/p>\n<p>Ta som exempel viltstenar, som h\u00e4r i v\u00e5rt omr\u00e5de \u00e4r ytterst viktiga f\u00f6r kl\u00f6vdjuren, d\u00e5 dessa annars lider brist p\u00e5 de mineraler som dessa saltstenar berikats med till skillnad fr\u00e5n saltsten f\u00f6r tamdjur. Det kan till och med vara s\u00e5 att plantbetning som ofta sker av bla r\u00e5djur och \u00e4lg beror p\u00e5 mineralbrist.\u00a0Saltsten f\u00f6r viltet \u00e4r beg\u00e4rligt och sp\u00e5r\u00e4mnena \u00e4r viktiga f\u00f6r hondjur och kalvar, speciellt under tiden d\u00e5\u00a0hondjuren \u00e4r dr\u00e4ktiga.<\/p>\n<p>Djur som inte har naturliga fiender kommer om\u00a0populationen\u00a0till\u00e5ts v\u00e4xa sig f\u00f6r stor, bidra till en biologisk oh\u00e4lsa som medf\u00f6r on\u00f6digt lidande f\u00f6r dessa arter.<\/p>\n<p>Viltv\u00e5rd syftar till att p\u00e5 n\u00e5got s\u00e4tt f\u00f6rb\u00e4ttra levnadsbetingelserna f\u00f6r en eller flera viltarter. Det kan handla om \u00e5tg\u00e4rder f\u00f6r att f\u00f6rb\u00e4ttra tillg\u00e5ngen till f\u00f6da, skydd och vatten, men \u00e4ven att minska predation genom jakt p\u00e5 rovdjur och att beskatta viltpopulationerna p\u00e5 ett h\u00e5llbart s\u00e4tt.<\/p>\n<p>All riktad utfodring bidrar dock till att ocks\u00e5 f\u00f6da skadedjuren, tex. all matning av sm\u00e5f\u00e5glar g\u00f6r att svartf\u00e5gel f\u00e5r mat, s\u00e5 ju mer matning ju mer omfattande jakt p\u00e5 skadedjuren kr\u00e4vs, f\u00f6r att uppr\u00e4tth\u00e5lla balansen. En m\u00f6jlighet som \u00f6vriga naturv\u00e5rdare saknar.<\/p>\n<p>Vill du l\u00e4sa mer k\u00f6p denna bok &gt;&gt; <span style=\"color: #993300\"><strong><a href=\"http:\/\/shop.textalk.se\/se\/article.php?id=33011&amp;art=16108795\">H\u00e4r<\/a>\u00a0 \u00a0 \u00a0 Vill du s\u00f6ka bidrag till n\u00e5gon viktig \u00e5tg\u00e4rd &gt;&gt; <a href=\"https:\/\/krets.jagareforbundet.se\/folkarna\/files\/2013\/03\/Mark\u00e4gare-Avesta.pdf\">H\u00e4r<\/a><\/strong><\/span><\/p>\n<p style=\"text-align: center\"><a href=\"https:\/\/krets.jagareforbundet.se\/folkarna\/files\/2013\/03\/viltvardsbroschyr-faltvilt-2016-07-051.pdf\" class=\"woo-sc-button  silver large\" ><span class=\"woo-\">F\u00e4ltvilt i Fokus<\/span><\/a>\u00a0<a href=\"https:\/\/krets.jagareforbundet.se\/folkarna\/files\/2013\/03\/forhallningssatt-skogsbruket-jagareforbundet4.pdf\" class=\"woo-sc-button  silver large\" ><span class=\"woo-\">Skogsbruk &#8211; Jakt<\/span><\/a><\/p>\n","protected":false},"excerpt":{"rendered":"<p>Mark &amp; Viltv\u00e5rd \u00e4r tv\u00e5 n\u00e4rliggande omr\u00e5den som oftast betraktas som motst\u00e5endefulla, men ack s\u00e5 fel. Det \u00e4r f\u00f6rst n\u00e4r dessa g\u00e5r i takt som den verkliga omtanken om dessa v\u00e5ra gemensamma resurser ger resultat. Mark\u00e4gare som sk\u00f6ter sin skog och sina \u00e4ngar f\u00e5r alltid gl\u00e4djas \u00e5t en avkastning som inte bara m\u00e4rks i pl\u00e5nboken [&hellip;]<\/p>\n","protected":false},"author":78,"featured_media":0,"parent":0,"menu_order":7,"comment_status":"open","ping_status":"open","template":"","meta":{"footnotes":""},"class_list":["post-1123","page","type-page","status-publish","hentry"],"_links":{"self":[{"href":"https:\/\/krets.jagareforbundet.se\/folkarna\/wp-json\/wp\/v2\/pages\/1123","targetHints":{"allow":["GET"]}}],"collection":[{"href":"https:\/\/krets.jagareforbundet.se\/folkarna\/wp-json\/wp\/v2\/pages"}],"about":[{"href":"https:\/\/krets.jagareforbundet.se\/folkarna\/wp-json\/wp\/v2\/types\/page"}],"author":[{"embeddable":true,"href":"https:\/\/krets.jagareforbundet.se\/folkarna\/wp-json\/wp\/v2\/users\/78"}],"replies":[{"embeddable":true,"href":"https:\/\/krets.jagareforbundet.se\/folkarna\/wp-json\/wp\/v2\/comments?post=1123"}],"version-history":[{"count":1,"href":"https:\/\/krets.jagareforbundet.se\/folkarna\/wp-json\/wp\/v2\/pages\/1123\/revisions"}],"predecessor-version":[{"id":5832,"href":"https:\/\/krets.jagareforbundet.se\/folkarna\/wp-json\/wp\/v2\/pages\/1123\/revisions\/5832"}],"wp:attachment":[{"href":"https:\/\/krets.jagareforbundet.se\/folkarna\/wp-json\/wp\/v2\/media?parent=1123"}],"curies":[{"name":"wp","href":"https:\/\/api.w.org\/{rel}","templated":true}]}}