{"id":1145,"date":"2013-03-21T12:48:20","date_gmt":"2013-03-21T11:48:20","guid":{"rendered":"https:\/\/krets.jagareforbundet.se\/folkarna\/?page_id=1145"},"modified":"2015-03-24T22:26:42","modified_gmt":"2015-03-24T21:26:42","slug":"algskotselomraden","status":"publish","type":"page","link":"https:\/\/krets.jagareforbundet.se\/folkarna\/jaktfragor\/algjakt\/algskotselomraden\/","title":{"rendered":"\u00c4lgsk\u00f6tsel"},"content":{"rendered":"<p><a href=\"http:\/\/www.saso.se\/\" class=\"woo-sc-button  silver\" ><span class=\"woo-\">Stj\u00e4rnsunds \u00c4SO<\/span><\/a>\u00a0<a href=\"http:\/\/www.garpberget.se\/\" class=\"woo-sc-button  silver\" ><span class=\"woo-\">Garpenberg \u00c4SO<\/span><\/a>\u00a0<a href=\"https:\/\/krets.jagareforbundet.se\/folkarna\/jaktlagens-hemsidor\/soder-dalalven-aso\/\" class=\"woo-sc-button  silver\" ><span class=\"woo-\">S\u00f6der Dal\u00e4lven \u00c4SO<\/span><\/a><\/p>\n<p>\u00c4lgsk\u00f6tselomr\u00e5den regleras utanf\u00f6r lagarna som \u00a0<strong>NFS 2011:7<\/strong><\/p>\n<p><strong>Naturv\u00e5rdsverkets f\u00f6reskrifter och allm\u00e4nna r\u00e5d om jakt<\/strong><\/p>\n<p><strong>efter \u00e4lg och kronhjort;\u00a0<\/strong>beslutade den 9 december 2011.<\/p>\n<p><strong>\u00a0<\/strong><strong>\u00c4lgsk\u00f6tselomr\u00e5den<\/strong><\/p>\n<p><strong>27 \u00a7\u00a0<\/strong>En \u00e4lgsk\u00f6tselplan ska bifogas ans\u00f6kan om registrering av \u00e4lgsk\u00f6tselomr\u00e5de och ska fastst\u00e4llas av l\u00e4nsstyrelsen. \u00c4lgsk\u00f6tselplanen ska bidra till en adaptiv(Att vara adaptiv \u00e4r att anpassa sig till nya f\u00f6rh\u00e5llanden) f\u00f6rvaltning och till att \u00e4lgf\u00f6rvaltningsplanens m\u00e5l genomf\u00f6rs. Planen ska tas fram efter samr\u00e5d med \u00e4lgf\u00f6rvaltningsgruppen. \u00a0En \u00e4lgsk\u00f6tselplan omfattar en period om tre \u00e5r, om inte l\u00e4nsstyrelsen beslutar annat, och ska alltid inneh\u00e5lla<\/p>\n<p>1. en beskrivning av den l\u00e5ngsiktiga m\u00e5ls\u00e4ttningen f\u00f6r sk\u00f6tseln av \u00e4lgstammen inom omr\u00e5det,<\/p>\n<p>2. en uppf\u00f6ljning av f\u00f6reg\u00e5ende \u00e4lgsk\u00f6tselplan,<\/p>\n<p>3. en bed\u00f6mning av f\u00f6rekomsten av \u00e4lg inom omr\u00e5det, f\u00f6rdelat p\u00e5 tjur, ko och kalv, utifr\u00e5n vinterstam och i f\u00f6rekommande fall uppdelad p\u00e5 fast stam och vandrings\u00e4lgar,<\/p>\n<p>4. en beskrivning av betessituationen i omr\u00e5det och vilka \u00e5tg\u00e4rder som ska vidtas f\u00f6r att begr\u00e4nsa skador av \u00e4lg p\u00e5 gr\u00f6da och skog inklusive biologisk m\u00e5ngfald,<\/p>\n<p>5. en beskrivning av de \u00e5tg\u00e4rder som kan vidtas om uppsatta m\u00e5l f\u00f6r f\u00f6rvaltningen inte ser ut att kunna uppn\u00e5s, exempelvis f\u00f6r att minska risken f\u00f6r trafikskador orsakade av \u00e4lg,<\/p>\n<p>6. en redovisning av de inventeringar som planeras att genomf\u00f6ras under planperioden,<\/p>\n<p>7. uppgift om hur stor den \u00e5rliga avskjutningen b\u00f6r vara f\u00f6rdelat p\u00e5 tjur, ko och \u00e5rskalv samt \u00e4lgf\u00f6rvaltningsgruppens skriftliga tillstyrkan av \u00e4lgsk\u00f6tselplanen<\/p>\n<p>Skulle \u00e4lgf\u00f6rvaltningsgruppen inte tillstyrka att l\u00e4nsstyrelsen fastst\u00e4ller \u00a0\u00e4lgsk\u00f6tselplanen ska l\u00e4nsstyrelsen ta st\u00e4llning till om planen \u00e4nd\u00e5 kan fastst\u00e4llas.<\/p>\n<p>F\u00f6retr\u00e4dare f\u00f6r \u00e4lgsk\u00f6tselomr\u00e5det ska minst en g\u00e5ng om \u00e5ret g\u00f6ra en uppf\u00f6ljning av \u00e4lgsk\u00f6tselplanen och vid behov vidta \u00e5tg\u00e4rder och f\u00f6resl\u00e5 \u00e4ndringar f\u00f6r l\u00e4nsstyrelsens fastst\u00e4llande. F\u00f6retr\u00e4dare f\u00f6r \u00e4lgsk\u00f6tselomr\u00e5det ska ocks\u00e5, i god tid f\u00f6re det att planperioden g\u00e5r ut, inkomma med en ny plan, framtagen enligt ovan.<\/p>\n<p><strong>28 \u00a7\u00a0<\/strong>F\u00f6retr\u00e4dare f\u00f6r \u00e4lgsk\u00f6tselomr\u00e5det ska se till att \u00e5rliga protokollf\u00f6rda samr\u00e5d h\u00e5lls med ber\u00f6rda fastighets\u00e4gare, jaktr\u00e4ttshavare och viltv\u00e5rdsomr\u00e5desf\u00f6reningar inom \u00e4lgsk\u00f6tselomr\u00e5det samt att omr\u00e5det deltar i \u00e4lgf\u00f6rvaltningsomr\u00e5dets samr\u00e5d. Samr\u00e5dsprotokollen f\u00f6r \u00e4lgsk\u00f6tselomr\u00e5de ska bevaras under minst fem \u00e5r och ska p\u00e5 beg\u00e4ran ges in till l\u00e4nsstyrelsen.<\/p>\n<p><strong>29 \u00a7\u00a0<\/strong>L\u00e4nsstyrelsen ska regelbundet och minst vart tredje \u00e5r, p\u00e5 eget initiativeller efter framst\u00e4llan av \u00e4lgf\u00f6rvaltningsgruppen, g\u00f6ra en \u00f6versyn av \u00e4lgsk\u00f6tselplanerna och vid behov vidta \u00e5tg\u00e4rder. \u00a0Avregistrering<\/p>\n<p><strong><span style=\"color: #993300\">Har du \u00e5sikter om vad som skulle kunna f\u00f6rb\u00e4ttras i systemet, dvs det som vi sj\u00e4lva inte kan best\u00e4mma i JL eller \u00a0\u00c4SO. Summan du m\u00e5ste skriva in \u00e4r en sp\u00e4rr mot robotmeddelanden. Skriv in ditt eller jaktlagets f\u00f6rslag i formul\u00e4ret nedan s\u00e5\u00a0vidarebefordrar\u00a0FJVK det vidare.<\/span><\/strong><\/p>\n","protected":false},"excerpt":{"rendered":"<p>\u00a0\u00a0 \u00c4lgsk\u00f6tselomr\u00e5den regleras utanf\u00f6r lagarna som \u00a0NFS 2011:7 Naturv\u00e5rdsverkets f\u00f6reskrifter och allm\u00e4nna r\u00e5d om jakt efter \u00e4lg och kronhjort;\u00a0beslutade den 9 december 2011. \u00a0\u00c4lgsk\u00f6tselomr\u00e5den 27 \u00a7\u00a0En \u00e4lgsk\u00f6tselplan ska bifogas ans\u00f6kan om registrering av \u00e4lgsk\u00f6tselomr\u00e5de och ska fastst\u00e4llas av l\u00e4nsstyrelsen. \u00c4lgsk\u00f6tselplanen ska bidra till en adaptiv(Att vara adaptiv \u00e4r att anpassa sig till nya f\u00f6rh\u00e5llanden) f\u00f6rvaltning [&hellip;]<\/p>\n","protected":false},"author":78,"featured_media":0,"parent":379,"menu_order":9,"comment_status":"open","ping_status":"open","template":"template-contact.php","meta":{"footnotes":""},"class_list":["post-1145","page","type-page","status-publish","hentry"],"_links":{"self":[{"href":"https:\/\/krets.jagareforbundet.se\/folkarna\/wp-json\/wp\/v2\/pages\/1145","targetHints":{"allow":["GET"]}}],"collection":[{"href":"https:\/\/krets.jagareforbundet.se\/folkarna\/wp-json\/wp\/v2\/pages"}],"about":[{"href":"https:\/\/krets.jagareforbundet.se\/folkarna\/wp-json\/wp\/v2\/types\/page"}],"author":[{"embeddable":true,"href":"https:\/\/krets.jagareforbundet.se\/folkarna\/wp-json\/wp\/v2\/users\/78"}],"replies":[{"embeddable":true,"href":"https:\/\/krets.jagareforbundet.se\/folkarna\/wp-json\/wp\/v2\/comments?post=1145"}],"version-history":[{"count":0,"href":"https:\/\/krets.jagareforbundet.se\/folkarna\/wp-json\/wp\/v2\/pages\/1145\/revisions"}],"up":[{"embeddable":true,"href":"https:\/\/krets.jagareforbundet.se\/folkarna\/wp-json\/wp\/v2\/pages\/379"}],"wp:attachment":[{"href":"https:\/\/krets.jagareforbundet.se\/folkarna\/wp-json\/wp\/v2\/media?parent=1145"}],"curies":[{"name":"wp","href":"https:\/\/api.w.org\/{rel}","templated":true}]}}