{"id":1161,"date":"2013-03-21T19:58:24","date_gmt":"2013-03-21T18:58:24","guid":{"rendered":"https:\/\/krets.jagareforbundet.se\/folkarna\/?page_id=1161"},"modified":"2015-04-19T14:12:59","modified_gmt":"2015-04-19T12:12:59","slug":"spar","status":"publish","type":"page","link":"https:\/\/krets.jagareforbundet.se\/folkarna\/jaktfragor\/spar\/","title":{"rendered":"Sp\u00e5r"},"content":{"rendered":"<p><img loading=\"lazy\" decoding=\"async\" class=\"aligncenter size-large wp-image-1162\" title=\"Vildsvinskl\u00f6v\" src=\"https:\/\/krets.jagareforbundet.se\/folkarna\/files\/2013\/03\/DSCF1012-3-1024x720.jpg\" alt=\"\" width=\"1024\" height=\"720\" srcset=\"https:\/\/krets.jagareforbundet.se\/folkarna\/files\/2013\/03\/DSCF1012-3-1024x720.jpg 1024w, https:\/\/krets.jagareforbundet.se\/folkarna\/files\/2013\/03\/DSCF1012-3-300x210.jpg 300w, https:\/\/krets.jagareforbundet.se\/folkarna\/files\/2013\/03\/DSCF1012-3.jpg 1065w\" sizes=\"auto, (max-width: 1024px) 100vw, 1024px\" \/><\/p>\n<p>Djurens sp\u00e5r, blir allt viktigare f\u00f6r att inventera\u00a0populationernas\u00a0storlek \u00a0det blir ocks\u00e5 allt viktigare att kunskapen sprids till allt fler j\u00e4gare. Sp\u00e5ren \u00e4r inte bara utseendet av avtrycken utan lika mycket hur sp\u00e5rl\u00f6pan ser ut.<\/p>\n<p><a href=\"https:\/\/krets.jagareforbundet.se\/folkarna\/files\/2013\/03\/varg2.jpg\"><img loading=\"lazy\" decoding=\"async\" class=\"alignleft size-thumbnail wp-image-2280\" title=\"Klicka f\u00f6r full bild\" src=\"https:\/\/krets.jagareforbundet.se\/folkarna\/files\/2013\/03\/varg2-150x150.jpg\" alt=\"\" width=\"150\" height=\"150\" \/><\/a><\/p>\n<h2>Vargens sp\u00e5r och sp\u00e5rtecken<\/h2>\n<p><em>Framfot: l\u00e4ngd 9-12 cm<\/em><br \/>\n<em>Bakfot: l\u00e4ngd 8-10 cm<\/em><\/p>\n<p>Tassavtryck fr\u00e5n varg, liksom fr\u00e5n \u00f6vriga hunddjur, visar fyra symmetriskt placerade t\u00e5r.<\/p>\n<p>De b\u00e5da mellersta t\u00e5rna \u00e4r lika l\u00e5nga (n\u00e5r lika l\u00e5ngt fram i sp\u00e5ret) och de tv\u00e5 yttre t\u00e5rna \u00e4r lika l\u00e5nga, men tydligt kortare \u00e4n mellant\u00e5rna.<\/p>\n<p>Klom\u00e4rkena \u00e4r grova, men kan saknas p\u00e5 h\u00e5rda underlag. St\u00e4mplar efter slutna tassar \u00e4r l\u00e5ngsmala och har en tydligt oval form som syns b\u00e4st p\u00e5 bakfoten.<\/p>\n<p>Vanligtvis syns tydliga klom\u00e4rken.??Framf\u00f6tterna \u00e4r vanligen tydligt st\u00f6rre \u00e4n bakf\u00f6tterna. En detalj som skiljer fram- och bakfotsp\u00e5r \u00e4r mellanfotsdynans bakkant, som buktar fram\u00e5t (= konkav) i ett framfotssp\u00e5r medan den buktar bak\u00e5t (= konvex) i ett bakfotssp\u00e5r.<\/p>\n<p>Vargen f\u00f6rflyttar sig vanligen i trav. Sp\u00e5rl\u00f6pan \u00e4r rak och medveten. Normal stegl\u00e4ngden i trav \u00e4r 120-160 cm, men p\u00e5 h\u00e5rt underlag kan den bli upp till 2 m.<\/p>\n<p>Vargen \u00e4r tung i f\u00f6rh\u00e5llande till tassarnas yta och sjunker d\u00e4rf\u00f6r relativt djupt ned i sn\u00f6. F\u00f6r att spara energi anv\u00e4nder sig vargen ofta av skotersp\u00e5r, diken och plogade skogsv\u00e4gar.<\/p>\n<p>Vargen viker som regel undan f\u00f6r broar, st\u00e4ngsel och dylikt och kan ta l\u00e5nga omv\u00e4gar f\u00f6r att undvika dessa.<\/p>\n<p>Unga individer kan upptr\u00e4da mer leklystet och energisl\u00f6sande \u00e4n \u00e4ldre. De kan ibland ocks\u00e5 uppvisa ov\u00e4ntade beteenden som att f\u00f6lja trafikerade sm\u00e5v\u00e4gar, g\u00e5 in till bebyggelse, korsa staket m.m.<\/p>\n<p>Det h\u00e4nder ocks\u00e5 att vuxna djur, som inte har d\u00e5liga erfarenheter av m\u00e4nniskor, r\u00f6r sig n\u00e4ra bebyggelse. Fr\u00e5n november \u00e4r ungvargarnas sp\u00e5ravtryck lika stora som de vuxnas.<\/p>\n<p>Tar man t.ex. <strong>vargsp\u00e5r<\/strong> s\u00e5 finns det i Sverige ca sju hundraser som har samma storlek p\u00e5 avtrycket som varg, det \u00e4r allts\u00e5 inte storleken som avg\u00f6r, utan r\u00f6relsem\u00f6nster och stegl\u00e4ngden. \u00a0I r\u00f6relsem\u00f6nstret l\u00e4gger man ocks\u00e5 in g\u00e5ngarten, st\u00f6rre hundar galopperar ofta, vargen travar och skrittar (G\u00e5ng) . Hunden har st\u00e4ndig doftunders\u00f6kning p\u00e5 g\u00e5ng, l\u00e4mnar g\u00e5ngriktning f\u00f6r unders\u00f6kning, \u00e5terg\u00e5r sedan i g\u00e5ngriktningen. Att trampdynorna skulle bilda ett X \u00e4r inget att ta fasta p\u00e5.<\/p>\n<p>Framfot: l\u00e4ngd 9-12 cm Bakfot: l\u00e4ngd 8-10 cm<\/p>\n<p><a href=\"https:\/\/krets.jagareforbundet.se\/folkarna\/files\/2013\/03\/Vildsvinsspar1.jpg\"><img loading=\"lazy\" decoding=\"async\" class=\"alignleft size-medium wp-image-1163\" title=\"Vildsvinssp\u00e5r\" src=\"https:\/\/krets.jagareforbundet.se\/folkarna\/files\/2013\/03\/Vildsvinsspar1-300x225.jpg\" alt=\"\" width=\"300\" height=\"225\" srcset=\"https:\/\/krets.jagareforbundet.se\/folkarna\/files\/2013\/03\/Vildsvinsspar1-300x225.jpg 300w, https:\/\/krets.jagareforbundet.se\/folkarna\/files\/2013\/03\/Vildsvinsspar1-1024x768.jpg 1024w, https:\/\/krets.jagareforbundet.se\/folkarna\/files\/2013\/03\/Vildsvinsspar1.jpg 2048w\" sizes=\"auto, (max-width: 300px) 100vw, 300px\" \/><\/a><strong>Vildsvinssp\u00e5r<\/strong> kan f\u00f6rv\u00e4xlas med R\u00e5djur, st\u00f6rsta r\u00e5djurssp\u00e5ren och vilsdvinskultingar har ingen st\u00f6rre skillnad i l\u00e4ngd. Det som skiljer \u00e4r att l\u00e4ttkl\u00f6varna p\u00e5 R\u00e5djur ligger innanf\u00f6r kl\u00f6varna, medan vildsvinens ligger utanf\u00f6r kl\u00f6varna, och att kl\u00f6varna spretar ocks\u00e5 n\u00e5got ut\u00e5t (se bild)<\/p>\n<p><img loading=\"lazy\" decoding=\"async\" class=\"size-thumbnail wp-image-2282 alignright\" title=\"Sp\u00e5r med extremt utst\u00e5ende l\u00e4ttkl\u00f6var\" src=\"https:\/\/krets.jagareforbundet.se\/folkarna\/files\/2013\/03\/vildsvinsspar2-150x150.jpg\" alt=\"\" width=\"150\" height=\"150\" \/><\/p>\n<p>&nbsp;<\/p>\n<p>&nbsp;<\/p>\n<p>Mycket stora Vildsvin (&gt;150 kg) d\u00e5 kan sp\u00e5ret f\u00f6rv\u00e4xlas med \u00c4lgkalv beroende p\u00e5 \u00e5lder och underlag, men sp\u00e5rl\u00f6pan och stegl\u00e4ngden ger oftast svaret. Vid ett sn\u00f6djup \u00f6ver 40 cm bildas ett sp\u00e5rdike f\u00f6r vildsvin.<\/p>\n<div><a href=\"https:\/\/krets.jagareforbundet.se\/folkarna\/files\/2013\/03\/Lo20101.jpg\"><img loading=\"lazy\" decoding=\"async\" class=\"alignleft size-thumbnail wp-image-2289\" title=\"Lodjur\" src=\"https:\/\/krets.jagareforbundet.se\/folkarna\/files\/2013\/03\/Lo20101-150x150.jpg\" alt=\"\" width=\"150\" height=\"150\" \/><\/a><strong>Lodjuret\u00a0<\/strong>har till skillnad fr\u00e5n hund, r\u00e4v och varg, som har avl\u00e5nga sp\u00e5r, runda sp\u00e5r och en typisk g\u00e5ng. T\u00e4nk p\u00e5 att <strong>j\u00e4rv<\/strong> och <strong>utter<\/strong> har som m\u00e5rddjuren fem(5) t\u00e5r. \u00a0 \u00a0 \u00a0 \u00a0 \u00a0 \u00a0 \u00a0<a href=\"https:\/\/krets.jagareforbundet.se\/folkarna\/files\/2013\/03\/Uttersp\u00e5r.png\"><img loading=\"lazy\" decoding=\"async\" class=\"size-full wp-image-2294 alignright\" title=\"Uttersp\u00e5r\" src=\"https:\/\/krets.jagareforbundet.se\/folkarna\/files\/2013\/03\/Uttersp\u00e5r.png\" alt=\"\" width=\"250\" height=\"333\" \/><\/a><\/div>\n<div><\/div>\n<div><\/div>\n<div><\/div>\n<div><\/div>\n<div><\/div>\n<div><\/div>\n<div><strong>Utter<\/strong> l\u00e4mnar vid st\u00f6rre l\u00f6ssn\u00f6djup ett dike efter sig, sp\u00e5ren nedan \u00e4r vid sp\u00e5rsn\u00f6.\u00a0<a href=\"https:\/\/krets.jagareforbundet.se\/folkarna\/files\/2013\/03\/Sp\u00e5r-Rovdjur.jpg\"><img loading=\"lazy\" decoding=\"async\" class=\"size-large wp-image-2290 alignnone\" title=\"Klicka f\u00f6r full bild p\u00e5 Sp\u00e5r Rovdjur\" src=\"https:\/\/krets.jagareforbundet.se\/folkarna\/files\/2013\/03\/Sp\u00e5r-Rovdjur-826x1024.jpg\" alt=\"\" width=\"826\" height=\"1024\" \/><\/a><\/div>\n<div><a href=\"https:\/\/krets.jagareforbundet.se\/folkarna\/files\/2013\/03\/\u00c4lg.jpg\"><img loading=\"lazy\" decoding=\"async\" class=\" wp-image-2529\" title=\"\u00c4lgsp\u00e5ren \u00e4r i storlek d\u00e4r vildsvinssp\u00e5ren slutar i l\u00e4ngd och med l\u00e4ttkl\u00f6varna bakom kl\u00f6varna som f\u00f6r r\u00e5djuren.\" src=\"https:\/\/krets.jagareforbundet.se\/folkarna\/files\/2013\/03\/\u00c4lg.jpg\" alt=\"\" width=\"215\" height=\"129\" \/><\/a><a href=\"https:\/\/krets.jagareforbundet.se\/folkarna\/files\/2013\/03\/R\u00e5djur.jpg\"><img loading=\"lazy\" decoding=\"async\" class=\"alignright  wp-image-2532\" title=\"R\u00e5djurssp\u00e5r\" src=\"https:\/\/krets.jagareforbundet.se\/folkarna\/files\/2013\/03\/R\u00e5djur.jpg\" alt=\"\" width=\"218\" height=\"148\" \/><\/a><\/div>\n<div><\/div>\n<div style=\"text-align: center\"><a href=\"http:\/\/svenskjakt.se\/Start\/quiz\/vad-kan-du-om-spar\/\" class=\"woo-sc-button  silver large\" ><span class=\"woo-\">Testa dina kunskaper om sp\u00e5r H\u00c4R<\/span><\/a><\/div>\n","protected":false},"excerpt":{"rendered":"<p>Djurens sp\u00e5r, blir allt viktigare f\u00f6r att inventera\u00a0populationernas\u00a0storlek \u00a0det blir ocks\u00e5 allt viktigare att kunskapen sprids till allt fler j\u00e4gare. Sp\u00e5ren \u00e4r inte bara utseendet av avtrycken utan lika mycket hur sp\u00e5rl\u00f6pan ser ut. Vargens sp\u00e5r och sp\u00e5rtecken Framfot: l\u00e4ngd 9-12 cm Bakfot: l\u00e4ngd 8-10 cm Tassavtryck fr\u00e5n varg, liksom fr\u00e5n \u00f6vriga hunddjur, visar fyra [&hellip;]<\/p>\n","protected":false},"author":78,"featured_media":0,"parent":1705,"menu_order":4,"comment_status":"open","ping_status":"open","template":"","meta":{"footnotes":""},"class_list":["post-1161","page","type-page","status-publish","hentry"],"_links":{"self":[{"href":"https:\/\/krets.jagareforbundet.se\/folkarna\/wp-json\/wp\/v2\/pages\/1161","targetHints":{"allow":["GET"]}}],"collection":[{"href":"https:\/\/krets.jagareforbundet.se\/folkarna\/wp-json\/wp\/v2\/pages"}],"about":[{"href":"https:\/\/krets.jagareforbundet.se\/folkarna\/wp-json\/wp\/v2\/types\/page"}],"author":[{"embeddable":true,"href":"https:\/\/krets.jagareforbundet.se\/folkarna\/wp-json\/wp\/v2\/users\/78"}],"replies":[{"embeddable":true,"href":"https:\/\/krets.jagareforbundet.se\/folkarna\/wp-json\/wp\/v2\/comments?post=1161"}],"version-history":[{"count":0,"href":"https:\/\/krets.jagareforbundet.se\/folkarna\/wp-json\/wp\/v2\/pages\/1161\/revisions"}],"up":[{"embeddable":true,"href":"https:\/\/krets.jagareforbundet.se\/folkarna\/wp-json\/wp\/v2\/pages\/1705"}],"wp:attachment":[{"href":"https:\/\/krets.jagareforbundet.se\/folkarna\/wp-json\/wp\/v2\/media?parent=1161"}],"curies":[{"name":"wp","href":"https:\/\/api.w.org\/{rel}","templated":true}]}}

Spår

<p><img loading="lazy" decoding="async" class="aligncenter size-large wp-image-1162" title="Vildsvinsklöv" src="https://krets.jagareforbundet.se/folkarna/files/2013/03/DSCF1012-3-1024x720.jpg" alt="" width="1024" height="720" srcset="https://krets.jagareforbundet.se/folkarna/files/2013/03/DSCF1012-3-1024x720.jpg 1024w, https://krets.jagareforbundet.se/folkarna/files/2013/03/DSCF1012-3-300x210.jpg 300w, https://krets.jagareforbundet.se/folkarna/files/2013/03/DSCF1012-3.jpg 1065w" sizes="auto, (max-width: 1024px) 100vw, 1024px" /></p>
<p>Djurens spår, blir allt viktigare för att inventera populationernas storlek  det blir också allt viktigare att kunskapen sprids till allt fler jägare. Spåren är inte bara utseendet av avtrycken utan lika mycket hur spårlöpan ser ut.</p>
<p><a href="https://krets.jagareforbundet.se/folkarna/files/2013/03/varg2.jpg"><img loading="lazy" decoding="async" class="alignleft size-thumbnail wp-image-2280" title="Klicka för full bild" src="https://krets.jagareforbundet.se/folkarna/files/2013/03/varg2-150x150.jpg" alt="" width="150" height="150" /></a></p>
<h2>Vargens spår och spårtecken</h2>
<p><em>Framfot: längd 9-12 cm</em><br />
<em>Bakfot: längd 8-10 cm</em></p>
<p>Tassavtryck från varg, liksom från övriga hunddjur, visar fyra symmetriskt placerade tår.</p>
<p>De båda mellersta tårna är lika långa (når lika långt fram i spåret) och de två yttre tårna är lika långa, men tydligt kortare än mellantårna.</p>
<p>Klomärkena är grova, men kan saknas på hårda underlag. Stämplar efter slutna tassar är långsmala och har en tydligt oval form som syns bäst på bakfoten.</p>
<p>Vanligtvis syns tydliga klomärken.??Framfötterna är vanligen tydligt större än bakfötterna. En detalj som skiljer fram- och bakfotspår är mellanfotsdynans bakkant, som buktar framåt (= konkav) i ett framfotsspår medan den buktar bakåt (= konvex) i ett bakfotsspår.</p>
<p>Vargen förflyttar sig vanligen i trav. Spårlöpan är rak och medveten. Normal steglängden i trav är 120-160 cm, men på hårt underlag kan den bli upp till 2 m.</p>
<p>Vargen är tung i förhållande till tassarnas yta och sjunker därför relativt djupt ned i snö. För att spara energi använder sig vargen ofta av skoterspår, diken och plogade skogsvägar.</p>
<p>Vargen viker som regel undan för broar, stängsel och dylikt och kan ta långa omvägar för att undvika dessa.</p>
<p>Unga individer kan uppträda mer leklystet och energislösande än äldre. De kan ibland också uppvisa oväntade beteenden som att följa trafikerade småvägar, gå in till bebyggelse, korsa staket m.m.</p>
<p>Det händer också att vuxna djur, som inte har dåliga erfarenheter av människor, rör sig nära bebyggelse. Från november är ungvargarnas spåravtryck lika stora som de vuxnas.</p>
<p>Tar man t.ex. <strong>vargspår</strong> så finns det i Sverige ca sju hundraser som har samma storlek på avtrycket som varg, det är alltså inte storleken som avgör, utan rörelsemönster och steglängden.  I rörelsemönstret lägger man också in gångarten, större hundar galopperar ofta, vargen travar och skrittar (Gång) . Hunden har ständig doftundersökning på gång, lämnar gångriktning för undersökning, återgår sedan i gångriktningen. Att trampdynorna skulle bilda ett X är inget att ta fasta på.</p>
<p>Framfot: längd 9-12 cm Bakfot: längd 8-10 cm</p>
<p><a href="https://krets.jagareforbundet.se/folkarna/files/2013/03/Vildsvinsspar1.jpg"><img loading="lazy" decoding="async" class="alignleft size-medium wp-image-1163" title="Vildsvinsspår" src="https://krets.jagareforbundet.se/folkarna/files/2013/03/Vildsvinsspar1-300x225.jpg" alt="" width="300" height="225" srcset="https://krets.jagareforbundet.se/folkarna/files/2013/03/Vildsvinsspar1-300x225.jpg 300w, https://krets.jagareforbundet.se/folkarna/files/2013/03/Vildsvinsspar1-1024x768.jpg 1024w, https://krets.jagareforbundet.se/folkarna/files/2013/03/Vildsvinsspar1.jpg 2048w" sizes="auto, (max-width: 300px) 100vw, 300px" /></a><strong>Vildsvinsspår</strong> kan förväxlas med Rådjur, största rådjursspåren och vilsdvinskultingar har ingen större skillnad i längd. Det som skiljer är att lättklövarna på Rådjur ligger innanför klövarna, medan vildsvinens ligger utanför klövarna, och att klövarna spretar också något utåt (se bild)</p>
<p><img loading="lazy" decoding="async" class="size-thumbnail wp-image-2282 alignright" title="Spår med extremt utstående lättklövar" src="https://krets.jagareforbundet.se/folkarna/files/2013/03/vildsvinsspar2-150x150.jpg" alt="" width="150" height="150" /></p>
<p>&nbsp;</p>
<p>&nbsp;</p>
<p>Mycket stora Vildsvin (&gt;150 kg) då kan spåret förväxlas med Älgkalv beroende på ålder och underlag, men spårlöpan och steglängden ger oftast svaret. Vid ett snödjup över 40 cm bildas ett spårdike för vildsvin.</p>
<div><a href="https://krets.jagareforbundet.se/folkarna/files/2013/03/Lo20101.jpg"><img loading="lazy" decoding="async" class="alignleft size-thumbnail wp-image-2289" title="Lodjur" src="https://krets.jagareforbundet.se/folkarna/files/2013/03/Lo20101-150x150.jpg" alt="" width="150" height="150" /></a><strong>Lodjuret </strong>har till skillnad från hund, räv och varg, som har avlånga spår, runda spår och en typisk gång. Tänk på att <strong>järv</strong> och <strong>utter</strong> har som mårddjuren fem(5) tår.              <a href="https://krets.jagareforbundet.se/folkarna/files/2013/03/Utterspår.png"><img loading="lazy" decoding="async" class="size-full wp-image-2294 alignright" title="Utterspår" src="https://krets.jagareforbundet.se/folkarna/files/2013/03/Utterspår.png" alt="" width="250" height="333" /></a></div>
<div></div>
<div></div>
<div></div>
<div></div>
<div></div>
<div></div>
<div><strong>Utter</strong> lämnar vid större lössnödjup ett dike efter sig, spåren nedan är vid spårsnö. <a href="https://krets.jagareforbundet.se/folkarna/files/2013/03/Spår-Rovdjur.jpg"><img loading="lazy" decoding="async" class="size-large wp-image-2290 alignnone" title="Klicka för full bild på Spår Rovdjur" src="https://krets.jagareforbundet.se/folkarna/files/2013/03/Spår-Rovdjur-826x1024.jpg" alt="" width="826" height="1024" /></a></div>
<div><a href="https://krets.jagareforbundet.se/folkarna/files/2013/03/Älg.jpg"><img loading="lazy" decoding="async" class=" wp-image-2529" title="Älgspåren är i storlek där vildsvinsspåren slutar i längd och med lättklövarna bakom klövarna som för rådjuren." src="https://krets.jagareforbundet.se/folkarna/files/2013/03/Älg.jpg" alt="" width="215" height="129" /></a><a href="https://krets.jagareforbundet.se/folkarna/files/2013/03/Rådjur.jpg"><img loading="lazy" decoding="async" class="alignright  wp-image-2532" title="Rådjursspår" src="https://krets.jagareforbundet.se/folkarna/files/2013/03/Rådjur.jpg" alt="" width="218" height="148" /></a></div>
<div></div>
<div style="text-align: center"><a href="http://svenskjakt.se/Start/quiz/vad-kan-du-om-spar/" class="woo-sc-button  silver large" ><span class="woo-">Testa dina kunskaper om spår HÄR</span></a></div>

<p>Djurens spår, blir allt viktigare för att inventera populationernas storlek  det blir också allt viktigare att kunskapen sprids till allt fler jägare. Spåren är inte bara utseendet av avtrycken utan lika mycket hur spårlöpan ser ut. Vargens spår och spårtecken Framfot: längd 9-12 cm Bakfot: längd 8-10 cm Tassavtryck från varg, liksom från övriga hunddjur, visar fyra [&hellip;]</p>
