{"id":1176,"date":"2013-03-21T21:48:27","date_gmt":"2013-03-21T20:48:27","guid":{"rendered":"https:\/\/krets.jagareforbundet.se\/folkarna\/?page_id=1176"},"modified":"2018-09-18T16:28:21","modified_gmt":"2018-09-18T14:28:21","slug":"lodjur","status":"publish","type":"page","link":"https:\/\/krets.jagareforbundet.se\/folkarna\/lodjur\/","title":{"rendered":"Lodjur"},"content":{"rendered":"<p><img loading=\"lazy\" decoding=\"async\" class=\"aligncenter size-large wp-image-1178\" title=\"Foto \u00c5ke Berglund\" src=\"https:\/\/krets.jagareforbundet.se\/folkarna\/files\/2013\/03\/Loungar-SVVO-20122-1024x734.jpg\" alt=\"\" width=\"1024\" height=\"734\" srcset=\"https:\/\/krets.jagareforbundet.se\/folkarna\/files\/2013\/03\/Loungar-SVVO-20122-1024x734.jpg 1024w, https:\/\/krets.jagareforbundet.se\/folkarna\/files\/2013\/03\/Loungar-SVVO-20122-300x215.jpg 300w, https:\/\/krets.jagareforbundet.se\/folkarna\/files\/2013\/03\/Loungar-SVVO-20122.jpg 1143w\" sizes=\"auto, (max-width: 1024px) 100vw, 1024px\" \/><\/p>\n<p>Lodjuret r\u00f6r sig \u00f6ver stora omr\u00e5den, ett par mil, medan familjegrupper \u00e4r mer lokala.<\/p>\n<div class=\"woo-sc-box  info  rounded \">Losp\u00e5r \u00e4r ett s\u00e5dant sp\u00e5r som skall rapporteras \u00e4n s\u00e5 l\u00e4nge till kretsen och kan ske h\u00e4r nedan, senare direkt till L\u00e4nsstyrelsen n\u00e4r deras system blir tillg\u00e4ngligt. <\/div>\n<p><a href=\"https:\/\/krets.jagareforbundet.se\/folkarna\/files\/2013\/03\/lo-12-april-2011.jpg\"><img loading=\"lazy\" decoding=\"async\" class=\"wp-image-1479 alignright\" title=\"Lodjur Dalkarlshyttan Foto : Leif \u00d6ster\" src=\"https:\/\/krets.jagareforbundet.se\/folkarna\/files\/2013\/03\/lo-12-april-2011.jpg\" alt=\"\" width=\"336\" height=\"234\" srcset=\"https:\/\/krets.jagareforbundet.se\/folkarna\/files\/2013\/03\/lo-12-april-2011.jpg 431w, https:\/\/krets.jagareforbundet.se\/folkarna\/files\/2013\/03\/lo-12-april-2011-300x208.jpg 300w\" sizes=\"auto, (max-width: 336px) 100vw, 336px\" \/><\/a><\/p>\n<p><a href=\"https:\/\/krets.jagareforbundet.se\/folkarna\/files\/2013\/03\/Lo2010.jpg\"><img loading=\"lazy\" decoding=\"async\" class=\" wp-image-1179 alignleft\" title=\"Foto \u00c5ke Berglund, Losp\u00e5r \" src=\"https:\/\/krets.jagareforbundet.se\/folkarna\/files\/2013\/03\/Lo2010.jpg\" alt=\"\" width=\"246\" height=\"225\" srcset=\"https:\/\/krets.jagareforbundet.se\/folkarna\/files\/2013\/03\/Lo2010.jpg 375w, https:\/\/krets.jagareforbundet.se\/folkarna\/files\/2013\/03\/Lo2010-300x274.jpg 300w\" sizes=\"auto, (max-width: 246px) 100vw, 246px\" \/><\/a><\/p>\n<p>&nbsp;<\/p>\n<p>&nbsp;<\/p>\n<p>&nbsp;<\/p>\n<p>&nbsp;<\/p>\n<p>&nbsp;<\/p>\n<p>&nbsp;<\/p>\n<p>&nbsp;<\/p>\n<p>Efter starttiden f\u00f6r Lodjursjakten vanligen 1 mars tas inga observationer av Lodjur emot av LST, men kretsen tar emot alla observationer, \u00e5ret runt. rapporteras till <strong><a href=\"mailto:ake.f.berglund@bredband.net?subject=Rovdjursanm\u00e4lan\">\u00c5ke Berglund<\/a><\/strong><\/p>\n<p><a href=\"https:\/\/krets.jagareforbundet.se\/folkarna\/files\/2013\/03\/lodjur-w-lan-2003-2016.jpg\"><img loading=\"lazy\" decoding=\"async\" class=\"aligncenter size-full wp-image-6243\" src=\"https:\/\/krets.jagareforbundet.se\/folkarna\/files\/2013\/03\/lodjur-w-lan-2003-2016.jpg\" alt=\"\" width=\"570\" height=\"362\" srcset=\"https:\/\/krets.jagareforbundet.se\/folkarna\/files\/2013\/03\/lodjur-w-lan-2003-2016.jpg 570w, https:\/\/krets.jagareforbundet.se\/folkarna\/files\/2013\/03\/lodjur-w-lan-2003-2016-300x191.jpg 300w\" sizes=\"auto, (max-width: 570px) 100vw, 570px\" \/><\/a><\/p>\n<p style=\"text-align: center\"><a href=\"http:\/\/www.viltskadecenter.se\/images\/stories\/Publikationer\/lodjur_instruktion_foryngring.pdf\" class=\"woo-sc-button  orange\" ><span class=\"woo-\">Instruktion f\u00f6r fastst\u00e4llande av f\u00f6ryngring<\/span><\/a>\u00a0<a href=\"http:\/\/www.viltskadecenter.se\/images\/stories\/Publikationer\/lodjur_instruktion_faststalla_antal_foryngringar_(familjegrupper).pdf\" class=\"woo-sc-button  orange\" ><span class=\"woo-\">Instruktion f\u00f6r att fastst\u00e4lla antalet f\u00f6ryngringar<\/span><\/a> \u00a0<a href=\"http:\/\/www.viltskadecenter.se\/images\/stories\/Publikationer\/lodjur_avstandskriterier.pdf\" class=\"woo-sc-button  orange\" ><span class=\"woo-\">Avst\u00e5ndskriterier f\u00f6r familjegrupper<\/span><\/a>\u00a0<a href=\"http:\/\/svenskjakt.se\/sok\/?q=Lodjur\" class=\"woo-sc-button  red\" ><span class=\"woo-\">Svensk Jakt om Lodjur<\/span><\/a><\/p>\n","protected":false},"excerpt":{"rendered":"<p>Lodjuret r\u00f6r sig \u00f6ver stora omr\u00e5den, ett par mil, medan familjegrupper \u00e4r mer lokala. &nbsp; &nbsp; &nbsp; &nbsp; &nbsp; &nbsp; &nbsp; Efter starttiden f\u00f6r Lodjursjakten vanligen 1 mars tas inga observationer av Lodjur emot av LST, men kretsen tar emot alla observationer, \u00e5ret runt. rapporteras till \u00c5ke Berglund \u00a0 \u00a0\u00a0<\/p>\n","protected":false},"author":78,"featured_media":0,"parent":0,"menu_order":12,"comment_status":"open","ping_status":"open","template":"","meta":{"footnotes":""},"class_list":["post-1176","page","type-page","status-publish","hentry"],"_links":{"self":[{"href":"https:\/\/krets.jagareforbundet.se\/folkarna\/wp-json\/wp\/v2\/pages\/1176","targetHints":{"allow":["GET"]}}],"collection":[{"href":"https:\/\/krets.jagareforbundet.se\/folkarna\/wp-json\/wp\/v2\/pages"}],"about":[{"href":"https:\/\/krets.jagareforbundet.se\/folkarna\/wp-json\/wp\/v2\/types\/page"}],"author":[{"embeddable":true,"href":"https:\/\/krets.jagareforbundet.se\/folkarna\/wp-json\/wp\/v2\/users\/78"}],"replies":[{"embeddable":true,"href":"https:\/\/krets.jagareforbundet.se\/folkarna\/wp-json\/wp\/v2\/comments?post=1176"}],"version-history":[{"count":1,"href":"https:\/\/krets.jagareforbundet.se\/folkarna\/wp-json\/wp\/v2\/pages\/1176\/revisions"}],"predecessor-version":[{"id":6244,"href":"https:\/\/krets.jagareforbundet.se\/folkarna\/wp-json\/wp\/v2\/pages\/1176\/revisions\/6244"}],"wp:attachment":[{"href":"https:\/\/krets.jagareforbundet.se\/folkarna\/wp-json\/wp\/v2\/media?parent=1176"}],"curies":[{"name":"wp","href":"https:\/\/api.w.org\/{rel}","templated":true}]}}

<p><img loading="lazy" decoding="async" class="aligncenter size-large wp-image-1178" title="Foto Åke Berglund" src="https://krets.jagareforbundet.se/folkarna/files/2013/03/Loungar-SVVO-20122-1024x734.jpg" alt="" width="1024" height="734" srcset="https://krets.jagareforbundet.se/folkarna/files/2013/03/Loungar-SVVO-20122-1024x734.jpg 1024w, https://krets.jagareforbundet.se/folkarna/files/2013/03/Loungar-SVVO-20122-300x215.jpg 300w, https://krets.jagareforbundet.se/folkarna/files/2013/03/Loungar-SVVO-20122.jpg 1143w" sizes="auto, (max-width: 1024px) 100vw, 1024px" /></p>
<p>Lodjuret rör sig över stora områden, ett par mil, medan familjegrupper är mer lokala.</p>
<div class="woo-sc-box  info  rounded ">Lospår är ett sådant spår som skall rapporteras än så länge till kretsen och kan ske här nedan, senare direkt till Länsstyrelsen när deras system blir tillgängligt. </div>
<p><a href="https://krets.jagareforbundet.se/folkarna/files/2013/03/lo-12-april-2011.jpg"><img loading="lazy" decoding="async" class="wp-image-1479 alignright" title="Lodjur Dalkarlshyttan Foto : Leif Öster" src="https://krets.jagareforbundet.se/folkarna/files/2013/03/lo-12-april-2011.jpg" alt="" width="336" height="234" srcset="https://krets.jagareforbundet.se/folkarna/files/2013/03/lo-12-april-2011.jpg 431w, https://krets.jagareforbundet.se/folkarna/files/2013/03/lo-12-april-2011-300x208.jpg 300w" sizes="auto, (max-width: 336px) 100vw, 336px" /></a></p>
<p><a href="https://krets.jagareforbundet.se/folkarna/files/2013/03/Lo2010.jpg"><img loading="lazy" decoding="async" class=" wp-image-1179 alignleft" title="Foto Åke Berglund, Lospår " src="https://krets.jagareforbundet.se/folkarna/files/2013/03/Lo2010.jpg" alt="" width="246" height="225" srcset="https://krets.jagareforbundet.se/folkarna/files/2013/03/Lo2010.jpg 375w, https://krets.jagareforbundet.se/folkarna/files/2013/03/Lo2010-300x274.jpg 300w" sizes="auto, (max-width: 246px) 100vw, 246px" /></a></p>
<p>&nbsp;</p>
<p>&nbsp;</p>
<p>&nbsp;</p>
<p>&nbsp;</p>
<p>&nbsp;</p>
<p>&nbsp;</p>
<p>&nbsp;</p>
<p>Efter starttiden för Lodjursjakten vanligen 1 mars tas inga observationer av Lodjur emot av LST, men kretsen tar emot alla observationer, året runt. rapporteras till <strong><a href="mailto:ake.f.berglund@bredband.net?subject=Rovdjursanmälan">Åke Berglund</a></strong></p>
<p><a href="https://krets.jagareforbundet.se/folkarna/files/2013/03/lodjur-w-lan-2003-2016.jpg"><img loading="lazy" decoding="async" class="aligncenter size-full wp-image-6243" src="https://krets.jagareforbundet.se/folkarna/files/2013/03/lodjur-w-lan-2003-2016.jpg" alt="" width="570" height="362" srcset="https://krets.jagareforbundet.se/folkarna/files/2013/03/lodjur-w-lan-2003-2016.jpg 570w, https://krets.jagareforbundet.se/folkarna/files/2013/03/lodjur-w-lan-2003-2016-300x191.jpg 300w" sizes="auto, (max-width: 570px) 100vw, 570px" /></a></p>
<p style="text-align: center"><a href="http://www.viltskadecenter.se/images/stories/Publikationer/lodjur_instruktion_foryngring.pdf" class="woo-sc-button  orange" ><span class="woo-">Instruktion för fastställande av föryngring</span></a> <a href="http://www.viltskadecenter.se/images/stories/Publikationer/lodjur_instruktion_faststalla_antal_foryngringar_(familjegrupper).pdf" class="woo-sc-button  orange" ><span class="woo-">Instruktion för att fastställa antalet föryngringar</span></a>  <a href="http://www.viltskadecenter.se/images/stories/Publikationer/lodjur_avstandskriterier.pdf" class="woo-sc-button  orange" ><span class="woo-">Avståndskriterier för familjegrupper</span></a> <a href="http://svenskjakt.se/sok/?q=Lodjur" class="woo-sc-button  red" ><span class="woo-">Svensk Jakt om Lodjur</span></a></p>

<p>Lodjuret rör sig över stora områden, ett par mil, medan familjegrupper är mer lokala. &nbsp; &nbsp; &nbsp; &nbsp; &nbsp; &nbsp; &nbsp; Efter starttiden för Lodjursjakten vanligen 1 mars tas inga observationer av Lodjur emot av LST, men kretsen tar emot alla observationer, året runt. rapporteras till Åke Berglund     </p>
