{"id":1214,"date":"2013-03-22T11:24:09","date_gmt":"2013-03-22T10:24:09","guid":{"rendered":"https:\/\/krets.jagareforbundet.se\/folkarna\/?page_id=1214"},"modified":"2018-07-05T21:27:45","modified_gmt":"2018-07-05T19:27:45","slug":"moten-kurser-2","status":"publish","type":"page","link":"https:\/\/krets.jagareforbundet.se\/folkarna\/verksamheten-i-fjvk\/utbildningsfragor\/moten-kurser-2\/","title":{"rendered":"Om M\u00f6ten &amp; Kurser"},"content":{"rendered":"<p><div class=\"sixcol-one\"><strong><span style=\"text-decoration: underline\">\u00c4rende<\/span><\/strong><\/div> <div class=\"sixcol-one\"><strong><span style=\"text-decoration: underline\">Datum<\/span><\/strong><\/div> <div class=\"sixcol-one\"><strong><span style=\"text-decoration: underline\">Tid<\/span><\/strong><\/div> <div class=\"sixcol-one\"><strong><span style=\"text-decoration: underline\">Plats<\/span><\/strong><\/div> <div class=\"sixcol-one\"><strong><span style=\"text-decoration: underline\">Ordnar<\/span><\/strong><\/div> <div class=\"sixcol-one last\"><strong><span style=\"text-decoration: underline\">Anm\u00e4lan<\/span><\/strong><\/div><div class=\"clear\"><\/div><\/p>\n<p><span style=\"font-size: 14px;line-height: 1.5em\"><div class=\"sixcol-one\"><\/span><strong style=\"font-size: 14px;line-height: 1.5em\">Krets M<\/strong><span style=\"font-size: 14px;line-height: 1.5em\"><\/div> <div class=\"sixcol-one\">2014-08-17<\/div> <div class=\"sixcol-one\">10.00-13.00<\/div> <div class=\"sixcol-one\">Getmosen<\/div> <div class=\"sixcol-one\">FJVK<\/div> <div class=\"sixcol-one last\">\u00a0<\/span><strong style=\"font-size: 14px;line-height: 1.5em\">P\u00e5 plats<\/strong><span style=\"font-size: 14px;line-height: 1.5em\"><\/div><div class=\"clear\"><\/div><\/span><\/p>\n<p style=\"text-align: left\"><span style=\"color: #800000\"><strong>Tidigare lades tider mm in h\u00e4r, som ovan, \u00a0det har nu flyttas nu till <span style=\"color: #000000\">EVENEMANG<\/span> som ligger nedan Nyheter p\u00e5 menyn. Kvar kommer h\u00e4r finnas allm\u00e4n information och meddelande om kurser m\u00f6ten mm,som nedan.<\/strong><\/span><\/p>\n<p style=\"text-align: left\">Lokaler vi brukar anv\u00e4nda \u00e4r Korskrogens Bygdeg\u00e5rd tel \u00a0660 02. \u00a0\u00c5sgarns Bygdeg\u00e5rd tel 310 05. \u00a0 \u00a0Samt IOGT-NTO Bergshyttan tel 650 35 &#8211; 651 78<\/p>\n<p style=\"text-align: left\">L\u00e4ngst ned kan du skicka meddelande om vad som du vill ha in under Evenemang, med plats, tid, dag avgift mm.<\/p>\n<p><div class=\"woo-sc-box  info large rounded full\">SF\/FJVK kurser anm\u00e4l till Ingrid Flygare <strong>0226-650 06<\/strong> alt <strong>070-630 98 64<\/strong> eller<strong><strong>\u00a0www.studieframjandet.se <\/strong><\/strong>Tel<strong><strong>\u00a0<\/strong><\/strong><span style=\"font-size: 14px;line-height: 1.5em\"><strong>225 155 05<\/strong>\u00a0<\/span><strong style=\"font-size: 14px;line-height: 1.5em\">\u00a0<\/strong><span style=\"font-size: 14px;line-height: 1.5em\">Anm\u00e4lningar JFD kurser till Hans Johansson <\/span><strong style=\"font-size: 14px;line-height: 1.5em\">023-181 25 \u00a0<\/strong><span style=\"font-size: 14px;line-height: 1.5em\"><\/div><\/span><\/p>\n<div>Har ni n\u00e5got p\u00e5 g\u00e5ng s\u00e5 skriv det nedan i formul\u00e4ret nedan, summan l\u00e4ngst \u00e4r till f\u00f6r att f\u00f6rhindra robotattack mot hemsidan.<\/div>\n","protected":false},"excerpt":{"rendered":"<p>Tidigare lades tider mm in h\u00e4r, som ovan, \u00a0det har nu flyttas nu till EVENEMANG som ligger nedan Nyheter p\u00e5 menyn. Kvar kommer h\u00e4r finnas allm\u00e4n information och meddelande om kurser m\u00f6ten mm,som nedan. Lokaler vi brukar anv\u00e4nda \u00e4r Korskrogens Bygdeg\u00e5rd tel \u00a0660 02. \u00a0\u00c5sgarns Bygdeg\u00e5rd tel 310 05. \u00a0 \u00a0Samt IOGT-NTO Bergshyttan tel 650 [&hellip;]<\/p>\n","protected":false},"author":78,"featured_media":0,"parent":164,"menu_order":8,"comment_status":"open","ping_status":"open","template":"template-contact.php","meta":{"footnotes":""},"class_list":["post-1214","page","type-page","status-publish","hentry"],"_links":{"self":[{"href":"https:\/\/krets.jagareforbundet.se\/folkarna\/wp-json\/wp\/v2\/pages\/1214","targetHints":{"allow":["GET"]}}],"collection":[{"href":"https:\/\/krets.jagareforbundet.se\/folkarna\/wp-json\/wp\/v2\/pages"}],"about":[{"href":"https:\/\/krets.jagareforbundet.se\/folkarna\/wp-json\/wp\/v2\/types\/page"}],"author":[{"embeddable":true,"href":"https:\/\/krets.jagareforbundet.se\/folkarna\/wp-json\/wp\/v2\/users\/78"}],"replies":[{"embeddable":true,"href":"https:\/\/krets.jagareforbundet.se\/folkarna\/wp-json\/wp\/v2\/comments?post=1214"}],"version-history":[{"count":1,"href":"https:\/\/krets.jagareforbundet.se\/folkarna\/wp-json\/wp\/v2\/pages\/1214\/revisions"}],"predecessor-version":[{"id":5571,"href":"https:\/\/krets.jagareforbundet.se\/folkarna\/wp-json\/wp\/v2\/pages\/1214\/revisions\/5571"}],"up":[{"embeddable":true,"href":"https:\/\/krets.jagareforbundet.se\/folkarna\/wp-json\/wp\/v2\/pages\/164"}],"wp:attachment":[{"href":"https:\/\/krets.jagareforbundet.se\/folkarna\/wp-json\/wp\/v2\/media?parent=1214"}],"curies":[{"name":"wp","href":"https:\/\/api.w.org\/{rel}","templated":true}]}}

Om Möten &amp; Kurser

<p><div class="sixcol-one"><strong><span style="text-decoration: underline">Ärende</span></strong></div> <div class="sixcol-one"><strong><span style="text-decoration: underline">Datum</span></strong></div> <div class="sixcol-one"><strong><span style="text-decoration: underline">Tid</span></strong></div> <div class="sixcol-one"><strong><span style="text-decoration: underline">Plats</span></strong></div> <div class="sixcol-one"><strong><span style="text-decoration: underline">Ordnar</span></strong></div> <div class="sixcol-one last"><strong><span style="text-decoration: underline">Anmälan</span></strong></div><div class="clear"></div></p>
<p><span style="font-size: 14px;line-height: 1.5em"><div class="sixcol-one"></span><strong style="font-size: 14px;line-height: 1.5em">Krets M</strong><span style="font-size: 14px;line-height: 1.5em"></div> <div class="sixcol-one">2014-08-17</div> <div class="sixcol-one">10.00-13.00</div> <div class="sixcol-one">Getmosen</div> <div class="sixcol-one">FJVK</div> <div class="sixcol-one last"> </span><strong style="font-size: 14px;line-height: 1.5em">På plats</strong><span style="font-size: 14px;line-height: 1.5em"></div><div class="clear"></div></span></p>
<p style="text-align: left"><span style="color: #800000"><strong>Tidigare lades tider mm in här, som ovan,  det har nu flyttas nu till <span style="color: #000000">EVENEMANG</span> som ligger nedan Nyheter på menyn. Kvar kommer här finnas allmän information och meddelande om kurser möten mm,som nedan.</strong></span></p>
<p style="text-align: left">Lokaler vi brukar använda är Korskrogens Bygdegård tel  660 02.  Åsgarns Bygdegård tel 310 05.    Samt IOGT-NTO Bergshyttan tel 650 35 &#8211; 651 78</p>
<p style="text-align: left">Längst ned kan du skicka meddelande om vad som du vill ha in under Evenemang, med plats, tid, dag avgift mm.</p>
<p><div class="woo-sc-box  info large rounded full">SF/FJVK kurser anmäl till Ingrid Flygare <strong>0226-650 06</strong> alt <strong>070-630 98 64</strong> eller<strong><strong> www.studieframjandet.se </strong></strong>Tel<strong><strong> </strong></strong><span style="font-size: 14px;line-height: 1.5em"><strong>225 155 05</strong> </span><strong style="font-size: 14px;line-height: 1.5em"> </strong><span style="font-size: 14px;line-height: 1.5em">Anmälningar JFD kurser till Hans Johansson </span><strong style="font-size: 14px;line-height: 1.5em">023-181 25  </strong><span style="font-size: 14px;line-height: 1.5em"></div></span></p>
<div>Har ni något på gång så skriv det nedan i formuläret nedan, summan längst är till för att förhindra robotattack mot hemsidan.</div>

<p>Tidigare lades tider mm in här, som ovan,  det har nu flyttas nu till EVENEMANG som ligger nedan Nyheter på menyn. Kvar kommer här finnas allmän information och meddelande om kurser möten mm,som nedan. Lokaler vi brukar använda är Korskrogens Bygdegård tel  660 02.  Åsgarns Bygdegård tel 310 05.    Samt IOGT-NTO Bergshyttan tel 650 [&hellip;]</p>
