{"id":1233,"date":"2013-03-22T19:58:19","date_gmt":"2013-03-22T18:58:19","guid":{"rendered":"https:\/\/krets.jagareforbundet.se\/folkarna\/?page_id=1233"},"modified":"2019-12-19T18:30:12","modified_gmt":"2019-12-19T17:30:12","slug":"lista-rovdjursobs","status":"publish","type":"page","link":"https:\/\/krets.jagareforbundet.se\/folkarna\/lista-rovdjursobs\/","title":{"rendered":"Rovdjursobs s\u00f6dra W"},"content":{"rendered":"<div class=\"woo-sc-box  info  rounded full\">Endast s\u00e4kra rapporter, observat\u00f6r kontaktad, namn\/tel eller foto av djuret<\/div>\n<div class=\"woo-sc-box  info  rounded full\">Bj\u00f6rnsp\u00e5r m\u00e4ter vi bara bredden, ca. 1 cm bredare baksp\u00e5r \u00e4n framsp\u00e5r.<\/div>\n<p style=\"text-align: center\">\u00a0<a href=\"http:\/\/www.skandobs.se\/default.asp\" class=\"woo-sc-button  orange\" ><span class=\"woo-\">Till SKANDOBS<\/span><\/a>\u00a0<a href=\"http:\/\/www.rovbase.se\/\" class=\"woo-sc-button  custom\" style=\"background:;border-color:\"><span class=\"woo-\">Till Rovbase<\/span><\/a><\/p>\n<p style=\"text-align: center\">\n","protected":false},"excerpt":{"rendered":"<p>\u00a0\u00a0<\/p>\n","protected":false},"author":78,"featured_media":0,"parent":0,"menu_order":4,"comment_status":"open","ping_status":"open","template":"","meta":{"footnotes":""},"class_list":["post-1233","page","type-page","status-publish","hentry"],"_links":{"self":[{"href":"https:\/\/krets.jagareforbundet.se\/folkarna\/wp-json\/wp\/v2\/pages\/1233","targetHints":{"allow":["GET"]}}],"collection":[{"href":"https:\/\/krets.jagareforbundet.se\/folkarna\/wp-json\/wp\/v2\/pages"}],"about":[{"href":"https:\/\/krets.jagareforbundet.se\/folkarna\/wp-json\/wp\/v2\/types\/page"}],"author":[{"embeddable":true,"href":"https:\/\/krets.jagareforbundet.se\/folkarna\/wp-json\/wp\/v2\/users\/78"}],"replies":[{"embeddable":true,"href":"https:\/\/krets.jagareforbundet.se\/folkarna\/wp-json\/wp\/v2\/comments?post=1233"}],"version-history":[{"count":2,"href":"https:\/\/krets.jagareforbundet.se\/folkarna\/wp-json\/wp\/v2\/pages\/1233\/revisions"}],"predecessor-version":[{"id":7256,"href":"https:\/\/krets.jagareforbundet.se\/folkarna\/wp-json\/wp\/v2\/pages\/1233\/revisions\/7256"}],"wp:attachment":[{"href":"https:\/\/krets.jagareforbundet.se\/folkarna\/wp-json\/wp\/v2\/media?parent=1233"}],"curies":[{"name":"wp","href":"https:\/\/api.w.org\/{rel}","templated":true}]}}