{"id":1383,"date":"2013-03-24T10:13:02","date_gmt":"2013-03-24T09:13:02","guid":{"rendered":"https:\/\/krets.jagareforbundet.se\/folkarna\/?page_id=1383"},"modified":"2017-01-09T14:49:26","modified_gmt":"2017-01-09T13:49:26","slug":"kartor-mm","status":"publish","type":"page","link":"https:\/\/krets.jagareforbundet.se\/folkarna\/kartor-mm\/","title":{"rendered":"NVR Kartor mm"},"content":{"rendered":"<p>Det \u00e4r viktigt att vi anv\u00e4nder samma ben\u00e4mningar p\u00e5 v\u00e4gar vid utskrift av H\u00e4ndelserapport i NVR systemet : Riksv\u00e4g = Rv 68, L\u00e4nsv\u00e4gar = Lv 700, Gator = Dalav\u00e4gen. \u00a0Detta f\u00f6r att olyckorna skall hamna p\u00e5 samma v\u00e4g i statistiken. AO omr\u00e5deskartor och andra uppgifter finns under &#8221;<a href=\"https:\/\/krets.jagareforbundet.se\/folkarna\/nvr-viltolyckor\/inloggning-kp-ej-fjvk\/\"><strong>Logga in FJVK NVR<\/strong><\/a>&#8221;<\/p>\n<p><a href=\"https:\/\/krets.jagareforbundet.se\/folkarna\/files\/2013\/03\/Vagkarta-Avesta.pdf\" class=\"woo-sc-button  orange\" ><span class=\"woo-\">V\u00e4gkarta FJVK Avesta<\/span><\/a> \u00a0 \u00a0 \u00a0<a href=\"https:\/\/krets.jagareforbundet.se\/folkarna\/files\/2013\/03\/FJVK-karta.gif\" class=\"woo-sc-button  orange\" ><span class=\"woo-\">Karta FJVK<\/span><\/a><\/p>\n<p>Till Koordinatkarta &gt;&gt; <a href=\"http:\/\/kartor.eniro.se\/m\/nzXDW\"><span style=\"color: #993300\"><strong><span style=\"color: #993300\">H\u00e4r<\/span><\/strong><\/span><\/a><\/p>\n<p>N\u00e4r koordinatkartan \u00f6ppnas dra det bl\u00e5 h\u00e5rkorset till olycksplatsen och l\u00e4s av koordinat <em>Decimalt<\/em> :<\/p>\n<h2>\u00a0Detaljplanerade omr\u00e5den FJVK<\/h2>\n<p><a href=\"https:\/\/krets.jagareforbundet.se\/folkarna\/files\/2013\/03\/Avestakartan.jpg\" class=\"woo-sc-button  orange\" ><span class=\"woo-\">Avesta T\u00e4tort<\/span><\/a> \u00a0<a href=\"https:\/\/krets.jagareforbundet.se\/folkarna\/files\/2013\/03\/Krylbokarta.jpg\" class=\"woo-sc-button  orange\" ><span class=\"woo-\">Krylbo T\u00e4tort<\/span><\/a> \u00a0<a href=\"https:\/\/krets.jagareforbundet.se\/folkarna\/files\/2013\/03\/Forskarta.jpg\" class=\"woo-sc-button  orange\" ><span class=\"woo-\">Fors T\u00e4tort<\/span><\/a> \u00a0<a href=\"https:\/\/krets.jagareforbundet.se\/folkarna\/files\/2013\/03\/Folkarna-Lund.jpg\" class=\"woo-sc-button  orange\" ><span class=\"woo-\">Folk\u00e4rna T\u00e4tort<\/span><\/a>\u00a0<a href=\"https:\/\/krets.jagareforbundet.se\/folkarna\/files\/2013\/03\/Karlbo.pdf\" class=\"woo-sc-button  orange\" ><span class=\"woo-\">Karlbo T\u00e4tort<\/span><\/a> <a href=\"https:\/\/krets.jagareforbundet.se\/folkarna\/files\/2013\/03\/V\u00e4gar-Utsund1.jpg\" class=\"woo-sc-button  orange\" ><span class=\"woo-\">Utsund v\u00e4gar<\/span><\/a><\/p>\n","protected":false},"excerpt":{"rendered":"<p>Det \u00e4r viktigt att vi anv\u00e4nder samma ben\u00e4mningar p\u00e5 v\u00e4gar vid utskrift av H\u00e4ndelserapport i NVR systemet : Riksv\u00e4g = Rv 68, L\u00e4nsv\u00e4gar = Lv 700, Gator = Dalav\u00e4gen. \u00a0Detta f\u00f6r att olyckorna skall hamna p\u00e5 samma v\u00e4g i statistiken. AO omr\u00e5deskartor och andra uppgifter finns under &#8221;Logga in FJVK NVR&#8221; \u00a0 \u00a0 \u00a0 Till [&hellip;]<\/p>\n","protected":false},"author":78,"featured_media":0,"parent":0,"menu_order":0,"comment_status":"open","ping_status":"open","template":"","meta":{"footnotes":""},"class_list":["post-1383","page","type-page","status-publish","hentry"],"_links":{"self":[{"href":"https:\/\/krets.jagareforbundet.se\/folkarna\/wp-json\/wp\/v2\/pages\/1383","targetHints":{"allow":["GET"]}}],"collection":[{"href":"https:\/\/krets.jagareforbundet.se\/folkarna\/wp-json\/wp\/v2\/pages"}],"about":[{"href":"https:\/\/krets.jagareforbundet.se\/folkarna\/wp-json\/wp\/v2\/types\/page"}],"author":[{"embeddable":true,"href":"https:\/\/krets.jagareforbundet.se\/folkarna\/wp-json\/wp\/v2\/users\/78"}],"replies":[{"embeddable":true,"href":"https:\/\/krets.jagareforbundet.se\/folkarna\/wp-json\/wp\/v2\/comments?post=1383"}],"version-history":[{"count":1,"href":"https:\/\/krets.jagareforbundet.se\/folkarna\/wp-json\/wp\/v2\/pages\/1383\/revisions"}],"predecessor-version":[{"id":5993,"href":"https:\/\/krets.jagareforbundet.se\/folkarna\/wp-json\/wp\/v2\/pages\/1383\/revisions\/5993"}],"wp:attachment":[{"href":"https:\/\/krets.jagareforbundet.se\/folkarna\/wp-json\/wp\/v2\/media?parent=1383"}],"curies":[{"name":"wp","href":"https:\/\/api.w.org\/{rel}","templated":true}]}}

<p>Det är viktigt att vi använder samma benämningar på vägar vid utskrift av Händelserapport i NVR systemet : Riksväg = Rv 68, Länsvägar = Lv 700, Gator = Dalavägen.  Detta för att olyckorna skall hamna på samma väg i statistiken. AO områdeskartor och andra uppgifter finns under &#8221;<a href="https://krets.jagareforbundet.se/folkarna/nvr-viltolyckor/inloggning-kp-ej-fjvk/"><strong>Logga in FJVK NVR</strong></a>&#8221;</p>
<p><a href="https://krets.jagareforbundet.se/folkarna/files/2013/03/Vagkarta-Avesta.pdf" class="woo-sc-button  orange" ><span class="woo-">Vägkarta FJVK Avesta</span></a>      <a href="https://krets.jagareforbundet.se/folkarna/files/2013/03/FJVK-karta.gif" class="woo-sc-button  orange" ><span class="woo-">Karta FJVK</span></a></p>
<p>Till Koordinatkarta &gt;&gt; <a href="http://kartor.eniro.se/m/nzXDW"><span style="color: #993300"><strong><span style="color: #993300">Här</span></strong></span></a></p>
<p>När koordinatkartan öppnas dra det blå hårkorset till olycksplatsen och läs av koordinat <em>Decimalt</em> :</p>
<h2> Detaljplanerade områden FJVK</h2>
<p><a href="https://krets.jagareforbundet.se/folkarna/files/2013/03/Avestakartan.jpg" class="woo-sc-button  orange" ><span class="woo-">Avesta Tätort</span></a>  <a href="https://krets.jagareforbundet.se/folkarna/files/2013/03/Krylbokarta.jpg" class="woo-sc-button  orange" ><span class="woo-">Krylbo Tätort</span></a>  <a href="https://krets.jagareforbundet.se/folkarna/files/2013/03/Forskarta.jpg" class="woo-sc-button  orange" ><span class="woo-">Fors Tätort</span></a>  <a href="https://krets.jagareforbundet.se/folkarna/files/2013/03/Folkarna-Lund.jpg" class="woo-sc-button  orange" ><span class="woo-">Folkärna Tätort</span></a> <a href="https://krets.jagareforbundet.se/folkarna/files/2013/03/Karlbo.pdf" class="woo-sc-button  orange" ><span class="woo-">Karlbo Tätort</span></a> <a href="https://krets.jagareforbundet.se/folkarna/files/2013/03/Vägar-Utsund1.jpg" class="woo-sc-button  orange" ><span class="woo-">Utsund vägar</span></a></p>

<p>Det är viktigt att vi använder samma benämningar på vägar vid utskrift av Händelserapport i NVR systemet : Riksväg = Rv 68, Länsvägar = Lv 700, Gator = Dalavägen.  Detta för att olyckorna skall hamna på samma väg i statistiken. AO områdeskartor och andra uppgifter finns under &#8221;Logga in FJVK NVR&#8221;       Till [&hellip;]</p>
