{"id":1710,"date":"2013-03-28T23:24:26","date_gmt":"2013-03-28T22:24:26","guid":{"rendered":"https:\/\/krets.jagareforbundet.se\/folkarna\/?page_id=1710"},"modified":"2018-09-18T16:28:47","modified_gmt":"2018-09-18T14:28:47","slug":"jarv","status":"publish","type":"page","link":"https:\/\/krets.jagareforbundet.se\/folkarna\/jarv\/","title":{"rendered":"J\u00e4rv"},"content":{"rendered":"<div id=\"attachment_1712\" style=\"width: 230px\" class=\"wp-caption alignright\"><a href=\"https:\/\/krets.jagareforbundet.se\/folkarna\/files\/2013\/03\/Jarven1.jpg\"><img loading=\"lazy\" decoding=\"async\" aria-describedby=\"caption-attachment-1712\" class=\"size-full wp-image-1712 \" title=\"J\u00e4rv\" src=\"https:\/\/krets.jagareforbundet.se\/folkarna\/files\/2013\/03\/Jarven1.jpg\" alt=\"\" width=\"220\" height=\"169\" \/><\/a><p id=\"caption-attachment-1712\" class=\"wp-caption-text\">J\u00e4rven lever n\u00e4stan uteslutande p\u00e5 kadaver<\/p><\/div>\n<p>&nbsp;<\/p>\n<h3><span style=\"color: #000000\"><strong><span style=\"font-family: Arial, Helvetica\"><span style=\"font-size: xx-small\">\u00a0<\/span><\/span><\/strong><\/span><\/h3>\n<p>J\u00e4rven finns i fj\u00e4llkedjan fr\u00e5n Dalarna och norrut, utanf\u00f6r fj\u00e4llkedjan finns nu \u00f6kande populationer i skogslandet ner till T-l\u00e4n. Sedan 1969 har j\u00e4rven varit fridlyst i Sverige. J\u00e4rven har sp\u00e5rats i FJVK vid tv\u00e5 tillf\u00e4llen.<\/p>\n<p><span style=\"font-family: Arial, Helvetica\"><!--mstheme--><\/span><\/p>\n","protected":false},"excerpt":{"rendered":"<p>&nbsp; \u00a0 J\u00e4rven finns i fj\u00e4llkedjan fr\u00e5n Dalarna och norrut, utanf\u00f6r fj\u00e4llkedjan finns nu \u00f6kande populationer i skogslandet ner till T-l\u00e4n. Sedan 1969 har j\u00e4rven varit fridlyst i Sverige. J\u00e4rven har sp\u00e5rats i FJVK vid tv\u00e5 tillf\u00e4llen.<\/p>\n","protected":false},"author":78,"featured_media":0,"parent":0,"menu_order":13,"comment_status":"open","ping_status":"open","template":"","meta":{"footnotes":""},"class_list":["post-1710","page","type-page","status-publish","hentry"],"_links":{"self":[{"href":"https:\/\/krets.jagareforbundet.se\/folkarna\/wp-json\/wp\/v2\/pages\/1710","targetHints":{"allow":["GET"]}}],"collection":[{"href":"https:\/\/krets.jagareforbundet.se\/folkarna\/wp-json\/wp\/v2\/pages"}],"about":[{"href":"https:\/\/krets.jagareforbundet.se\/folkarna\/wp-json\/wp\/v2\/types\/page"}],"author":[{"embeddable":true,"href":"https:\/\/krets.jagareforbundet.se\/folkarna\/wp-json\/wp\/v2\/users\/78"}],"replies":[{"embeddable":true,"href":"https:\/\/krets.jagareforbundet.se\/folkarna\/wp-json\/wp\/v2\/comments?post=1710"}],"version-history":[{"count":0,"href":"https:\/\/krets.jagareforbundet.se\/folkarna\/wp-json\/wp\/v2\/pages\/1710\/revisions"}],"wp:attachment":[{"href":"https:\/\/krets.jagareforbundet.se\/folkarna\/wp-json\/wp\/v2\/media?parent=1710"}],"curies":[{"name":"wp","href":"https:\/\/api.w.org\/{rel}","templated":true}]}}

Järv

<div id="attachment_1712" style="width: 230px" class="wp-caption alignright"><a href="https://krets.jagareforbundet.se/folkarna/files/2013/03/Jarven1.jpg"><img loading="lazy" decoding="async" aria-describedby="caption-attachment-1712" class="size-full wp-image-1712 " title="Järv" src="https://krets.jagareforbundet.se/folkarna/files/2013/03/Jarven1.jpg" alt="" width="220" height="169" /></a><p id="caption-attachment-1712" class="wp-caption-text">Järven lever nästan uteslutande på kadaver</p></div>
<p>&nbsp;</p>
<h3><span style="color: #000000"><strong><span style="font-family: Arial, Helvetica"><span style="font-size: xx-small"> </span></span></strong></span></h3>
<p>Järven finns i fjällkedjan från Dalarna och norrut, utanför fjällkedjan finns nu ökande populationer i skogslandet ner till T-län. Sedan 1969 har järven varit fridlyst i Sverige. Järven har spårats i FJVK vid två tillfällen.</p>
<p><span style="font-family: Arial, Helvetica"><!--mstheme--></span></p>

<p>&nbsp;   Järven finns i fjällkedjan från Dalarna och norrut, utanför fjällkedjan finns nu ökande populationer i skogslandet ner till T-län. Sedan 1969 har järven varit fridlyst i Sverige. Järven har spårats i FJVK vid två tillfällen.</p>
