{"id":1900,"date":"2013-04-01T08:36:10","date_gmt":"2013-04-01T06:36:10","guid":{"rendered":"https:\/\/krets.jagareforbundet.se\/folkarna\/?page_id=1900"},"modified":"2017-11-29T20:03:19","modified_gmt":"2017-11-29T19:03:19","slug":"baver","status":"publish","type":"page","link":"https:\/\/krets.jagareforbundet.se\/folkarna\/jaktfragor\/smavilt2\/baver\/","title":{"rendered":"B\u00e4ver"},"content":{"rendered":"<p>&nbsp;<\/p>\n<p>\u00c5r 1922, \u00e5terinplanterades b\u00e4vern i v\u00e5rt land. Inplantering lyckades och en inventering 1977 visade att ca 40 000 b\u00e4vrar fanns i landet. F\u00f6r n\u00e4rvarande skattas svenska populationen\u00a0till omkring 100 000. Den\u00a0\u00f6kar fortfarande och nya omr\u00e5den tas i besittning.<\/p>\n<p>Populationen av b\u00e4ver \u00f6kar fr\u00e5n Dal\u00e4lven upp i de tillrinnande vattensystemen och \u00a0skadorna utvidgas i takt d\u00e4rmed. Jakten avslutas den 15 maj i v\u00e5ra trakter startar \u00e5ter den 1 oktober och \u00e4r angel\u00e4gen och anbefalles.<\/p>\n<p>B\u00e4vern \u00e4r ett skadedjur som angriper vattenv\u00e4garnas gr\u00f6vre\u00a0vegetation\u00a0f\u00f6retr\u00e4desvis\u00a0asp, sl\u00e4par sedan ihop dessa till f\u00f6rd\u00e4mningar.<\/p>\n<p>B\u00e4vern lever i familjegrupper som best\u00e5r av ett par och deras avkomma. De bor i byggda hyddor eller h\u00e5lor gr\u00e4vda i strandbrinken. Denna stora gnagare f\u00f6rekommer i alla typer av inlandsvatten. Dock kr\u00e4vs att vattnet inte bottenfryser p\u00e5 vintern eller \u00e4r f\u00f6r str\u00f6mt. D\u00e4rtill uppskattas str\u00e4nder med l\u00f6vtr\u00e4arter. B\u00e4vern bygger emellan\u00e5t dammar i sm\u00e5, relativt grunda str\u00f6mvatten.F\u00f6dan best\u00e5r under sommaren fr\u00e4mst av vattenv\u00e4xter och \u00f6rter. \u00d6vriga tider p\u00e5 \u00e5ret domineras f\u00f6dan av bark, kvistar och l\u00f6v fr\u00e5n l\u00f6vtr\u00e4d, fr\u00e4mst bj\u00f6rk. En del kolonier samlar vinterf\u00f6rr\u00e5d av grenar och kvistar och lagrar dem under vattnet. Ungarna, normalt 2-3 stycken, f\u00f6ds i maj-juni och stannar vanligen i reviret till tv\u00e5 \u00e5rs \u00e5lder. Tillg\u00e5ngen p\u00e5 vinterf\u00f6da \u00e4r sannolikt den viktigaste faktorn f\u00f6r begr\u00e4nsning av en b\u00e4verpopulation.<\/p>\n<p>&nbsp;<\/p>\n<form id=\"aspnetForm\" action=\"baver.aspx\" method=\"post\">\n<div id=\"root\">\n<div class=\"Clearfix\" id=\"content\">\n<div class=\"Clearfix\" id=\"mainContent\">\n<div class=\"TwoColumns\">\n<div class=\"Column1\">\n<div class=\"TextContent Clearfix\">\n<div class=\"TextImageContent\" id=\"1\">\n<p>B\u00e4verdammen, <strong>men inte boplatsen <\/strong>(b\u00e4verhyddan), f\u00e5r f\u00f6rst\u00f6ras utan att s\u00f6ka tillst\u00e5nd 1 maj\u201331 augusti. Det har bara mark\u00e4gare och jaktr\u00e4ttsinnehavaren(VVO) tillst\u00e5nd att g\u00f6ra.<\/p>\n<p>1 september\u201330 april f\u00e5r tillst\u00e5nd bara ges om det \u00e4r absolut n\u00f6dv\u00e4ndigt f\u00f6r att f\u00f6rhindra allvarliga skador. En skriftlig ans\u00f6kan ska f\u00f6rst skickas till L\u00e4nsstyrelsen.<\/p>\n<p>P\u00e5 platser med stor b\u00e4veraktivitet och en besv\u00e4rlig skadebild rekommenderas att den allm\u00e4nna jakttiden f\u00f6r b\u00e4ver, 1 oktober-15 maj, ist\u00e4llet utnyttjas.<\/p>\n<\/div>\n<\/div>\n<\/div>\n<\/div>\n<\/div>\n<\/div>\n<\/div>\n<\/form>\n<p>S\u00e4vikens f\u00e5gelskyddsomr\u00e5de upph\u00f6rde 2017.<\/p>\n<form id=\"form2\" action=\"\/utbildning\/kurser\/kurser\/slagfalla-for-baver--storfors\/\" method=\"post\">\n<div id=\"pageWrap\">\n<div class=\"clearfix\" id=\"content\">\n<div id=\"fullCol\">\n<div id=\"mainCol\">\n<div class=\"content clearfix\">\n<div class=\"pageContent clearfix\">\n<p>Kurs kr\u00e4vs f\u00f6r anv\u00e4ndande av B\u00e4verf\u00e4lla<\/p>\n<p>Kursen inneb\u00e4r att deltagaren har m\u00f6jlighet att f\u00e5 anv\u00e4nda slagf\u00e4lla f\u00f6r b\u00e4ver. F\u00f6r att f\u00e5 anv\u00e4nda f\u00e4llan kr\u00e4vs det f\u00f6r varje tillf\u00e4lle och plats alltid tillst\u00e5nd fr\u00e5n l\u00e4nsstyrelsen. I Naturv\u00e5rdsverkets best\u00e4mmelser s\u00e4gs att f\u00e4llan endast f\u00e5r anv\u00e4ndas n\u00e4r stor skada uppst\u00e5tt. Syftet med utbildningen \u00e4r att deltagarna efter genomg\u00e5ngen kurs ska ges beh\u00f6righet (efter godk\u00e4nt avlagt prov) att f\u00e5 anv\u00e4nda slagf\u00e4lla f\u00f6r b\u00e4ver.<\/p>\n<p><strong>L\u00e4ngd:\u00a0\u00a0<\/strong>8 timmar med teori, praktik och prov.<\/p>\n<p><strong>F\u00f6rkunskaper:\u00a0\u00a0<\/strong>J\u00e4garexamen.<\/p>\n<p><strong>\u00d6vrigt: <\/strong>Kontakta JFD kansli i Falun<strong><br \/>\n<\/strong><\/p>\n<p><strong>M\u00e5l:\u00a0<\/strong>Efter genomg\u00e5ngen kurs ska deltagarna ha grundl\u00e4ggande kunskaper om:<\/p>\n<ul>\n<li>Beh\u00f6righet att f\u00e5 tillst\u00e5nd att anv\u00e4nda slagf\u00e4lla Connibear 330-2 fr\u00e5n L\u00e4nsstyrelsen.<\/li>\n<li>B\u00e4ver och utter som arter.<\/li>\n<li>Hur man s\u00e4tter ut en slagf\u00e4lla.<\/li>\n<li>Vilka regler som g\u00e4ller vid skada p\u00e5 djuret vid anv\u00e4ndandet av slagf\u00e4lla.<\/li>\n<li>Lagar och regler som styr tillst\u00e5nd att s\u00e4tta ut slagf\u00e4lla.<\/li>\n<\/ul>\n<\/div>\n<\/div>\n<\/div>\n<\/div>\n<\/div>\n<\/div>\n<\/form>\n","protected":false},"excerpt":{"rendered":"<p>&nbsp; \u00c5r 1922, \u00e5terinplanterades b\u00e4vern i v\u00e5rt land. Inplantering lyckades och en inventering 1977 visade att ca 40 000 b\u00e4vrar fanns i landet. F\u00f6r n\u00e4rvarande skattas svenska populationen\u00a0till omkring 100 000. Den\u00a0\u00f6kar fortfarande och nya omr\u00e5den tas i besittning. Populationen av b\u00e4ver \u00f6kar fr\u00e5n Dal\u00e4lven upp i de tillrinnande vattensystemen och \u00a0skadorna utvidgas i takt [&hellip;]<\/p>\n","protected":false},"author":78,"featured_media":0,"parent":2000,"menu_order":2,"comment_status":"open","ping_status":"open","template":"","meta":{"footnotes":""},"class_list":["post-1900","page","type-page","status-publish","hentry"],"_links":{"self":[{"href":"https:\/\/krets.jagareforbundet.se\/folkarna\/wp-json\/wp\/v2\/pages\/1900","targetHints":{"allow":["GET"]}}],"collection":[{"href":"https:\/\/krets.jagareforbundet.se\/folkarna\/wp-json\/wp\/v2\/pages"}],"about":[{"href":"https:\/\/krets.jagareforbundet.se\/folkarna\/wp-json\/wp\/v2\/types\/page"}],"author":[{"embeddable":true,"href":"https:\/\/krets.jagareforbundet.se\/folkarna\/wp-json\/wp\/v2\/users\/78"}],"replies":[{"embeddable":true,"href":"https:\/\/krets.jagareforbundet.se\/folkarna\/wp-json\/wp\/v2\/comments?post=1900"}],"version-history":[{"count":1,"href":"https:\/\/krets.jagareforbundet.se\/folkarna\/wp-json\/wp\/v2\/pages\/1900\/revisions"}],"predecessor-version":[{"id":6139,"href":"https:\/\/krets.jagareforbundet.se\/folkarna\/wp-json\/wp\/v2\/pages\/1900\/revisions\/6139"}],"up":[{"embeddable":true,"href":"https:\/\/krets.jagareforbundet.se\/folkarna\/wp-json\/wp\/v2\/pages\/2000"}],"wp:attachment":[{"href":"https:\/\/krets.jagareforbundet.se\/folkarna\/wp-json\/wp\/v2\/media?parent=1900"}],"curies":[{"name":"wp","href":"https:\/\/api.w.org\/{rel}","templated":true}]}}

Bäver

<p>&nbsp;</p>
<p>År 1922, återinplanterades bävern i vårt land. Inplantering lyckades och en inventering 1977 visade att ca 40 000 bävrar fanns i landet. För närvarande skattas svenska populationen till omkring 100 000. Den ökar fortfarande och nya områden tas i besittning.</p>
<p>Populationen av bäver ökar från Dalälven upp i de tillrinnande vattensystemen och  skadorna utvidgas i takt därmed. Jakten avslutas den 15 maj i våra trakter startar åter den 1 oktober och är angelägen och anbefalles.</p>
<p>Bävern är ett skadedjur som angriper vattenvägarnas grövre vegetation företrädesvis asp, släpar sedan ihop dessa till fördämningar.</p>
<p>Bävern lever i familjegrupper som består av ett par och deras avkomma. De bor i byggda hyddor eller hålor grävda i strandbrinken. Denna stora gnagare förekommer i alla typer av inlandsvatten. Dock krävs att vattnet inte bottenfryser på vintern eller är för strömt. Därtill uppskattas stränder med lövträarter. Bävern bygger emellanåt dammar i små, relativt grunda strömvatten.Födan består under sommaren främst av vattenväxter och örter. Övriga tider på året domineras födan av bark, kvistar och löv från lövträd, främst björk. En del kolonier samlar vinterförråd av grenar och kvistar och lagrar dem under vattnet. Ungarna, normalt 2-3 stycken, föds i maj-juni och stannar vanligen i reviret till två års ålder. Tillgången på vinterföda är sannolikt den viktigaste faktorn för begränsning av en bäverpopulation.</p>
<p>&nbsp;</p>
<form id="aspnetForm" action="baver.aspx" method="post">
<div id="root">
<div class="Clearfix" id="content">
<div class="Clearfix" id="mainContent">
<div class="TwoColumns">
<div class="Column1">
<div class="TextContent Clearfix">
<div class="TextImageContent" id="1">
<p>Bäverdammen, <strong>men inte boplatsen </strong>(bäverhyddan), får förstöras utan att söka tillstånd 1 maj–31 augusti. Det har bara markägare och jakträttsinnehavaren(VVO) tillstånd att göra.</p>
<p>1 september–30 april får tillstånd bara ges om det är absolut nödvändigt för att förhindra allvarliga skador. En skriftlig ansökan ska först skickas till Länsstyrelsen.</p>
<p>På platser med stor bäveraktivitet och en besvärlig skadebild rekommenderas att den allmänna jakttiden för bäver, 1 oktober-15 maj, istället utnyttjas.</p>
</div>
</div>
</div>
</div>
</div>
</div>
</div>
</form>
<p>Sävikens fågelskyddsområde upphörde 2017.</p>
<form id="form2" action="/utbildning/kurser/kurser/slagfalla-for-baver--storfors/" method="post">
<div id="pageWrap">
<div class="clearfix" id="content">
<div id="fullCol">
<div id="mainCol">
<div class="content clearfix">
<div class="pageContent clearfix">
<p>Kurs krävs för användande av Bäverfälla</p>
<p>Kursen innebär att deltagaren har möjlighet att få använda slagfälla för bäver. För att få använda fällan krävs det för varje tillfälle och plats alltid tillstånd från länsstyrelsen. I Naturvårdsverkets bestämmelser sägs att fällan endast får användas när stor skada uppstått. Syftet med utbildningen är att deltagarna efter genomgången kurs ska ges behörighet (efter godkänt avlagt prov) att få använda slagfälla för bäver.</p>
<p><strong>Längd:  </strong>8 timmar med teori, praktik och prov.</p>
<p><strong>Förkunskaper:  </strong>Jägarexamen.</p>
<p><strong>Övrigt: </strong>Kontakta JFD kansli i Falun<strong><br />
</strong></p>
<p><strong>Mål: </strong>Efter genomgången kurs ska deltagarna ha grundläggande kunskaper om:</p>
<ul>
<li>Behörighet att få tillstånd att använda slagfälla Connibear 330-2 från Länsstyrelsen.</li>
<li>Bäver och utter som arter.</li>
<li>Hur man sätter ut en slagfälla.</li>
<li>Vilka regler som gäller vid skada på djuret vid användandet av slagfälla.</li>
<li>Lagar och regler som styr tillstånd att sätta ut slagfälla.</li>
</ul>
</div>
</div>
</div>
</div>
</div>
</div>
</form>

<p>&nbsp; År 1922, återinplanterades bävern i vårt land. Inplantering lyckades och en inventering 1977 visade att ca 40 000 bävrar fanns i landet. För närvarande skattas svenska populationen till omkring 100 000. Den ökar fortfarande och nya områden tas i besittning. Populationen av bäver ökar från Dalälven upp i de tillrinnande vattensystemen och  skadorna utvidgas i takt [&hellip;]</p>
