{"id":1969,"date":"2013-04-01T13:39:50","date_gmt":"2013-04-01T11:39:50","guid":{"rendered":"https:\/\/krets.jagareforbundet.se\/folkarna\/?page_id=1969"},"modified":"2018-07-08T13:10:20","modified_gmt":"2018-07-08T11:10:20","slug":"skott-pa-alg","status":"publish","type":"page","link":"https:\/\/krets.jagareforbundet.se\/folkarna\/jaktfragor\/algjakt\/skott-pa-alg\/","title":{"rendered":"\u00c4lg skott"},"content":{"rendered":"<p style=\"text-align: center\"><a href=\"https:\/\/krets.jagareforbundet.se\/folkarna\/files\/2013\/04\/Fjt6.jpg\"><img loading=\"lazy\" decoding=\"async\" class=\"size-full wp-image-1972 aligncenter\" title=\"Tjurfjoling Foto: \u00c5ke Berglund\" src=\"https:\/\/krets.jagareforbundet.se\/folkarna\/files\/2013\/04\/Fjt6.jpg\" alt=\"\" width=\"474\" height=\"356\" srcset=\"https:\/\/krets.jagareforbundet.se\/folkarna\/files\/2013\/04\/Fjt6.jpg 474w, https:\/\/krets.jagareforbundet.se\/folkarna\/files\/2013\/04\/Fjt6-300x225.jpg 300w\" sizes=\"auto, (max-width: 474px) 100vw, 474px\" \/><\/a>\u00c4ven om tr\u00e4ffytan av vitala organ \u00f6kar med djurens storlek, \u00f6kar ocks\u00e5 tyv\u00e4rr, konsekvenserna vid felaktiga skott. Sedan finns det kanske n\u00e5got som h\u00e4r, i v\u00e4gen, ocks\u00e5.<\/p>\n<p style=\"text-align: center\"><a href=\"https:\/\/krets.jagareforbundet.se\/folkarna\/files\/2013\/04\/Algklockan.pdf\" class=\"woo-sc-button  purple\" ><span class=\"woo-\">Skott p\u00e5 \u00c4lg<\/span><\/a>\u00a0\u00a0<a href=\"https:\/\/www.youtube.com\/watch?v=51fmbZ-zPh8\" class=\"woo-sc-button  silver\" ><span class=\"woo-\">Skott p\u00e5 v\u00e4g<\/span><\/a>\u00a0<a href=\"http:\/\/norrteljetidning.se\/nyheter\/nyheter\/1.2247127-tv-hor-hur-en-brunstig-algko-later\" class=\"woo-sc-button  silver\" ><span class=\"woo-\">\u00c4lglock<\/span><\/a><\/p>\n","protected":false},"excerpt":{"rendered":"<p>\u00c4ven om tr\u00e4ffytan av vitala organ \u00f6kar med djurens storlek, \u00f6kar ocks\u00e5 tyv\u00e4rr, konsekvenserna vid felaktiga skott. Sedan finns det kanske n\u00e5got som h\u00e4r, i v\u00e4gen, ocks\u00e5. \u00a0\u00a0\u00a0<\/p>\n","protected":false},"author":78,"featured_media":0,"parent":379,"menu_order":11,"comment_status":"open","ping_status":"open","template":"","meta":{"footnotes":""},"class_list":["post-1969","page","type-page","status-publish","hentry"],"_links":{"self":[{"href":"https:\/\/krets.jagareforbundet.se\/folkarna\/wp-json\/wp\/v2\/pages\/1969","targetHints":{"allow":["GET"]}}],"collection":[{"href":"https:\/\/krets.jagareforbundet.se\/folkarna\/wp-json\/wp\/v2\/pages"}],"about":[{"href":"https:\/\/krets.jagareforbundet.se\/folkarna\/wp-json\/wp\/v2\/types\/page"}],"author":[{"embeddable":true,"href":"https:\/\/krets.jagareforbundet.se\/folkarna\/wp-json\/wp\/v2\/users\/78"}],"replies":[{"embeddable":true,"href":"https:\/\/krets.jagareforbundet.se\/folkarna\/wp-json\/wp\/v2\/comments?post=1969"}],"version-history":[{"count":0,"href":"https:\/\/krets.jagareforbundet.se\/folkarna\/wp-json\/wp\/v2\/pages\/1969\/revisions"}],"up":[{"embeddable":true,"href":"https:\/\/krets.jagareforbundet.se\/folkarna\/wp-json\/wp\/v2\/pages\/379"}],"wp:attachment":[{"href":"https:\/\/krets.jagareforbundet.se\/folkarna\/wp-json\/wp\/v2\/media?parent=1969"}],"curies":[{"name":"wp","href":"https:\/\/api.w.org\/{rel}","templated":true}]}}

Älg skott

<p style="text-align: center"><a href="https://krets.jagareforbundet.se/folkarna/files/2013/04/Fjt6.jpg"><img loading="lazy" decoding="async" class="size-full wp-image-1972 aligncenter" title="Tjurfjoling Foto: Åke Berglund" src="https://krets.jagareforbundet.se/folkarna/files/2013/04/Fjt6.jpg" alt="" width="474" height="356" srcset="https://krets.jagareforbundet.se/folkarna/files/2013/04/Fjt6.jpg 474w, https://krets.jagareforbundet.se/folkarna/files/2013/04/Fjt6-300x225.jpg 300w" sizes="auto, (max-width: 474px) 100vw, 474px" /></a>Även om träffytan av vitala organ ökar med djurens storlek, ökar också tyvärr, konsekvenserna vid felaktiga skott. Sedan finns det kanske något som här, i vägen, också.</p>
<p style="text-align: center"><a href="https://krets.jagareforbundet.se/folkarna/files/2013/04/Algklockan.pdf" class="woo-sc-button  purple" ><span class="woo-">Skott på Älg</span></a>  <a href="https://www.youtube.com/watch?v=51fmbZ-zPh8" class="woo-sc-button  silver" ><span class="woo-">Skott på väg</span></a> <a href="http://norrteljetidning.se/nyheter/nyheter/1.2247127-tv-hor-hur-en-brunstig-algko-later" class="woo-sc-button  silver" ><span class="woo-">Älglock</span></a></p>

<p>Även om träffytan av vitala organ ökar med djurens storlek, ökar också tyvärr, konsekvenserna vid felaktiga skott. Sedan finns det kanske något som här, i vägen, också.    </p>
