{"id":2,"date":"2011-09-07T09:28:43","date_gmt":"2011-09-07T09:28:43","guid":{"rendered":"https:\/\/krets.jagareforbundet.se\/template\/?page_id=2"},"modified":"2025-03-19T00:23:11","modified_gmt":"2025-03-18T23:23:11","slug":"exempelsida","status":"publish","type":"page","link":"https:\/\/krets.jagareforbundet.se\/folkarna\/","title":{"rendered":"V\u00e4lkommen"},"content":{"rendered":"<h2>Vid FJVK St\u00e4mma 2025 Uppgick kretsen i Folkare JVK<\/h2>\n<p>&nbsp;<\/p>\n<p>Passar p\u00e5 att tacka alla de medlemmar som under mina \u00e5r deltagit i kretsens arbete, och d\u00e5 inte minst vad g\u00e4ller rovdjur.<\/p>\n<p>Fd. Webb ansvarig \u00c5ke Berglund<\/p>\n<p style=\"text-align: center\"><strong>GRATTIS !\u00a0<\/strong><\/p>\n<p style=\"text-align: center\">J\u00c4GAREF\u00d6RBUNDET FOLK\u00c4RNA WALLEBERGS STIPENDIATER 2022.<\/p>\n<p style=\"text-align: center\">Ett stort tack till alla medlemmar f\u00f6r det gemensamma arbetet med rovdjurssp\u00e5ning och kontakter med L\u00e4nsstyrelsen i Dalarna.<\/p>\n<p style=\"text-align: center\"><a href=\"https:\/\/krets.jagareforbundet.se\/folkarna\/files\/2022\/04\/Screenshot_20220409-164914_Supertext.jpg\"><img loading=\"lazy\" decoding=\"async\" class=\"aligncenter size-large wp-image-8021\" src=\"https:\/\/krets.jagareforbundet.se\/folkarna\/files\/2022\/04\/Screenshot_20220409-164914_Supertext-720x1024.jpg\" alt=\"\" width=\"720\" height=\"1024\" srcset=\"https:\/\/krets.jagareforbundet.se\/folkarna\/files\/2022\/04\/Screenshot_20220409-164914_Supertext-720x1024.jpg 720w, https:\/\/krets.jagareforbundet.se\/folkarna\/files\/2022\/04\/Screenshot_20220409-164914_Supertext-211x300.jpg 211w, https:\/\/krets.jagareforbundet.se\/folkarna\/files\/2022\/04\/Screenshot_20220409-164914_Supertext-768x1092.jpg 768w, https:\/\/krets.jagareforbundet.se\/folkarna\/files\/2022\/04\/Screenshot_20220409-164914_Supertext.jpg 788w\" sizes=\"auto, (max-width: 720px) 100vw, 720px\" \/><\/a><\/p>\n<p style=\"text-align: center\"><span style=\"font-size: 14px;line-height: 1.5em\"> \u00a0<\/span><\/p>\n<p>&nbsp;<\/p>\n<h2 style=\"text-align: center\"><\/h2>\n<p>&nbsp;<\/p>\n<div id=\"pageWrap\">\n<div class=\"clearfix\" id=\"content\">\n<div id=\"fullCol\">\n<div id=\"largeCol\">\n<div class=\"content clearfix\">\n<div class=\"leftCol newsList\">\n<div>\n<div>\n<div class=\"pageContent\">\n<div>\n<div id=\"pageWrap\">\n<div class=\"clearfix\" id=\"content\">\n<div id=\"fullCol\">\n<div id=\"largeCol\">\n<div class=\"content clearfix\">\n<div class=\"rightCol\">\n<div>\n<div>\n<div class=\"pageContent\">\n<div>\n<p style=\"text-align: left\">\n<\/div>\n<\/div>\n<\/div>\n<\/div>\n<\/div>\n<\/div>\n<\/div>\n<\/div>\n<\/div>\n<\/div>\n<\/div>\n<\/div>\n<\/div>\n<\/div>\n<\/div>\n<\/div>\n<\/div>\n<\/div>\n<\/div>\n<\/div>\n<p>&nbsp;<\/p>\n<p><!-- Slut WEBSTAT.SE kod --><\/p>\n","protected":false},"excerpt":{"rendered":"<p>Vid FJVK St\u00e4mma 2025 Uppgick kretsen i Folkare JVK &nbsp; Passar p\u00e5 att tacka alla de medlemmar som under mina \u00e5r deltagit i kretsens arbete, och d\u00e5 inte minst vad g\u00e4ller rovdjur. Fd. Webb ansvarig \u00c5ke Berglund GRATTIS !\u00a0 J\u00c4GAREF\u00d6RBUNDET FOLK\u00c4RNA WALLEBERGS STIPENDIATER 2022. Ett stort tack till alla medlemmar f\u00f6r det gemensamma arbetet med [&hellip;]<\/p>\n","protected":false},"author":3,"featured_media":0,"parent":0,"menu_order":1,"comment_status":"open","ping_status":"open","template":"","meta":{"footnotes":""},"class_list":["post-2","page","type-page","status-publish","hentry"],"_links":{"self":[{"href":"https:\/\/krets.jagareforbundet.se\/folkarna\/wp-json\/wp\/v2\/pages\/2","targetHints":{"allow":["GET"]}}],"collection":[{"href":"https:\/\/krets.jagareforbundet.se\/folkarna\/wp-json\/wp\/v2\/pages"}],"about":[{"href":"https:\/\/krets.jagareforbundet.se\/folkarna\/wp-json\/wp\/v2\/types\/page"}],"author":[{"embeddable":true,"href":"https:\/\/krets.jagareforbundet.se\/folkarna\/wp-json\/wp\/v2\/users\/3"}],"replies":[{"embeddable":true,"href":"https:\/\/krets.jagareforbundet.se\/folkarna\/wp-json\/wp\/v2\/comments?post=2"}],"version-history":[{"count":4,"href":"https:\/\/krets.jagareforbundet.se\/folkarna\/wp-json\/wp\/v2\/pages\/2\/revisions"}],"predecessor-version":[{"id":8622,"href":"https:\/\/krets.jagareforbundet.se\/folkarna\/wp-json\/wp\/v2\/pages\/2\/revisions\/8622"}],"wp:attachment":[{"href":"https:\/\/krets.jagareforbundet.se\/folkarna\/wp-json\/wp\/v2\/media?parent=2"}],"curies":[{"name":"wp","href":"https:\/\/api.w.org\/{rel}","templated":true}]}}

Välkommen

<h2>Vid FJVK Stämma 2025 Uppgick kretsen i Folkare JVK</h2>
<p>&nbsp;</p>
<p>Passar på att tacka alla de medlemmar som under mina år deltagit i kretsens arbete, och då inte minst vad gäller rovdjur.</p>
<p>Fd. Webb ansvarig Åke Berglund</p>
<p style="text-align: center"><strong>GRATTIS ! </strong></p>
<p style="text-align: center">JÄGAREFÖRBUNDET FOLKÄRNA WALLEBERGS STIPENDIATER 2022.</p>
<p style="text-align: center">Ett stort tack till alla medlemmar för det gemensamma arbetet med rovdjursspåning och kontakter med Länsstyrelsen i Dalarna.</p>
<p style="text-align: center"><a href="https://krets.jagareforbundet.se/folkarna/files/2022/04/Screenshot_20220409-164914_Supertext.jpg"><img loading="lazy" decoding="async" class="aligncenter size-large wp-image-8021" src="https://krets.jagareforbundet.se/folkarna/files/2022/04/Screenshot_20220409-164914_Supertext-720x1024.jpg" alt="" width="720" height="1024" srcset="https://krets.jagareforbundet.se/folkarna/files/2022/04/Screenshot_20220409-164914_Supertext-720x1024.jpg 720w, https://krets.jagareforbundet.se/folkarna/files/2022/04/Screenshot_20220409-164914_Supertext-211x300.jpg 211w, https://krets.jagareforbundet.se/folkarna/files/2022/04/Screenshot_20220409-164914_Supertext-768x1092.jpg 768w, https://krets.jagareforbundet.se/folkarna/files/2022/04/Screenshot_20220409-164914_Supertext.jpg 788w" sizes="auto, (max-width: 720px) 100vw, 720px" /></a></p>
<p style="text-align: center"><span style="font-size: 14px;line-height: 1.5em">  </span></p>
<p>&nbsp;</p>
<h2 style="text-align: center"></h2>
<p>&nbsp;</p>
<div id="pageWrap">
<div class="clearfix" id="content">
<div id="fullCol">
<div id="largeCol">
<div class="content clearfix">
<div class="leftCol newsList">
<div>
<div>
<div class="pageContent">
<div>
<div id="pageWrap">
<div class="clearfix" id="content">
<div id="fullCol">
<div id="largeCol">
<div class="content clearfix">
<div class="rightCol">
<div>
<div>
<div class="pageContent">
<div>
<p style="text-align: left">
</div>
</div>
</div>
</div>
</div>
</div>
</div>
</div>
</div>
</div>
</div>
</div>
</div>
</div>
</div>
</div>
</div>
</div>
</div>
</div>
<p>&nbsp;</p>
<p><!-- Slut WEBSTAT.SE kod --></p>

<p>Vid FJVK Stämma 2025 Uppgick kretsen i Folkare JVK &nbsp; Passar på att tacka alla de medlemmar som under mina år deltagit i kretsens arbete, och då inte minst vad gäller rovdjur. Fd. Webb ansvarig Åke Berglund GRATTIS !  JÄGAREFÖRBUNDET FOLKÄRNA WALLEBERGS STIPENDIATER 2022. Ett stort tack till alla medlemmar för det gemensamma arbetet med [&hellip;]</p>
