{"id":2124,"date":"2013-04-04T14:21:00","date_gmt":"2013-04-04T12:21:00","guid":{"rendered":"https:\/\/krets.jagareforbundet.se\/folkarna\/?page_id=2124"},"modified":"2018-09-18T16:26:53","modified_gmt":"2018-09-18T14:26:53","slug":"rav","status":"publish","type":"page","link":"https:\/\/krets.jagareforbundet.se\/folkarna\/rav\/","title":{"rendered":"R\u00e4v"},"content":{"rendered":"<p><a href=\"https:\/\/krets.jagareforbundet.se\/folkarna\/files\/2013\/04\/2010_0614Mars2010-0166.jpg\"><img loading=\"lazy\" decoding=\"async\" class=\"alignleft size-thumbnail wp-image-2126\" title=\"R\u00e4vunge FJVK Foto \u00c5ke Berglund\" src=\"https:\/\/krets.jagareforbundet.se\/folkarna\/files\/2013\/04\/2010_0614Mars2010-0166-150x150.jpg\" alt=\"\" width=\"150\" height=\"150\" \/><\/a>R\u00e4ven \u00e4r tillsammans med Lodjuren de st\u00f6rsta predat\u00f6rerna av r\u00e5djurskid i v\u00e5rt omr\u00e5de. R\u00e4ven b\u00f6r med tanke p\u00e5 dv\u00e4rgbandmasken h\u00e5lla vid l\u00e5ga populationer. Ett flertal prov har tagits i Avesta och vi v\u00e4ntar p\u00e5 resultatet fr\u00e5n SVA.<\/p>\n<h2><a href=\"https:\/\/krets.jagareforbundet.se\/folkarna\/files\/2013\/04\/R\u00e4v-2012-13-W.pdf\" class=\"woo-sc-button  red\" ><span class=\"woo-\">Avskjutning R\u00e4v W-L\u00e4n<\/span><\/a><\/h2>\n<h2>Fakta Dv\u00e4rgbandmask (Echinococcus multilocularis)<\/h2>\n<div>\n<p>R\u00f6dr\u00e4ven \u00e4r huvudv\u00e4rd f\u00f6r parasiten, men bland annat hund, katt, varg och fj\u00e4llr\u00e4v kan sprida den.<\/p>\n<p>Huvudv\u00e4rdarna smittas genom att \u00e4ta upp in\u00e4lvorna fr\u00e5n en smittad sm\u00e5gnagare (mellanv\u00e4rd). Huvudv\u00e4rdarna blir inte sjuka av att f\u00e5 i sig parasit\u00e4gg, men kan f\u00f6ra smittan vidare genom avf\u00f6ring.<\/p>\n<p>M\u00e4nniskan kan bli mellanv\u00e4rd genom att f\u00e5 i sig mikroskopiskt sm\u00e5 mask\u00e4gg som kan finnas p\u00e5 b\u00e4r och gr\u00f6nsaker eller i p\u00e4lsen hos en huvudv\u00e4rd.<\/p>\n<p>Parasiten utvecklas i levern och uppt\u00e4cks ofta f\u00f6rst efter flera \u00e5r. Drabbade m\u00e4nniskor m\u00e5ste ofta genomg\u00e5 levertransplantation och livsl\u00e5ng behandling f\u00f6r att inte avlida av parasitinfektionen.<\/p>\n<p>R\u00e4vens dv\u00e4rgbandmask finns framf\u00f6r allt i centrala Europas bergstrakter, men har spridits \u00f6ver stora delar av Europa. F\u00f6rekomsten har \u00f6kat under senare \u00e5r och hittades i Sverige i februari.<\/p>\n<p>Parasit\u00e4ggen \u00e4r mycket motst\u00e5ndskraftiga. De t\u00e5l mycket mer \u00e4n vanlig frysboxtemperatur och kan allts\u00e5 \u00f6vervintra i markerna och fortfarande vara smittfarliga f\u00f6r sm\u00e5gnagare och m\u00e4nniska under l\u00e5ng tid.<\/p>\n<p>Hundar kan bli fria fr\u00e5n parasiten genom avmaskning.<\/p>\n<p>K\u00e4lla: Statens veterin\u00e4rmedicinska anstalt<\/p>\n<p style=\"text-align: center\"><a href=\"https:\/\/krets.jagareforbundet.se\/folkarna\/files\/2013\/04\/R\u00e4vSVVO046.jpg\"><img loading=\"lazy\" decoding=\"async\" class=\"aligncenter wp-image-4355\" title=\"Ungr\u00e4v p\u00e5 Stigv\u00e4gen. Foto \u00c5ke Berglund\" src=\"https:\/\/krets.jagareforbundet.se\/folkarna\/files\/2013\/04\/R\u00e4vSVVO046.jpg\" alt=\"R\u00e4vSVVO046\" width=\"623\" height=\"467\" \/><\/a><\/p>\n<\/div>\n","protected":false},"excerpt":{"rendered":"<p>R\u00e4ven \u00e4r tillsammans med Lodjuren de st\u00f6rsta predat\u00f6rerna av r\u00e5djurskid i v\u00e5rt omr\u00e5de. R\u00e4ven b\u00f6r med tanke p\u00e5 dv\u00e4rgbandmasken h\u00e5lla vid l\u00e5ga populationer. Ett flertal prov har tagits i Avesta och vi v\u00e4ntar p\u00e5 resultatet fr\u00e5n SVA. Fakta Dv\u00e4rgbandmask (Echinococcus multilocularis) R\u00f6dr\u00e4ven \u00e4r huvudv\u00e4rd f\u00f6r parasiten, men bland annat hund, katt, varg och fj\u00e4llr\u00e4v kan [&hellip;]<\/p>\n","protected":false},"author":78,"featured_media":0,"parent":0,"menu_order":9,"comment_status":"open","ping_status":"open","template":"","meta":{"footnotes":""},"class_list":["post-2124","page","type-page","status-publish","hentry"],"_links":{"self":[{"href":"https:\/\/krets.jagareforbundet.se\/folkarna\/wp-json\/wp\/v2\/pages\/2124","targetHints":{"allow":["GET"]}}],"collection":[{"href":"https:\/\/krets.jagareforbundet.se\/folkarna\/wp-json\/wp\/v2\/pages"}],"about":[{"href":"https:\/\/krets.jagareforbundet.se\/folkarna\/wp-json\/wp\/v2\/types\/page"}],"author":[{"embeddable":true,"href":"https:\/\/krets.jagareforbundet.se\/folkarna\/wp-json\/wp\/v2\/users\/78"}],"replies":[{"embeddable":true,"href":"https:\/\/krets.jagareforbundet.se\/folkarna\/wp-json\/wp\/v2\/comments?post=2124"}],"version-history":[{"count":0,"href":"https:\/\/krets.jagareforbundet.se\/folkarna\/wp-json\/wp\/v2\/pages\/2124\/revisions"}],"wp:attachment":[{"href":"https:\/\/krets.jagareforbundet.se\/folkarna\/wp-json\/wp\/v2\/media?parent=2124"}],"curies":[{"name":"wp","href":"https:\/\/api.w.org\/{rel}","templated":true}]}}

Räv

<p><a href="https://krets.jagareforbundet.se/folkarna/files/2013/04/2010_0614Mars2010-0166.jpg"><img loading="lazy" decoding="async" class="alignleft size-thumbnail wp-image-2126" title="Rävunge FJVK Foto Åke Berglund" src="https://krets.jagareforbundet.se/folkarna/files/2013/04/2010_0614Mars2010-0166-150x150.jpg" alt="" width="150" height="150" /></a>Räven är tillsammans med Lodjuren de största predatörerna av rådjurskid i vårt område. Räven bör med tanke på dvärgbandmasken hålla vid låga populationer. Ett flertal prov har tagits i Avesta och vi väntar på resultatet från SVA.</p>
<h2><a href="https://krets.jagareforbundet.se/folkarna/files/2013/04/Räv-2012-13-W.pdf" class="woo-sc-button  red" ><span class="woo-">Avskjutning Räv W-Län</span></a></h2>
<h2>Fakta Dvärgbandmask (Echinococcus multilocularis)</h2>
<div>
<p>Rödräven är huvudvärd för parasiten, men bland annat hund, katt, varg och fjällräv kan sprida den.</p>
<p>Huvudvärdarna smittas genom att äta upp inälvorna från en smittad smågnagare (mellanvärd). Huvudvärdarna blir inte sjuka av att få i sig parasitägg, men kan föra smittan vidare genom avföring.</p>
<p>Människan kan bli mellanvärd genom att få i sig mikroskopiskt små maskägg som kan finnas på bär och grönsaker eller i pälsen hos en huvudvärd.</p>
<p>Parasiten utvecklas i levern och upptäcks ofta först efter flera år. Drabbade människor måste ofta genomgå levertransplantation och livslång behandling för att inte avlida av parasitinfektionen.</p>
<p>Rävens dvärgbandmask finns framför allt i centrala Europas bergstrakter, men har spridits över stora delar av Europa. Förekomsten har ökat under senare år och hittades i Sverige i februari.</p>
<p>Parasitäggen är mycket motståndskraftiga. De tål mycket mer än vanlig frysboxtemperatur och kan alltså övervintra i markerna och fortfarande vara smittfarliga för smågnagare och människa under lång tid.</p>
<p>Hundar kan bli fria från parasiten genom avmaskning.</p>
<p>Källa: Statens veterinärmedicinska anstalt</p>
<p style="text-align: center"><a href="https://krets.jagareforbundet.se/folkarna/files/2013/04/RävSVVO046.jpg"><img loading="lazy" decoding="async" class="aligncenter wp-image-4355" title="Ungräv på Stigvägen. Foto Åke Berglund" src="https://krets.jagareforbundet.se/folkarna/files/2013/04/RävSVVO046.jpg" alt="RävSVVO046" width="623" height="467" /></a></p>
</div>

<p>Räven är tillsammans med Lodjuren de största predatörerna av rådjurskid i vårt område. Räven bör med tanke på dvärgbandmasken hålla vid låga populationer. Ett flertal prov har tagits i Avesta och vi väntar på resultatet från SVA. Fakta Dvärgbandmask (Echinococcus multilocularis) Rödräven är huvudvärd för parasiten, men bland annat hund, katt, varg och fjällräv kan [&hellip;]</p>
