{"id":2130,"date":"2013-04-04T14:37:52","date_gmt":"2013-04-04T12:37:52","guid":{"rendered":"https:\/\/krets.jagareforbundet.se\/folkarna\/?page_id=2130"},"modified":"2018-10-16T09:49:35","modified_gmt":"2018-10-16T07:49:35","slug":"fallvilt","status":"publish","type":"page","link":"https:\/\/krets.jagareforbundet.se\/folkarna\/jaktfragor\/kotthantering\/fallvilt\/","title":{"rendered":"Sjukdom &amp; Fallvilt"},"content":{"rendered":"<div id=\"attachment_2161\" style=\"width: 160px\" class=\"wp-caption alignleft\"><a href=\"https:\/\/krets.jagareforbundet.se\/folkarna\/files\/2013\/04\/Gaffeltrucken.jpg\"><img loading=\"lazy\" decoding=\"async\" aria-describedby=\"caption-attachment-2161\" class=\"size-thumbnail wp-image-2161\" title=\"Gaffeltrucken\" src=\"https:\/\/krets.jagareforbundet.se\/folkarna\/files\/2013\/04\/Gaffeltrucken-150x150.jpg\" alt=\"\" width=\"150\" height=\"150\" \/><\/a><p id=\"caption-attachment-2161\" class=\"wp-caption-text\">Har n\u00e5gra st\u00e5ngskador p\u00e5 sitt samvete Foto \u00c5ke Berglund<\/p><\/div>\n<p>Afrikansk svinpest \u00f6vervakas b\u00e4st genom att unders\u00f6ka sj\u00e4lvd\u00f6da vildsvin &#8211; kontakta g\u00e4rna SVA (via e-post\u00a0<a href=\"mailto:vilt@sva.se\">vilt@sva.se<\/a>), om du hittar ett d\u00f6tt vildsvin .<\/p>\n<p style=\"text-align: center\"><a href=\"https:\/\/krets.jagareforbundet.se\/folkarna\/files\/2018\/08\/cwd-overvakning-hosten-2018.pdf\" class=\"woo-sc-button  red large\" ><span class=\"woo-\">CWD \u00d6vervakning 2018-2020<\/span><\/a><\/p>\n<p style=\"text-align: center\"><a href=\"http:\/\/jagareforbundet.se\/cwd\" class=\"woo-sc-button  red\" ><span class=\"woo-\">Till sida om C W D<\/span><\/a>\u00a0<a href=\"http:\/\/sverigesradio.se\/sida\/artikel.aspx?programid=93&#038;artikel=6458825\" class=\"woo-sc-button  orange\" ><span class=\"woo-\">P4 V\u00e4rmland om CWD<\/span><\/a>\u00a0<a href=\"http:\/\/jagareforbundet.se\/globalassets\/documents\/nyheter\/2016\/faktablad-cwd-hos-hjortdjur.pdf\" class=\"woo-sc-button  orange\" ><span class=\"woo-\">Faktablad C W D<\/span><\/a> <a href=\"http:\/\/jagareforbundet.se\/vilt\/vilt-vetande\/artpresentation\/Bjorn-som-livsmedel\/\" class=\"woo-sc-button  red\" ><span class=\"woo-\">Trikinprov Vildsvin &amp; Bj\u00f6rn<\/span><\/a>\u00a0<a href=\"https:\/\/krets.jagareforbundet.se\/folkarna\/files\/2013\/04\/pm-algar-med-hudsar-20160822.pdf\" class=\"woo-sc-button  red large\" ><span class=\"woo-\">Huds\u00e5r p\u00e5 \u00c4lg 2016<\/span><\/a>\u00a0<a href=\"https:\/\/krets.jagareforbundet.se\/folkarna\/files\/2013\/04\/20160822-algenkat-hud-och-horn-tm-cb.xlsx\" class=\"woo-sc-button  orange large\" ><span class=\"woo-\">Enk\u00e4t \u00c4lgskador<\/span><\/a><\/p>\n<blockquote class=\"wp-embedded-content\" data-secret=\"7e9Q9FfZWc\"><p><a href=\"https:\/\/svenskjakt.se\/start\/nyhet\/webb-tv-sa-tar-du-cwd-prov\/\">Webb-tv: S\u00e5 tar du CWD-prov<\/a><\/p><\/blockquote>\n<p><iframe loading=\"lazy\" class=\"wp-embedded-content\" sandbox=\"allow-scripts\" security=\"restricted\" style=\"position: absolute; clip: rect(1px, 1px, 1px, 1px);\" title=\"\u201dWebb-tv: S\u00e5 tar du CWD-prov\u201d &ndash; Svensk Jakt\" src=\"https:\/\/svenskjakt.se\/start\/nyhet\/webb-tv-sa-tar-du-cwd-prov\/embed\/#?secret=G6NlfAOW65#?secret=7e9Q9FfZWc\" data-secret=\"7e9Q9FfZWc\" width=\"500\" height=\"282\" frameborder=\"0\" marginwidth=\"0\" marginheight=\"0\" scrolling=\"no\"><\/iframe><\/p>\n<p>Fallvilt \u00e4r samlingsnamnet f\u00f6r djur som hittas d\u00f6da d\u00e4r anledningen ej direkt \u00e4r jakt,och av sk\u00e4l sominte alla g\u00e5nger kan fastst\u00e4llas. Djur med skador som tyder p\u00e5 rovdjursangrepp, av varg, bj\u00f6rn eller lo,\u00a0anm\u00e4ls till\u00a0kretsens rovdjursansvarig. Dessa djur har efter en tid haft bes\u00f6k av \u00f6rn, h\u00f6k, svartf\u00e5gel eller r\u00e4v och j\u00e4rv och d\u00e5 sv\u00e5rt att fastst\u00e4lla vilket djur som egentligen d\u00f6dat, det \u00e4r ocks\u00e5 m\u00f6jligt att n\u00e5gon okopplad hund varit framme, i de fall s\u00e5dant angrepp iaktagits skall det anm\u00e4las till kretsens hundansvarig( Vakant= Styrelsen).<\/p>\n<p>Djur med skottskador eller trafikskador anm\u00e4ls till Polisen. \u00a0Djur med sjukdomsbild, \u00e4r magra, har hudangrepp,\u00a0\u00e4ldre frakturer, eller tecken p\u00e5 smittosam sjukdom, d\u00e5 kontaktas viltprovtagare Ingrid Flygare som avg\u00f6r om\u00a0<strong><a href=\"http:\/\/www.sva.se\/sv\/Diagnostik-och-produkter1\/Provtagningsinstruktioner\/Skicka-in\/\">SVA<\/a><\/strong> jourhavande\u00a0vetren\u00e4r <strong>018-67 40 00<\/strong>\u00a0skall kontaktas, och best\u00e4mmer vad som skall ske med djuret. \u00c4lgar \u00e5ldersbest\u00e4ms, och matas in i Viltdata.se under &#8221;\u00d6vrig d\u00f6dsorsak&#8221;\u00a0\u00c4lg med st\u00e5ngskador noteras i Viltdata. \u00a0\u00a0<a href=\"https:\/\/krets.jagareforbundet.se\/folkarna\/styrelsen-2013\/funktionarer-i-fjvk\/viltprovtagare\/\" class=\"woo-sc-button  orange\" ><span class=\"woo-\">Viltprovare<\/span><\/a> \u00a0<a href=\"http:\/\/sva.se\/globalassets\/redesign2011\/pdf\/om_sva\/publikationer\/vilda-djur\/sjukdomslaget-vilt-2017.pdf\" class=\"woo-sc-button  red\" ><span class=\"woo-\">Sjukdoml\u00e4ge Vilt 2017<\/span><\/a>\u00a0<a href=\"https:\/\/krets.jagareforbundet.se\/folkarna\/files\/2013\/04\/rapport-u171020-0005-2017-10-23-135545338-.pdf\" class=\"woo-sc-button  custom\" style=\"background:;border-color:\"><span class=\"woo-\">Unders\u00f6kning \u00c4lg 2017<\/span><\/a><\/p>\n<p style=\"text-align: center\"><a href=\"http:\/\/www.sva.se\/sv\/Djurhalsa1\/Vilda-djur\/\" class=\"woo-sc-button  custom\" style=\"background:;border-color:\"><span class=\"woo-\">SVA Statens vetrin\u00e4rmedicinska Anstalt<\/span><\/a><\/p>\n<p><span style=\"color: #800000\"><strong>R\u00e4vskabb.<\/strong><\/span><\/p>\n<p style=\"text-align: center\">Antal drabbade r\u00e4var ser nu ut att \u00f6ka i kretsen samtidigt som antalet skjutna minskar.\u00a0\u00a0<a href=\"https:\/\/www.sva.se\/djurhalsa\/zoonoser\/ravens-dvargbandmask-som-zoonos\" class=\"woo-sc-button  red\" ><span class=\"woo-\">R\u00e4vbandmask<\/span><\/a><\/p>\n<p><strong>Vildsvinskontroll<\/strong>.<\/p>\n<p>FJVK deltar i en unders\u00f6kning och fastst\u00e4llande av h\u00e4lsostatus p\u00e5 frilevande vildsvin.<\/p>\n<p style=\"text-align: center\">Vid skjutet vildsvin S\u00f6der om Dal\u00e4lven kontakta viltprovtagare Ingrid Flygare.\u00a0<a href=\"https:\/\/krets.jagareforbundet.se\/folkarna\/files\/2013\/04\/Provtagning-Vildsvin.pdf%20\" class=\"woo-sc-button  orange\" ><span class=\"woo-\">Om vildsvinsprov\u00a0S V A<\/span><\/a><\/p>\n<p>Trikinprov.<\/p>\n<p><strong>Prov SVA\u00a0<\/strong><\/p>\n<form id=\"aspnetForm\" action=\"\/analyser-och-produkter\/prislista-start\/analyser-av-djur-foder-livsmedel\/vilda-djur\" method=\"post\" name=\"aspnetForm\">\n<div id=\"pageContainer\">\n<div id=\"mainContentWrapper\">\n<div id=\"mainContainer\">\n<div class=\"clearfix\" id=\"mainContentArea\">\n<div class=\"row\">\n<div class=\"col-sm-9\">\n<div class=\"row\">\n<article id=\"mainContent\" class=\"col-sm-12\">\n<div id=\"priceListMainContentRegion\">\n<div class=\"table-responsive\" id=\"ResultArea\">\n<table id=\"articleTable\" class=\"pricelisttable\" width=\"100%\">\n<tbody>\n<tr class=\"odd\">\n<td>\n<div>Trikinunders\u00f6kning, vildsvin. 110 + moms(6-12 djur 89 kr\/st, 13-20 djur 68 kr\/st + moms.)<\/div>\n<\/td>\n<\/tr>\n<\/tbody>\n<\/table>\n<\/div>\n<\/div>\n<\/article>\n<\/div>\n<\/div>\n<\/div>\n<\/div>\n<\/div>\n<\/div>\n<\/div>\n<\/form>\n<p><a href=\"https:\/\/krets.jagareforbundet.se\/folkarna\/files\/2013\/04\/kopia-av-trikinundersokning-vildsvin.xls\">Prov vid JP H\u00e4stveda<\/a><\/p>\n<p><strong>\u00c4lgtjurskontroll<\/strong>.<\/p>\n<p>Alla tjurar med ryggs\u00e5r eller f\u00f6rtidigt f\u00e4llda horn, skall rapporteras till SVA.<\/p>\n<p><a href=\"https:\/\/krets.jagareforbundet.se\/folkarna\/files\/2013\/04\/2015-10-08-PM-SVA-unders\u00f6kning-\u00e4lg-TM.pdf\" class=\"woo-sc-button  red\" ><span class=\"woo-\">L\u00e4s H\u00e4r .<\/span><\/a> \u00a0<a href=\"https:\/\/krets.jagareforbundet.se\/folkarna\/files\/2013\/04\/20151008-\u00c4lgenk\u00e4t-hud-och-horn.xlsx\" class=\"woo-sc-button  red\" ><span class=\"woo-\">H\u00e4mta blankett H\u00e4r<\/span><\/a>\u00a0<a href=\"https:\/\/krets.jagareforbundet.se\/folkarna\/files\/2013\/04\/20151008-\u00c4lgenk\u00e4t-hud-och-horn.pdf\" class=\"woo-sc-button  red\" ><span class=\"woo-\">Skriv ut blankett<\/span><\/a><\/p>\n<hr \/>\n<p>Svenska J\u00e4garef\u00f6rbundet vilt\u00f6vervakning<br \/>\n\u00d6vrig d\u00f6dlighet \u00e4lg 20-83-02-003-\u00c4 GARPENBERGS \u00c4LGSK\u00d6TSELOMR\u00c5DE 2012-2017<br \/>\n\u00c5r\u00a0 \u00a0 \u00a0 \u00a0 \u00a0 \u00a0 \u00a0 \u00a0 \u00a0 \u00a0Ok\u00e4nd orsak\u00a0 \u00a0 \u00a0 \u00a0 \u00a0Trafikskadad\u00a0 \u00a0 \u00a0 \u00a0 \u00a0 \u00a0 \u00a0Rovdjur\u00a0 \u00a0 \u00a0 \u00a0 \u00a0 Sjukdom\/skada\u00a0 \u00a0 \u00a0 \u00a0 \u00a0 \u00a0 \u00a0 \u00a0Annat<br \/>\n2012\u00a0 \u00a0 \u00a0 \u00a0 \u00a0 \u00a0 \u00a0 \u00a0 0\u00a0 \u00a0 \u00a0 \u00a0 \u00a0 \u00a0 \u00a0 \u00a0 \u00a0 \u00a0 \u00a0 \u00a0 \u00a0 \u00a0 \u00a0 \u00a0 \u00a0 \u00a03\u00a0 \u00a0 \u00a0 \u00a0 \u00a0 \u00a0 \u00a0 \u00a0 \u00a0 \u00a0 \u00a0 \u00a0 \u00a0 \u00a0 \u00a0 \u00a0 0\u00a0 \u00a0 \u00a0 \u00a0 \u00a0 \u00a0 \u00a0 \u00a0 \u00a0 \u00a0 \u00a0 \u00a0 \u00a0 \u00a0 \u00a0 \u00a0 0\u00a0 \u00a0 \u00a0 \u00a0 \u00a0 \u00a0 \u00a0 \u00a0 \u00a0 \u00a0 \u00a0 \u00a0 \u00a0 \u00a0 \u00a0 \u00a00<br \/>\n2013\u00a0 \u00a0 \u00a0 \u00a0 \u00a0 \u00a0 \u00a0 \u00a0 1\u00a0 \u00a0 \u00a0 \u00a0 \u00a0 \u00a0 \u00a0 \u00a0 \u00a0 \u00a0 \u00a0 \u00a0 \u00a0 \u00a0 \u00a0 \u00a0 \u00a0 \u00a04\u00a0 \u00a0 \u00a0 \u00a0 \u00a0 \u00a0 \u00a0 \u00a0 \u00a0 \u00a0 \u00a0 \u00a0 \u00a0 \u00a0 \u00a0 \u00a0 \u00a00\u00a0 \u00a0 \u00a0 \u00a0 \u00a0 \u00a0 \u00a0 \u00a0 \u00a0 \u00a0 \u00a0 \u00a0 \u00a0 \u00a0 \u00a0 \u00a0 2\u00a0 \u00a0 \u00a0 \u00a0 \u00a0 \u00a0 \u00a0 \u00a0 \u00a0 \u00a0 \u00a0 \u00a0 \u00a0 \u00a0 \u00a0 \u00a00<br \/>\n2014\u00a0 \u00a0 \u00a0 \u00a0 \u00a0 \u00a0 \u00a0 \u00a02\u00a0 \u00a0 \u00a0 \u00a0 \u00a0 \u00a0 \u00a0 \u00a0 \u00a0 \u00a0 \u00a0 \u00a0 \u00a0 \u00a0 \u00a0 \u00a0 \u00a0 \u00a02\u00a0 \u00a0 \u00a0 \u00a0 \u00a0 \u00a0 \u00a0 \u00a0 \u00a0 \u00a0 \u00a0 \u00a0 \u00a0 \u00a0 \u00a0 \u00a0 \u00a00\u00a0 \u00a0 \u00a0 \u00a0 \u00a0 \u00a0 \u00a0 \u00a0 \u00a0 \u00a0 \u00a0 \u00a0 \u00a0 \u00a0 \u00a0 \u00a0 \u00a01\u00a0 \u00a0 \u00a0 \u00a0 \u00a0 \u00a0 \u00a0 \u00a0 \u00a0 \u00a0 \u00a0 \u00a0 \u00a0 \u00a0 \u00a0 \u00a00<br \/>\n2015\u00a0 \u00a0 \u00a0 \u00a0 \u00a0 \u00a0 \u00a0 \u00a01\u00a0 \u00a0 \u00a0 \u00a0 \u00a0 \u00a0 \u00a0 \u00a0 \u00a0 \u00a0 \u00a0 \u00a0 \u00a0 \u00a0 \u00a0 \u00a0 \u00a0 \u00a0 6\u00a0 \u00a0 \u00a0 \u00a0 \u00a0 \u00a0 \u00a0 \u00a0 \u00a0 \u00a0 \u00a0 \u00a0 \u00a0 \u00a0 \u00a0 \u00a0 \u00a01\u00a0 \u00a0 \u00a0 \u00a0 \u00a0 \u00a0 \u00a0 \u00a0 \u00a0 \u00a0 \u00a0 \u00a0 \u00a0 \u00a0 \u00a0 \u00a0 \u00a00\u00a0 \u00a0 \u00a0 \u00a0 \u00a0 \u00a0 \u00a0 \u00a0 \u00a0 \u00a0 \u00a0 \u00a0 \u00a0 \u00a0 \u00a0 \u00a00<br \/>\n2016\u00a0 \u00a0 \u00a0 \u00a0 \u00a0 \u00a0 \u00a0 \u00a02\u00a0 \u00a0 \u00a0 \u00a0 \u00a0 \u00a0 \u00a0 \u00a0 \u00a0 \u00a0 \u00a0 \u00a0 \u00a0 \u00a0 \u00a0 \u00a0 \u00a0 \u00a05\u00a0 \u00a0 \u00a0 \u00a0 \u00a0 \u00a0 \u00a0 \u00a0 \u00a0 \u00a0 \u00a0 \u00a0 \u00a0 \u00a0 \u00a0 \u00a0 \u00a0 1\u00a0 \u00a0 \u00a0 \u00a0 \u00a0 \u00a0 \u00a0 \u00a0 \u00a0 \u00a0 \u00a0 \u00a0 \u00a0 \u00a0 \u00a0 \u00a0 \u00a00\u00a0 \u00a0 \u00a0 \u00a0 \u00a0 \u00a0 \u00a0 \u00a0 \u00a0 \u00a0 \u00a0 \u00a0 \u00a0 \u00a0 \u00a0 \u00a00<br \/>\n2017\u00a0 \u00a0 \u00a0 \u00a0 \u00a0 \u00a0 \u00a0 \u00a01\u00a0 \u00a0 \u00a0 \u00a0 \u00a0 \u00a0 \u00a0 \u00a0 \u00a0 \u00a0 \u00a0 \u00a0 \u00a0 \u00a0 \u00a0 \u00a0 \u00a0 \u00a00\u00a0 \u00a0 \u00a0 \u00a0 \u00a0 \u00a0 \u00a0 \u00a0 \u00a0 \u00a0 \u00a0 \u00a0 \u00a0 \u00a0 \u00a0 \u00a0 \u00a0 0\u00a0 \u00a0 \u00a0 \u00a0 \u00a0 \u00a0 \u00a0 \u00a0 \u00a0 \u00a0 \u00a0 \u00a0 \u00a0 \u00a0 \u00a0 \u00a0 \u00a01\u00a0 \u00a0 \u00a0 \u00a0 \u00a0 \u00a0 \u00a0 \u00a0 \u00a0 \u00a0 \u00a0 \u00a0 \u00a0 \u00a0 \u00a0 \u00a0 1<\/p>\n<hr \/>\n<p>&nbsp;<\/p>\n","protected":false},"excerpt":{"rendered":"<p>Afrikansk svinpest \u00f6vervakas b\u00e4st genom att unders\u00f6ka sj\u00e4lvd\u00f6da vildsvin &#8211; kontakta g\u00e4rna SVA (via e-post\u00a0vilt@sva.se), om du hittar ett d\u00f6tt vildsvin . \u00a0\u00a0 \u00a0\u00a0 Webb-tv: S\u00e5 tar du CWD-prov Fallvilt \u00e4r samlingsnamnet f\u00f6r djur som hittas d\u00f6da d\u00e4r anledningen ej direkt \u00e4r jakt,och av sk\u00e4l sominte alla g\u00e5nger kan fastst\u00e4llas. Djur med skador som tyder [&hellip;]<\/p>\n","protected":false},"author":78,"featured_media":0,"parent":2117,"menu_order":0,"comment_status":"open","ping_status":"open","template":"","meta":{"footnotes":""},"class_list":["post-2130","page","type-page","status-publish","hentry"],"_links":{"self":[{"href":"https:\/\/krets.jagareforbundet.se\/folkarna\/wp-json\/wp\/v2\/pages\/2130","targetHints":{"allow":["GET"]}}],"collection":[{"href":"https:\/\/krets.jagareforbundet.se\/folkarna\/wp-json\/wp\/v2\/pages"}],"about":[{"href":"https:\/\/krets.jagareforbundet.se\/folkarna\/wp-json\/wp\/v2\/types\/page"}],"author":[{"embeddable":true,"href":"https:\/\/krets.jagareforbundet.se\/folkarna\/wp-json\/wp\/v2\/users\/78"}],"replies":[{"embeddable":true,"href":"https:\/\/krets.jagareforbundet.se\/folkarna\/wp-json\/wp\/v2\/comments?post=2130"}],"version-history":[{"count":1,"href":"https:\/\/krets.jagareforbundet.se\/folkarna\/wp-json\/wp\/v2\/pages\/2130\/revisions"}],"predecessor-version":[{"id":5698,"href":"https:\/\/krets.jagareforbundet.se\/folkarna\/wp-json\/wp\/v2\/pages\/2130\/revisions\/5698"}],"up":[{"embeddable":true,"href":"https:\/\/krets.jagareforbundet.se\/folkarna\/wp-json\/wp\/v2\/pages\/2117"}],"wp:attachment":[{"href":"https:\/\/krets.jagareforbundet.se\/folkarna\/wp-json\/wp\/v2\/media?parent=2130"}],"curies":[{"name":"wp","href":"https:\/\/api.w.org\/{rel}","templated":true}]}}