{"id":2990,"date":"2013-05-08T13:52:29","date_gmt":"2013-05-08T11:52:29","guid":{"rendered":"https:\/\/krets.jagareforbundet.se\/folkarna\/?page_id=2990"},"modified":"2017-03-27T09:46:40","modified_gmt":"2017-03-27T07:46:40","slug":"djurhalsa","status":"publish","type":"page","link":"https:\/\/krets.jagareforbundet.se\/folkarna\/mark-viltvard\/djurhalsa\/","title":{"rendered":"Djurh\u00e4lsa"},"content":{"rendered":"<p>Djurh\u00e4lsan \u00e4r en viktig del i viltv\u00e5rden klicka h\u00e4r f\u00f6r att komma till\u00a0<a href=\"http:\/\/www.sva.se\/sv\/Djurhalsa1\/Vilda-djur\/\" class=\"woo-sc-button  orange\" ><span class=\"woo-\">S V A Statens Vetrin\u00e4rmedicinska Anstalt<\/span><\/a> \u00a0<a href=\"http:\/\/www.jordbruksverket.se\/amnesomraden\/djur\/omdjurenblirsjuka\/smittsammadjursjukdomar\/dvargbandmask.4.14121bbd12def92a91780005474.html\" class=\"woo-sc-button  orange\" ><span class=\"woo-\">Jordbruksverket om D\u00e4rgbandmask<\/span><\/a>\u00a0<a href=\"https:\/\/krets.jagareforbundet.se\/folkarna\/styrelsen-2013\/funktionarer-i-fjvk\/viltprovtagare\/\" class=\"woo-sc-button  custom\" style=\"background:;border-color:\"><span class=\"woo-\">Viltprovare<\/span><\/a><\/p>\n<h4>Under v\u00e5ren 2016 har den utstr\u00e4ckta tiden f\u00f6r att samla in r\u00e4vskit f\u00f6r analys om den inneh\u00e5ller sp\u00e5r av <a href=\"http:\/\/www.sva.se\/sv\/Djurhalsa1\/Zoonoser\/Ravens-dvargbandmask\/?lid=27677\">Dv\u00e4rgbandmasken<\/a>\u00a0 utnyttjats v\u00e4l och f\u00f6r hela <strong>Avesta<\/strong> inkom 22 prov, minsta gr\u00e4nsen var 9.<\/h4>\n<p>\u00c5ter \u00e4r d\u00e4rmed p\u00e5 topp i Dalarna vilket k\u00e4nns tryggt och bra, av ca 1000 prov i landet har endast <strong>ett prov<\/strong> (i v\u00e4stra G\u00f6taland ) visat p\u00e5 f\u00f6rekomst. \u00a0Mindre bra \u00e4r att de 1000 proven skulle ha varit 4000 !<\/p>\n<p>I Dalarna var det bara tv\u00e5 kommuner som klarat sitt m\u00e5l <strong>Avesta<\/strong> och <strong>Borl\u00e4nge<\/strong><\/p>\n<h2>Redovisning per l\u00e4n, 2012-2013<\/h2>\n<table style=\"width: 468px\" border=\"1\" cellpadding=\"0\">\n<tbody>\n<tr>\n<td colspan=\"6\" valign=\"top\" width=\"99%\"><\/td>\n<\/tr>\n<tr>\n<td valign=\"top\" width=\"18%\">\n<h6><span style=\"font-size: medium\"><strong>L\u00e4n<\/strong><\/span><\/h6>\n<\/td>\n<td valign=\"top\" width=\"10%\">\n<h6><span style=\"font-size: medium\"><strong>\u00d6nskat antal\u00a0<\/strong><\/span><\/h6>\n<\/td>\n<td valign=\"top\" width=\"12%\">\n<h6><span style=\"font-size: medium\"><strong>Inkom.<\/strong><\/span><\/h6>\n<h6><span style=\"font-size: medium\"><strong>\u00a0<\/strong><\/span><\/h6>\n<\/td>\n<td valign=\"top\" width=\"22%\">\n<h6 style=\"text-align: center\"><span style=\"font-size: medium\"><strong>inkom. \u00a0%<\/strong><\/span><\/h6>\n<\/td>\n<td valign=\"top\" width=\"16%\">\n<h6><span style=\"font-size: medium\"><strong>\u00a0analys-erade<\/strong><\/span><\/h6>\n<\/td>\n<td valign=\"top\" width=\"16%\">\n<h6><span style=\"font-size: medium\"><strong>dv\u00e4rg-band-mask<\/strong><\/span><\/h6>\n<\/td>\n<\/tr>\n<tr>\n<td valign=\"top\" width=\"18%\"><span style=\"font-size: medium\">Blekinge<\/span><\/td>\n<td valign=\"top\" width=\"10%\"><span style=\"font-size: medium\"> 43<\/span><\/td>\n<td valign=\"top\" width=\"12%\"><span style=\"font-size: medium\"> 39<\/span><\/td>\n<td valign=\"top\" width=\"22%\"><span style=\"font-size: medium\"> 91<\/span><\/td>\n<td valign=\"top\" width=\"16%\"><span style=\"font-size: medium\"> 37<\/span><\/td>\n<td valign=\"top\" width=\"16%\"><span style=\"font-size: medium\"> 0<\/span><\/td>\n<\/tr>\n<tr>\n<td valign=\"top\" width=\"18%\"><strong><span style=\"font-size: medium\">Dalarna<\/span><\/strong><\/td>\n<td valign=\"top\" width=\"10%\"><strong><span style=\"font-size: medium\"> 405<\/span><\/strong><\/td>\n<td valign=\"top\" width=\"12%\"><strong><span style=\"font-size: medium\"> 184<\/span><\/strong><\/td>\n<td valign=\"top\" width=\"22%\"><strong><span style=\"font-size: medium\"> 45<\/span><\/strong><\/td>\n<td valign=\"top\" width=\"16%\"><strong><span style=\"font-size: medium\"> 160<\/span><\/strong><\/td>\n<td valign=\"top\" width=\"16%\"><strong><span style=\"font-size: medium\"> 0<\/span><\/strong><\/td>\n<\/tr>\n<tr>\n<td valign=\"top\" width=\"18%\"><span style=\"font-size: medium\">Gotland<\/span><\/td>\n<td valign=\"top\" width=\"10%\"><span style=\"font-size: medium\"> 45<\/span><\/td>\n<td valign=\"top\" width=\"12%\"><span style=\"font-size: medium\"> 9<\/span><\/td>\n<td valign=\"top\" width=\"22%\"><span style=\"font-size: medium\"> 20<\/span><\/td>\n<td valign=\"top\" width=\"16%\"><span style=\"font-size: medium\"> 8<\/span><\/td>\n<td valign=\"top\" width=\"16%\"><span style=\"font-size: medium\"> 0<\/span><\/td>\n<\/tr>\n<tr>\n<td valign=\"top\" width=\"18%\"><span style=\"font-size: medium\">G\u00e4vleborg<\/span><\/td>\n<td valign=\"top\" width=\"10%\"><span style=\"font-size: medium\"> 261<\/span><\/td>\n<td valign=\"top\" width=\"12%\"><span style=\"font-size: medium\"> 45<\/span><\/td>\n<td valign=\"top\" width=\"22%\"><span style=\"font-size: medium\"> 17<\/span><\/td>\n<td valign=\"top\" width=\"16%\"><span style=\"font-size: medium\"> 29<\/span><\/td>\n<td valign=\"top\" width=\"16%\"><span style=\"font-size: medium\"> 0<\/span><\/td>\n<\/tr>\n<tr>\n<td valign=\"top\" width=\"18%\"><span style=\"font-size: medium\">Halland<\/span><\/td>\n<td valign=\"top\" width=\"10%\"><span style=\"font-size: medium\"> 82<\/span><\/td>\n<td valign=\"top\" width=\"12%\"><span style=\"font-size: medium\"> 16<\/span><\/td>\n<td valign=\"top\" width=\"22%\"><span style=\"font-size: medium\"> 20<\/span><\/td>\n<td valign=\"top\" width=\"16%\"><span style=\"font-size: medium\"> 15<\/span><\/td>\n<td valign=\"top\" width=\"16%\"><span style=\"font-size: medium\"> 0<\/span><\/td>\n<\/tr>\n<tr>\n<td valign=\"top\" width=\"18%\"><span style=\"font-size: medium\">J\u00e4mtland<\/span><\/td>\n<td valign=\"top\" width=\"10%\"><span style=\"font-size: medium\"> 292<\/span><\/td>\n<td valign=\"top\" width=\"12%\"><span style=\"font-size: medium\"> 73<\/span><\/td>\n<td valign=\"top\" width=\"22%\"><span style=\"font-size: medium\"> 25<\/span><\/td>\n<td valign=\"top\" width=\"16%\"><span style=\"font-size: medium\"> 40<\/span><\/td>\n<td valign=\"top\" width=\"16%\"><span style=\"font-size: medium\"> 0<\/span><\/td>\n<\/tr>\n<tr>\n<td valign=\"top\" width=\"18%\"><span style=\"font-size: medium\">J\u00f6nk\u00f6ping<\/span><\/td>\n<td valign=\"top\" width=\"10%\"><span style=\"font-size: medium\"> 151<\/span><\/td>\n<td valign=\"top\" width=\"12%\"><span style=\"font-size: medium\"> 46<\/span><\/td>\n<td valign=\"top\" width=\"22%\"><span style=\"font-size: medium\"> 30<\/span><\/td>\n<td valign=\"top\" width=\"16%\"><span style=\"font-size: medium\"> 35<\/span><\/td>\n<td valign=\"top\" width=\"16%\"><span style=\"font-size: medium\"> 0<\/span><\/td>\n<\/tr>\n<tr>\n<td valign=\"top\" width=\"18%\"><span style=\"font-size: medium\">Kalmar<\/span><\/td>\n<td valign=\"top\" width=\"10%\"><span style=\"font-size: medium\"> 161<\/span><\/td>\n<td valign=\"top\" width=\"12%\"><span style=\"font-size: medium\"> 69<\/span><\/td>\n<td valign=\"top\" width=\"22%\"><span style=\"font-size: medium\"> 43<\/span><\/td>\n<td valign=\"top\" width=\"16%\"><span style=\"font-size: medium\"> 61<\/span><\/td>\n<td valign=\"top\" width=\"16%\"><span style=\"font-size: medium\"> 0<\/span><\/td>\n<\/tr>\n<tr>\n<td valign=\"top\" width=\"18%\"><span style=\"font-size: medium\">Kronoberg<\/span><\/td>\n<td valign=\"top\" width=\"10%\"><span style=\"font-size: medium\"> 122<\/span><\/td>\n<td valign=\"top\" width=\"12%\"><span style=\"font-size: medium\"> 65<\/span><\/td>\n<td valign=\"top\" width=\"22%\"><span style=\"font-size: medium\"> 53<\/span><\/td>\n<td valign=\"top\" width=\"16%\"><span style=\"font-size: medium\"> 58<\/span><\/td>\n<td valign=\"top\" width=\"16%\"><span style=\"font-size: medium\"> 0<\/span><\/td>\n<\/tr>\n<tr>\n<td valign=\"top\" width=\"18%\"><span style=\"font-size: medium\">Norrbotten<\/span><\/td>\n<td valign=\"top\" width=\"10%\"><span style=\"font-size: medium\"> 581<\/span><\/td>\n<td valign=\"top\" width=\"12%\"><span style=\"font-size: medium\"> 182<\/span><\/td>\n<td valign=\"top\" width=\"22%\"><span style=\"font-size: medium\"> 31<\/span><\/td>\n<td valign=\"top\" width=\"16%\"><span style=\"font-size: medium\"> 127<\/span><\/td>\n<td valign=\"top\" width=\"16%\"><span style=\"font-size: medium\"> 0<\/span><\/td>\n<\/tr>\n<tr>\n<td valign=\"top\" width=\"18%\"><span style=\"font-size: medium\">Sk\u00e5ne<\/span><\/td>\n<td valign=\"top\" width=\"10%\"><span style=\"font-size: medium\"> 159<\/span><\/td>\n<td valign=\"top\" width=\"12%\"><span style=\"font-size: medium\"> 47<\/span><\/td>\n<td valign=\"top\" width=\"22%\"><span style=\"font-size: medium\"> 30<\/span><\/td>\n<td valign=\"top\" width=\"16%\"><span style=\"font-size: medium\"> 42<\/span><\/td>\n<td valign=\"top\" width=\"16%\"><span style=\"font-size: medium\"> 0<\/span><\/td>\n<\/tr>\n<tr>\n<td valign=\"top\" width=\"18%\"><span style=\"font-size: medium\">Stockholm<\/span><\/td>\n<td valign=\"top\" width=\"10%\"><span style=\"font-size: medium\"> 91<\/span><\/td>\n<td valign=\"top\" width=\"12%\"><span style=\"font-size: medium\"> 38<\/span><\/td>\n<td valign=\"top\" width=\"22%\"><span style=\"font-size: medium\"> 40<\/span><\/td>\n<td valign=\"top\" width=\"16%\"><span style=\"font-size: medium\"> 15<\/span><\/td>\n<td valign=\"top\" width=\"16%\"><span style=\"font-size: medium\"> 0<\/span><\/td>\n<\/tr>\n<tr>\n<td valign=\"top\" width=\"18%\"><span style=\"font-size: medium\">S\u00f6dermanland<\/span><\/td>\n<td valign=\"top\" width=\"10%\"><span style=\"font-size: medium\"> 83<\/span><\/td>\n<td valign=\"top\" width=\"12%\"><span style=\"font-size: medium\"> 32<\/span><\/td>\n<td valign=\"top\" width=\"22%\"><span style=\"font-size: medium\"> 39<\/span><\/td>\n<td valign=\"top\" width=\"16%\"><span style=\"font-size: medium\"> 17<\/span><\/td>\n<td valign=\"top\" width=\"16%\"><span style=\"font-size: medium\"> 0<\/span><\/td>\n<\/tr>\n<tr>\n<td valign=\"top\" width=\"18%\"><span style=\"font-size: medium\">Uppsala<\/span><\/td>\n<td valign=\"top\" width=\"10%\"><span style=\"font-size: medium\"> 125<\/span><\/td>\n<td valign=\"top\" width=\"12%\"><span style=\"font-size: medium\"> 37<\/span><\/td>\n<td valign=\"top\" width=\"22%\"><span style=\"font-size: medium\"> 30<\/span><\/td>\n<td valign=\"top\" width=\"16%\"><span style=\"font-size: medium\"> 24<\/span><\/td>\n<td valign=\"top\" width=\"16%\"><span style=\"font-size: medium\"> 0<\/span><\/td>\n<\/tr>\n<tr>\n<td valign=\"top\" width=\"18%\"><span style=\"font-size: medium\">V\u00e4rmland<\/span><\/td>\n<td valign=\"top\" width=\"10%\"><span style=\"font-size: medium\"> 253<\/span><\/td>\n<td valign=\"top\" width=\"12%\"><span style=\"font-size: medium\"> 85<\/span><\/td>\n<td valign=\"top\" width=\"22%\"><span style=\"font-size: medium\"> 34<\/span><\/td>\n<td valign=\"top\" width=\"16%\"><span style=\"font-size: medium\"> 18<\/span><\/td>\n<td valign=\"top\" width=\"16%\"><span style=\"font-size: medium\"> 0<\/span><\/td>\n<\/tr>\n<tr>\n<td valign=\"top\" width=\"18%\"><span style=\"font-size: medium\">V\u00e4sterbotten<\/span><\/td>\n<td valign=\"top\" width=\"10%\"><span style=\"font-size: medium\"> 327<\/span><\/td>\n<td valign=\"top\" width=\"12%\"><span style=\"font-size: medium\"> 51<\/span><\/td>\n<td valign=\"top\" width=\"22%\"><span style=\"font-size: medium\"> 16<\/span><\/td>\n<td valign=\"top\" width=\"16%\"><span style=\"font-size: medium\"> 47<\/span><\/td>\n<td valign=\"top\" width=\"16%\"><span style=\"font-size: medium\"> 0<\/span><\/td>\n<\/tr>\n<tr>\n<td valign=\"top\" width=\"18%\"><span style=\"font-size: medium\">V\u00e4sternorrland<\/span><\/td>\n<td valign=\"top\" width=\"10%\"><span style=\"font-size: medium\"> 128<\/span><\/td>\n<td valign=\"top\" width=\"12%\"><span style=\"font-size: medium\"> 40<\/span><\/td>\n<td valign=\"top\" width=\"22%\"><span style=\"font-size: medium\"> 31<\/span><\/td>\n<td valign=\"top\" width=\"16%\"><span style=\"font-size: medium\"> 30<\/span><\/td>\n<td valign=\"top\" width=\"16%\"><span style=\"font-size: medium\"> 0<\/span><\/td>\n<\/tr>\n<tr>\n<td valign=\"top\" width=\"18%\"><span style=\"font-size: medium\">V\u00e4stmanland<\/span><\/td>\n<td valign=\"top\" width=\"10%\"><span style=\"font-size: medium\"> 74<\/span><\/td>\n<td valign=\"top\" width=\"12%\"><span style=\"font-size: medium\"> 15<\/span><\/td>\n<td valign=\"top\" width=\"22%\"><span style=\"font-size: medium\"> 20<\/span><\/td>\n<td valign=\"top\" width=\"16%\"><span style=\"font-size: medium\"> 10<\/span><\/td>\n<td valign=\"top\" width=\"16%\"><span style=\"font-size: medium\"> 0<\/span><\/td>\n<\/tr>\n<tr>\n<td valign=\"top\" width=\"18%\"><strong><span style=\"font-size: medium\">V. G\u00f6taland<\/span><\/strong><\/td>\n<td valign=\"top\" width=\"10%\"><strong><span style=\"font-size: medium\"> 340<\/span><\/strong><\/td>\n<td valign=\"top\" width=\"12%\"><strong><span style=\"font-size: medium\"> 182<\/span><\/strong><\/td>\n<td valign=\"top\" width=\"22%\"><strong><span style=\"font-size: medium\"> 54<\/span><\/strong><\/td>\n<td valign=\"top\" width=\"16%\"><strong><span style=\"font-size: medium\"> 154<\/span><\/strong><\/td>\n<td valign=\"top\" width=\"16%\"><strong><span style=\"font-size: medium\"> 1<\/span><\/strong><\/td>\n<\/tr>\n<tr>\n<td valign=\"top\" width=\"18%\"><span style=\"font-size: medium\">\u00d6rebro<\/span><\/td>\n<td valign=\"top\" width=\"10%\"><span style=\"font-size: medium\"> 123<\/span><\/td>\n<td valign=\"top\" width=\"12%\"><span style=\"font-size: medium\"> 52<\/span><\/td>\n<td valign=\"top\" width=\"22%\"><span style=\"font-size: medium\"> 42<\/span><\/td>\n<td valign=\"top\" width=\"16%\"><span style=\"font-size: medium\"> 23<\/span><\/td>\n<td valign=\"top\" width=\"16%\"><span style=\"font-size: medium\"> 0<\/span><\/td>\n<\/tr>\n<tr>\n<td valign=\"top\" width=\"18%\"><span style=\"font-size: medium\">\u00d6sterg\u00f6tland<\/span><\/td>\n<td valign=\"top\" width=\"10%\"><span style=\"font-size: medium\"> 153<\/span><\/td>\n<td valign=\"top\" width=\"12%\"><span style=\"font-size: medium\"> 68<\/span><\/td>\n<td valign=\"top\" width=\"22%\"><span style=\"font-size: medium\"> 44<\/span><\/td>\n<td valign=\"top\" width=\"16%\"><span style=\"font-size: medium\"> 54<\/span><\/td>\n<td valign=\"top\" width=\"16%\"><span style=\"font-size: medium\"> 0<\/span><\/td>\n<\/tr>\n<tr>\n<td valign=\"top\" width=\"18%\"><span style=\"font-size: medium\"><strong>Totalt:<\/strong><\/span><\/td>\n<td valign=\"top\" width=\"10%\"><span style=\"font-size: medium\"><strong>4000<\/strong><\/span><\/td>\n<td valign=\"top\" width=\"12%\"><span style=\"font-size: medium\"><strong> 1375<\/strong><\/span><\/td>\n<td valign=\"top\" width=\"22%\"><strong> 34%<\/strong><\/td>\n<td valign=\"top\" width=\"16%\"><span style=\"font-size: medium\"><strong> 1003<\/strong><\/span><\/td>\n<td valign=\"top\" width=\"16%\"><span style=\"font-size: medium\"> <strong>1<\/strong><\/span><\/td>\n<\/tr>\n<\/tbody>\n<\/table>\n<p><strong>Tabellen uppdaterad 6 maj 2013<\/strong><\/p>\n<p>Broschyr f\u00f6r utskrift om matning av vilt Klicka H\u00e4r &gt;&gt;\u00a0<a href=\"http:\/\/jagareforbundet.se\/Documents\/Broschyrer\/Viltvardsinformation\/UtfodringsFolder.pdf\" class=\"woo-sc-button  red\" ><span class=\"woo-\">Matning av vilt<\/span><\/a><\/p>\n","protected":false},"excerpt":{"rendered":"<p>Djurh\u00e4lsan \u00e4r en viktig del i viltv\u00e5rden klicka h\u00e4r f\u00f6r att komma till\u00a0 \u00a0\u00a0 Under v\u00e5ren 2016 har den utstr\u00e4ckta tiden f\u00f6r att samla in r\u00e4vskit f\u00f6r analys om den inneh\u00e5ller sp\u00e5r av Dv\u00e4rgbandmasken\u00a0 utnyttjats v\u00e4l och f\u00f6r hela Avesta inkom 22 prov, minsta gr\u00e4nsen var 9. \u00c5ter \u00e4r d\u00e4rmed p\u00e5 topp i Dalarna vilket [&hellip;]<\/p>\n","protected":false},"author":78,"featured_media":0,"parent":1123,"menu_order":0,"comment_status":"open","ping_status":"open","template":"","meta":{"footnotes":""},"class_list":["post-2990","page","type-page","status-publish","hentry"],"_links":{"self":[{"href":"https:\/\/krets.jagareforbundet.se\/folkarna\/wp-json\/wp\/v2\/pages\/2990","targetHints":{"allow":["GET"]}}],"collection":[{"href":"https:\/\/krets.jagareforbundet.se\/folkarna\/wp-json\/wp\/v2\/pages"}],"about":[{"href":"https:\/\/krets.jagareforbundet.se\/folkarna\/wp-json\/wp\/v2\/types\/page"}],"author":[{"embeddable":true,"href":"https:\/\/krets.jagareforbundet.se\/folkarna\/wp-json\/wp\/v2\/users\/78"}],"replies":[{"embeddable":true,"href":"https:\/\/krets.jagareforbundet.se\/folkarna\/wp-json\/wp\/v2\/comments?post=2990"}],"version-history":[{"count":0,"href":"https:\/\/krets.jagareforbundet.se\/folkarna\/wp-json\/wp\/v2\/pages\/2990\/revisions"}],"up":[{"embeddable":true,"href":"https:\/\/krets.jagareforbundet.se\/folkarna\/wp-json\/wp\/v2\/pages\/1123"}],"wp:attachment":[{"href":"https:\/\/krets.jagareforbundet.se\/folkarna\/wp-json\/wp\/v2\/media?parent=2990"}],"curies":[{"name":"wp","href":"https:\/\/api.w.org\/{rel}","templated":true}]}}