{"id":3171,"date":"2013-05-21T15:14:57","date_gmt":"2013-05-21T13:14:57","guid":{"rendered":"https:\/\/krets.jagareforbundet.se\/folkarna\/?page_id=3171"},"modified":"2019-04-27T19:49:57","modified_gmt":"2019-04-27T17:49:57","slug":"jourgrupp-vildsvin","status":"publish","type":"page","link":"https:\/\/krets.jagareforbundet.se\/folkarna\/jaktfragor\/smavilt2\/vildsvin\/jourgrupp-vildsvin\/","title":{"rendered":"Jourgrupp Vildsvin"},"content":{"rendered":"<div>\n<p><!--mstheme--><!--mstheme--><a href=\"https:\/\/krets.jagareforbundet.se\/folkarna\/files\/2013\/05\/Vildsvinet.gif\"><img loading=\"lazy\" decoding=\"async\" class=\"aligncenter size-full wp-image-4575\" src=\"https:\/\/krets.jagareforbundet.se\/folkarna\/files\/2013\/05\/Vildsvinet.gif\" alt=\"Vildsvinet\" width=\"889\" height=\"839\" \/><\/a><\/p>\n<table>\n<tbody>\n<tr>\n<td><strong><a href=\"mailto:johan@bagheera.se?subject=Vildsvinsjour\">Jourgrupp Norr Dal\u00e4lven<\/a>\u00a0tel 070-290 72 30<\/strong><\/td>\n<td><strong><a href=\"mailto:roger.gustafsson63@hotmail.com?subject=Jourgrupp Vildsvin\">Jourgrupp S\u00f6der Dal\u00e4lven<\/a>\u00a0Tel\u00a0070-678 62 59<\/strong><\/td>\n<\/tr>\n<\/tbody>\n<\/table>\n<p style=\"text-align: left\"><strong>I dessa omr\u00e5den nedan kan mark\u00e4gare beg\u00e4ra jourgruppens hj\u00e4lp mot vildsvin, Jourgruppen tar d\u00e5 kontakt med jaktledare i omr\u00e5dets jaktlag och deltar vid behov i \u00e5tg\u00e4rder eller skyddsjakt p\u00e5 vildsvin. Tag g\u00e4rna kontakt f\u00f6re jakt s\u00e5 dessa ekipage f\u00e5r chansen att tr\u00e4na genom att sp\u00e5ra fram \u00e4ven skjutna djur.<\/strong><\/p>\n<p style=\"text-align: left\"><strong style=\"font-size: 14px;line-height: 1.5em\">By Folk\u00e4rna s\u00f6dra D 1 S\u00f6der Dal\u00e4lven<\/strong><\/p>\n<\/div>\n<p><strong>By Folk\u00e4rna s\u00f6dra D 2 S\u00f6der Dal\u00e4lven<\/strong><\/p>\n<p><strong>By Folk\u00e4rna s\u00f6dra D 3 S\u00f6der Dal\u00e4lven<\/strong><\/p>\n<p><strong>By Folk\u00e4rna s\u00f6dra D 4 S\u00f6der Dal\u00e4lven<\/strong><\/p>\n<p><strong>Stigv\u00e4gens VVO Norr Dal\u00e4lven<\/strong><\/p>\n<p><strong>Veddarsbo JVF Norr Dal\u00e4lven<\/strong><\/p>\n<p><strong>Avesta t\u00e4torter Avesta Kommun<\/strong><\/p>\n<p><strong style=\"font-size: 14px;line-height: 1.5em\">Vid efters\u00f6k under jakt, riskera aldrig omeriterade hundars liv vid efters\u00f6k av skadade vildsvin, lista p\u00e5 Efters\u00f6ksj\u00e4gare finns under <a href=\"https:\/\/krets.jagareforbundet.se\/folkarna\/nyheter\/inloggningssidan-fjvk\/\">l\u00f6senordsskyddade<\/a> sidan<\/strong><\/p>\n<div class=\"woo-sc-box  alert  rounded \">Alla misst\u00e4nkt p\u00e5k\u00f6rda djur anm\u00e4ls av efters\u00f6ks ekipagen till Polisens kontaktpersoner i NVR som p\u00e5 s\u00e4rskilt tel. nr sk. \u00e5teruppringnings nr. f\u00e5r ett h\u00e4ndelse nr f\u00f6r ev. \u00e5tg\u00e4rder <\/div>\n<p>Jaktlag och enskilda mark\u00e4gare inom FJVK omr\u00e5de som ej \u00e4r med p\u00e5 listan kan kontakta FJVK och l\u00e4ggs d\u00e5 in som intresserade.<\/p>\n","protected":false},"excerpt":{"rendered":"<p>Jourgrupp Norr Dal\u00e4lven\u00a0tel 070-290 72 30 Jourgrupp S\u00f6der Dal\u00e4lven\u00a0Tel\u00a0070-678 62 59 I dessa omr\u00e5den nedan kan mark\u00e4gare beg\u00e4ra jourgruppens hj\u00e4lp mot vildsvin, Jourgruppen tar d\u00e5 kontakt med jaktledare i omr\u00e5dets jaktlag och deltar vid behov i \u00e5tg\u00e4rder eller skyddsjakt p\u00e5 vildsvin. Tag g\u00e4rna kontakt f\u00f6re jakt s\u00e5 dessa ekipage f\u00e5r chansen att tr\u00e4na genom att [&hellip;]<\/p>\n","protected":false},"author":78,"featured_media":0,"parent":1890,"menu_order":0,"comment_status":"open","ping_status":"open","template":"template-contact.php","meta":{"footnotes":""},"class_list":["post-3171","page","type-page","status-publish","hentry"],"_links":{"self":[{"href":"https:\/\/krets.jagareforbundet.se\/folkarna\/wp-json\/wp\/v2\/pages\/3171","targetHints":{"allow":["GET"]}}],"collection":[{"href":"https:\/\/krets.jagareforbundet.se\/folkarna\/wp-json\/wp\/v2\/pages"}],"about":[{"href":"https:\/\/krets.jagareforbundet.se\/folkarna\/wp-json\/wp\/v2\/types\/page"}],"author":[{"embeddable":true,"href":"https:\/\/krets.jagareforbundet.se\/folkarna\/wp-json\/wp\/v2\/users\/78"}],"replies":[{"embeddable":true,"href":"https:\/\/krets.jagareforbundet.se\/folkarna\/wp-json\/wp\/v2\/comments?post=3171"}],"version-history":[{"count":1,"href":"https:\/\/krets.jagareforbundet.se\/folkarna\/wp-json\/wp\/v2\/pages\/3171\/revisions"}],"predecessor-version":[{"id":6648,"href":"https:\/\/krets.jagareforbundet.se\/folkarna\/wp-json\/wp\/v2\/pages\/3171\/revisions\/6648"}],"up":[{"embeddable":true,"href":"https:\/\/krets.jagareforbundet.se\/folkarna\/wp-json\/wp\/v2\/pages\/1890"}],"wp:attachment":[{"href":"https:\/\/krets.jagareforbundet.se\/folkarna\/wp-json\/wp\/v2\/media?parent=3171"}],"curies":[{"name":"wp","href":"https:\/\/api.w.org\/{rel}","templated":true}]}}

<div>
<p><!--mstheme--><!--mstheme--><a href="https://krets.jagareforbundet.se/folkarna/files/2013/05/Vildsvinet.gif"><img loading="lazy" decoding="async" class="aligncenter size-full wp-image-4575" src="https://krets.jagareforbundet.se/folkarna/files/2013/05/Vildsvinet.gif" alt="Vildsvinet" width="889" height="839" /></a></p>
<table>
<tbody>
<tr>
<td><strong><a href="mailto:johan@bagheera.se?subject=Vildsvinsjour">Jourgrupp Norr Dalälven</a> tel 070-290 72 30</strong></td>
<td><strong><a href="mailto:roger.gustafsson63@hotmail.com?subject=Jourgrupp Vildsvin">Jourgrupp Söder Dalälven</a> Tel 070-678 62 59</strong></td>
</tr>
</tbody>
</table>
<p style="text-align: left"><strong>I dessa områden nedan kan markägare begära jourgruppens hjälp mot vildsvin, Jourgruppen tar då kontakt med jaktledare i områdets jaktlag och deltar vid behov i åtgärder eller skyddsjakt på vildsvin. Tag gärna kontakt före jakt så dessa ekipage får chansen att träna genom att spåra fram även skjutna djur.</strong></p>
<p style="text-align: left"><strong style="font-size: 14px;line-height: 1.5em">By Folkärna södra D 1 Söder Dalälven</strong></p>
</div>
<p><strong>By Folkärna södra D 2 Söder Dalälven</strong></p>
<p><strong>By Folkärna södra D 3 Söder Dalälven</strong></p>
<p><strong>By Folkärna södra D 4 Söder Dalälven</strong></p>
<p><strong>Stigvägens VVO Norr Dalälven</strong></p>
<p><strong>Veddarsbo JVF Norr Dalälven</strong></p>
<p><strong>Avesta tätorter Avesta Kommun</strong></p>
<p><strong style="font-size: 14px;line-height: 1.5em">Vid eftersök under jakt, riskera aldrig omeriterade hundars liv vid eftersök av skadade vildsvin, lista på Eftersöksjägare finns under <a href="https://krets.jagareforbundet.se/folkarna/nyheter/inloggningssidan-fjvk/">lösenordsskyddade</a> sidan</strong></p>
<div class="woo-sc-box  alert  rounded ">Alla misstänkt påkörda djur anmäls av eftersöks ekipagen till Polisens kontaktpersoner i NVR som på särskilt tel. nr sk. återuppringnings nr. får ett händelse nr för ev. åtgärder </div>
<p>Jaktlag och enskilda markägare inom FJVK område som ej är med på listan kan kontakta FJVK och läggs då in som intresserade.</p>

<p>Jourgrupp Norr Dalälven tel 070-290 72 30 Jourgrupp Söder Dalälven Tel 070-678 62 59 I dessa områden nedan kan markägare begära jourgruppens hjälp mot vildsvin, Jourgruppen tar då kontakt med jaktledare i områdets jaktlag och deltar vid behov i åtgärder eller skyddsjakt på vildsvin. Tag gärna kontakt före jakt så dessa ekipage får chansen att träna genom att [&hellip;]</p>
