{"id":3255,"date":"2013-05-27T22:40:26","date_gmt":"2013-05-27T20:40:26","guid":{"rendered":"https:\/\/krets.jagareforbundet.se\/folkarna\/?page_id=3255"},"modified":"2023-04-24T11:12:02","modified_gmt":"2023-04-24T09:12:02","slug":"svvo-historia","status":"publish","type":"page","link":"https:\/\/krets.jagareforbundet.se\/folkarna\/sigvagens-viltvardsomrade\/inloggningssida-for-svvo\/svvo-historia\/","title":{"rendered":"Stigv\u00e4gens VVO Historia"},"content":{"rendered":"<p><a href=\"https:\/\/krets.jagareforbundet.se\/folkarna\/files\/2013\/05\/LOGO50ar.gif\"><img loading=\"lazy\" decoding=\"async\" class=\"alignleft wp-image-3352\" title=\"Stigv\u00e4gen V V O 50 \u00e5r\" src=\"https:\/\/krets.jagareforbundet.se\/folkarna\/files\/2013\/05\/LOGO50ar.gif\" alt=\"\" width=\"158\" height=\"187\" srcset=\"https:\/\/krets.jagareforbundet.se\/folkarna\/files\/2013\/05\/LOGO50ar.gif 628w, https:\/\/krets.jagareforbundet.se\/folkarna\/files\/2013\/05\/LOGO50ar-253x300.gif 253w\" sizes=\"auto, (max-width: 158px) 100vw, 158px\" \/><\/a>Redan\u00a01956\u00a0hade arbetet med bildandet startat. och den f\u00f6rsta\u00a0<a href=\"http:\/\/hem.bredband.net\/jubileum\/Markagare1956.pdf\" target=\"_self\" rel=\"noopener\">mark\u00e4garlistan<\/a>\u00a0\u00e4r fr\u00e5n detta \u00e5r. Omr\u00e5det skulle d\u00e5 heta Folk\u00e4rna V\u00e4stra. Men fram till\u00a01960\u00a0hade namnet \u00e4ndrats till Stigv\u00e4gens jaktv\u00e5rdsomr\u00e5de. Tack och lov!<\/p>\n<p>Mark\u00e4garna tog beslut om bildandet den\u00a029 januari 1960,\u00a0De f\u00f6rsta\u00a0<a href=\"http:\/\/hem.bredband.net\/jubileum\/Stadgar1960.pdf\" target=\"_self\" rel=\"noopener\">Stadgarna<\/a>\u00a0godk\u00e4ndes ocks\u00e5 p\u00e5 detta m\u00f6te,\u00a0den 9 augusti 1960\u00a0\u00f6verklagade\u00a0<a href=\"http:\/\/hem.bredband.net\/jubileum\/fors_skogar.htm\">Fors Skogar AB\u00a0<\/a>beslutet, troligen var det detta som f\u00f6rdr\u00f6jt bildandet.\u00a0<a href=\"http:\/\/hem.bredband.net\/jubileum\/ForsSAB-Besvar.pdf\" target=\"_self\" rel=\"noopener\">H\u00e4r Kungl. Jordbruksdepartementets yttrande<\/a>.<\/p>\n<p>L\u00e4nsstyrelsens underst\u00e4lldes detta beslut den\u00a013 februari 1960, och per resolution\u00a0<a href=\"http:\/\/hem.bredband.net\/jubileum\/Resolution1960.pdf\" target=\"_self\" rel=\"noopener\">fastst\u00e4llde<\/a>\u00a0L\u00e4nsstyrelsen i Dalarnas L\u00e4n den 9 augusti 1960 , med st\u00f6d av Jordbruksverkets beslut, bildandet av Stigv\u00e4gens Jaktv\u00e5rdsomr\u00e5de.<\/p>\n<p>Det f\u00f6rsta m\u00f6tet efter bildandet h\u00f6lls den\u00a019 september 1960\u00a0hos\u00a0<a href=\"http:\/\/hem.bredband.net\/jubileum\/photo.htm#Martin\" target=\"_self\" rel=\"noopener\">Martin Johansson<\/a>\u00a0i V\u00e4stansj\u00f6. N\u00e4rvarande var\u00a0<a href=\"http:\/\/hem.bredband.net\/jubileum\/photo.htm#G\u00f6sta\" target=\"_self\" rel=\"noopener\">G\u00f6sta Flodstr\u00f6m,<\/a>,\u00a0<a href=\"http:\/\/hem.bredband.net\/jubileum\/photo.htm#Rune\" target=\"_self\" rel=\"noopener\">Rune Ekstr\u00f6m,<\/a> John Johansson, Emil J\u00f6nsson,\u00a0 fr\u00e5n V\u00e4stansj\u00f6.\u00a0<a href=\"http:\/\/hem.bredband.net\/jubileum\/photo.htm#Carl Karlstr\u00f6m\" target=\"_self\" rel=\"noopener\">Carl Karlstr\u00f6ms<\/a>,\u00a0<a href=\"http:\/\/hem.bredband.net\/jubileum\/photo.htm#Helmer\" target=\"_self\" rel=\"noopener\">Helmer Karlstr\u00f6ms<\/a>\u00a0fr\u00e5n V\u00e4stanberg. Albert Johansson fr\u00e5n Fors. D\u00e5 deltog ocks\u00e5 l\u00e4nsskogvaktare Svante Mehlqvist fr\u00e5n Folk\u00e4rna Jaktv\u00e5rdsn\u00e4mnd och fr\u00e5n JFD Falun Bitr. jaktv\u00e5rdskonsulent Stig Ekblom. (Jaktv\u00e5rdsn\u00e4mnd var det tidigare namnet p\u00e5 Folk\u00e4rna jaktv\u00e5rdskrets.)<\/p>\n<p>F\u00f6reningen firade sitt 50 \u00e5rs jubileum den 29 jan 2010<\/p>\n<p><a href=\"http:\/\/hem.bredband.net\/jubileum\/styrelser.htm\" target=\"_self\" rel=\"noopener\">Styrelsen<\/a>\u00a0som valdes 1960, bestod d\u00e5 av Ordf\u00f6rande\u00a0<a href=\"http:\/\/hem.bredband.net\/jubileum\/photo.htm#G\u00f6sta\" target=\"_self\" rel=\"noopener\">G\u00f6sta Flodstr\u00f6m,<\/a>\u00a0Sekr.\u00a0<a href=\"http:\/\/hem.bredband.net\/jubileum\/photo.htm#Helmer\" target=\"_self\" rel=\"noopener\">Helmer Karlstr\u00f6m<\/a>\u00a0och Kass\u00f6r\u00a0<a href=\"http:\/\/hem.bredband.net\/jubileum\/photo.htm#Rune\" target=\"_self\" rel=\"noopener\">Rune Ekstr\u00f6m.<\/a><\/p>\n<p><span style=\"text-decoration: underline\"><a href=\"http:\/\/hem.bredband.net\/jubileum\/photo.htm#G\u00f6sta\" target=\"_self\" rel=\"noopener\">G\u00f6sta Flodstr\u00f6m,<\/a> V\u00e4stansj\u00f6, skulle d\u00e4refter bli omr\u00e5dets ordf\u00f6rande i 27 framg\u00e5ngsrika \u00e5r, till 1987.<\/span><\/p>\n<p><a href=\"https:\/\/krets.jagareforbundet.se\/folkarna\/files\/2014\/06\/Anders-Flodstrom1.jpg\">Anders Flodstr\u00f6m<\/a> avgick sedan som ordf\u00f6rande 2023 efter 36 fortsatt fina \u00e5r<\/p>\n<p>Magnus Backlund tog 2023 \u00f6ver som ordf\u00f6rande.<\/p>\n<p><strong>Klassiska pass<\/strong><\/p>\n<p>Yngves bj\u00f6rk (Skott i)<\/p>\n<p>Tallen (Finns ej)<\/p>\n<p>Bompasset (2 bomskott)<\/p>\n<p>Harlyckan (Fick en chans till, skottet i en h\u00e4rsselst\u00f6r)<\/p>\n<p>Ladan (Finns ej)<\/p>\n<p><strong>\u00a0<a href=\"https:\/\/krets.jagareforbundet.se\/folkarna\/files\/2013\/05\/Harjakt-SVVO048.jpg\"><img loading=\"lazy\" decoding=\"async\" class=\"aligncenter wp-image-4614\" src=\"https:\/\/krets.jagareforbundet.se\/folkarna\/files\/2013\/05\/Harjakt-SVVO048.jpg\" alt=\"Harjakt SVVO048\" width=\"611\" height=\"434\" srcset=\"https:\/\/krets.jagareforbundet.se\/folkarna\/files\/2013\/05\/Harjakt-SVVO048.jpg 3354w, https:\/\/krets.jagareforbundet.se\/folkarna\/files\/2013\/05\/Harjakt-SVVO048-300x213.jpg 300w, https:\/\/krets.jagareforbundet.se\/folkarna\/files\/2013\/05\/Harjakt-SVVO048-1024x727.jpg 1024w\" sizes=\"auto, (max-width: 611px) 100vw, 611px\" \/><\/a><\/strong><\/p>\n<p>F\u00f6rsta haren skjuten det \u00e5ret, den 2 januari 2005, Lars Ebervik, Olle Holmqvist och Joakim Ebervik.<\/p>\n<p><strong>S\u00e4rskilda h\u00e4ndelser.<\/strong><\/p>\n<p><strong>1963<\/strong> Planerades uts\u00e4ttning av skogshare men sv\u00e5rt hitta utplanteringsdjur<\/p>\n<p><strong>1962-1985<\/strong> Endast 2 r\u00e5djur \/ j\u00e4gare fick f\u00e4llas(anm\u00e4las).<\/p>\n<p><strong>1961-1966<\/strong> \u00c4lgjakten avlyst<\/p>\n<p><strong>1981<\/strong> Kom \u00e4lgexplosionen<\/p>\n<p><strong>1967<\/strong> Uts\u00e4ttning av Koreafasan, ingen jakt.<\/p>\n<p><strong>1976<\/strong> Kom R\u00e4vskabben<\/p>\n<p><strong>2014<\/strong> Kom Vildsvinen<\/p>\n<p><strong>2022<\/strong> Sk\u00f6ts 26 vildsvin p\u00e5 Stigv\u00e4gens VVO<\/p>\n<p>&nbsp;<\/p>\n<h2 style=\"text-align: center\"><a href=\"https:\/\/krets.jagareforbundet.se\/folkarna\/files\/2023\/04\/Jagare-Stigvagen-1960-2023.pdf\" class=\"woo-sc-button  green xl\" ><span class=\"woo-\">J\u00e4gare &amp; Mark\u00e4gare fr 1960 SVVO<\/span><\/a><\/h2>\n","protected":false},"excerpt":{"rendered":"<p>Redan\u00a01956\u00a0hade arbetet med bildandet startat. och den f\u00f6rsta\u00a0mark\u00e4garlistan\u00a0\u00e4r fr\u00e5n detta \u00e5r. Omr\u00e5det skulle d\u00e5 heta Folk\u00e4rna V\u00e4stra. Men fram till\u00a01960\u00a0hade namnet \u00e4ndrats till Stigv\u00e4gens jaktv\u00e5rdsomr\u00e5de. Tack och lov! Mark\u00e4garna tog beslut om bildandet den\u00a029 januari 1960,\u00a0De f\u00f6rsta\u00a0Stadgarna\u00a0godk\u00e4ndes ocks\u00e5 p\u00e5 detta m\u00f6te,\u00a0den 9 augusti 1960\u00a0\u00f6verklagade\u00a0Fors Skogar AB\u00a0beslutet, troligen var det detta som f\u00f6rdr\u00f6jt bildandet.\u00a0H\u00e4r Kungl. Jordbruksdepartementets [&hellip;]<\/p>\n","protected":false},"author":78,"featured_media":0,"parent":186,"menu_order":0,"comment_status":"open","ping_status":"open","template":"","meta":{"footnotes":""},"class_list":["post-3255","page","type-page","status-publish","hentry"],"_links":{"self":[{"href":"https:\/\/krets.jagareforbundet.se\/folkarna\/wp-json\/wp\/v2\/pages\/3255","targetHints":{"allow":["GET"]}}],"collection":[{"href":"https:\/\/krets.jagareforbundet.se\/folkarna\/wp-json\/wp\/v2\/pages"}],"about":[{"href":"https:\/\/krets.jagareforbundet.se\/folkarna\/wp-json\/wp\/v2\/types\/page"}],"author":[{"embeddable":true,"href":"https:\/\/krets.jagareforbundet.se\/folkarna\/wp-json\/wp\/v2\/users\/78"}],"replies":[{"embeddable":true,"href":"https:\/\/krets.jagareforbundet.se\/folkarna\/wp-json\/wp\/v2\/comments?post=3255"}],"version-history":[{"count":3,"href":"https:\/\/krets.jagareforbundet.se\/folkarna\/wp-json\/wp\/v2\/pages\/3255\/revisions"}],"predecessor-version":[{"id":8318,"href":"https:\/\/krets.jagareforbundet.se\/folkarna\/wp-json\/wp\/v2\/pages\/3255\/revisions\/8318"}],"up":[{"embeddable":true,"href":"https:\/\/krets.jagareforbundet.se\/folkarna\/wp-json\/wp\/v2\/pages\/186"}],"wp:attachment":[{"href":"https:\/\/krets.jagareforbundet.se\/folkarna\/wp-json\/wp\/v2\/media?parent=3255"}],"curies":[{"name":"wp","href":"https:\/\/api.w.org\/{rel}","templated":true}]}}