{"id":3503,"date":"2013-06-09T00:45:03","date_gmt":"2013-06-08T22:45:03","guid":{"rendered":"https:\/\/krets.jagareforbundet.se\/folkarna\/?page_id=3503"},"modified":"2017-05-18T00:05:59","modified_gmt":"2017-05-17T22:05:59","slug":"bjornskytte","status":"publish","type":"page","link":"https:\/\/krets.jagareforbundet.se\/folkarna\/bjornskytte\/","title":{"rendered":"Bj\u00f6rnskytte"},"content":{"rendered":"<h3 style=\"text-align: center\">BJ\u00d6RNPASSET<\/h3>\n<p>Det \u00e4r 10 \u00e5r sedan Bj\u00f6rnpasset introducerades och det har under \u00e5ren skjutits av m\u00e5nga j\u00e4gare fr\u00e5n norr till s\u00f6der. Passet kom till f\u00f6r att f\u00f6rb\u00e4ttra de skott som skjuts mot bj\u00f6rn. Idag \u00e4r Bj\u00f6rnpasset etablerat och m\u00e5nga mark\u00e4gare har krav p\u00e5 att j\u00e4garna har avlagt Bj\u00f6rnpasset innan jakten.<\/p>\n<form id=\"form2\" action=\"\/skytte\/Bjornpass\/\" method=\"post\">\n<div id=\"pageWrap\">\n<div class=\"clearfix\" id=\"content\">\n<div id=\"fullCol\">\n<div id=\"mainCol\">\n<div class=\"content clearfix\">\n<div class=\"pageContent clearfix\">\n<div>\n<p>Den som vill skjuta Bj\u00f6rnpasset kommer att st\u00f6ta p\u00e5 ett nytt moment. Det sista momentet i passet bestod tidigare av tv\u00e5 skott som skulle skjutas mot en frontfigur, utan tr\u00e4ffkrav men under tidspress, 4 sekunder. Syftet med skotten var att belysa sv\u00e5righeten och d\u00e4rf\u00f6r avr\u00e5da till att skjuta p\u00e5 en frisk bj\u00f6rn i detta l\u00e4ge.<br \/>\nNu kommer det ist\u00e4llet att skjutas tv\u00e5 skott mot en sidobj\u00f6rn och ett tredje skott p\u00e5 front-bj\u00f6rn och ett tr\u00e4ffkrav p\u00e5 samtliga skott. Alla tre skott ska skjutas inom tio sekunder r\u00e4knat fr\u00e5n f\u00f6rsta skott.<\/p>\n<h3>Att t\u00e4nka p\u00e5 n\u00e4r du jagar bj\u00f6rn!<\/h3>\n<p>F\u00f6rsta skottet p\u00e5 en oskadad bj\u00f6rn skall alltid ske som rent sidoskott mot det vitala tr\u00e4ffomr\u00e5det (centrala lungpartiet).<\/p>\n<p>Repetera omedelbart in nytt skott.<\/p>\n<p>Om bj\u00f6rnen inte faller i f\u00f6rsta skottet, skjut omedelbart ytterligare ett skott.<br \/>\nAndra skott \u00e4n rena sidoskott skall endast avlossas mot tidigare p\u00e5skjuten eller skadad bj\u00f6rn. Att avlossa skott mot halskotpelare, hj\u00e4rnan eller ryggraden \u00e4r vanskligt och ska bara g\u00f6ras om bj\u00f6rnen redan \u00e4r p\u00e5skjuten och inget annat l\u00e4ge finns.<\/p>\n<p>N\u00e4rma dig inte en f\u00e4lld bj\u00f6rn omedelbart! N\u00e4rma dig om m\u00f6jligt snett bakifr\u00e5n, g\u00e5 med skjutklart vapen. Kasta sten eller annat p\u00e5 andra sidan bj\u00f6rnen f\u00f6r att s\u00e4kerst\u00e4lla att den \u00e4r d\u00f6d innan du g\u00e5r hela v\u00e4gen fram.<\/p>\n<p>Vid os\u00e4kerhet om bj\u00f6rnen \u00e4r helt d\u00f6d, skjut f\u00e5ngstskott i nacke, \u00f6vre delen av halsen eller \u00f6ronroten.<\/p>\n<p>Bj\u00f6rnhona med unge f\u00e5r inte skjutas. Sm\u00e5 ungar \u00e4r i de flesta fall inom n\u00e5gra f\u00e5 meter fr\u00e5n honan. Vet du inte vad f\u00f6r slags bj\u00f6rn hunden arbetar med m\u00e5ste du sl\u00e4ppa ut en eventuell bj\u00f6rn i pass \u00f6ppet innan du skjuter.<\/p>\n<p>Var mycket uppm\u00e4rksam p\u00e5 var hunden eller hundarna befinner sig innan du skjuter.<\/p>\n<p>Uts\u00e4tt dig inte f\u00f6r on\u00f6dig fara genom att t.ex. n\u00e4rma dig st\u00e5ndskall i t\u00e4t vegetation.<\/p>\n<h3>V\u00e4rt att veta:<\/h3>\n<p>Flera mark\u00e4gare och jaktlag st\u00e4ller idag krav p\u00e5 genomf\u00f6rt Bj\u00f6rnpass f\u00f6r att deltaga i bj\u00f6rnjakt.<\/p>\n<p>Best\u00e4mmelser f\u00f6r bj\u00f6rnjakten meddelas \u00e5rligen i Naturv\u00e5rdsverkets beslut.<\/p>\n<p>Som bj\u00f6rnj\u00e4gare \u00e5ligger det dig att ha k\u00e4nnedom om de best\u00e4mmelser som g\u00e4ller f\u00f6r bj\u00f6rnjakten<\/p>\n<p><img loading=\"lazy\" decoding=\"async\" src=\"https:\/\/jagareforbundet.se\/contentassets\/5769be23867547b19e08d486c8f24459\/bjornpasset.jpg\" alt=\"\" width=\"480\" height=\"335\" \/><\/p>\n<p>Studera bj\u00f6rnens anatomi; hj\u00e4rta och lungor \u00e4r sm\u00e5 och tr\u00e4ffomr\u00e5det ligger l\u00e4gre och l\u00e4ngre bak \u00e4n hos hjortdjur. Tr\u00e4ningsskjut p\u00e5 tavlor med anatomisk baksida och se var du ska tr\u00e4ffa<\/p>\n<p>Skjutmoment vid provtagning!<\/p>\n<h3>Sidofigur 80 meter.<\/h3>\n<p>Krav f\u00f6r godk\u00e4nnande: En serie \u00e1 4 skott inom 40 sekunder, samtliga skott inom tr\u00e4ffomr\u00e5det. Serien skall genomf\u00f6ras med st\u00f6d, dock ej liggande eller fr\u00e5n skjutb\u00e4nk.<\/p>\n<h3>Sidofigur 40 meter.<\/h3>\n<p>Krav f\u00f6r godk\u00e4nnande: En serie \u00e1 4 skott inom 40 sekunder, samtliga skott inom tr\u00e4ffomr\u00e5det. Serien f\u00e5r genomf\u00f6ras med st\u00f6d, dock ej liggande eller fr\u00e5n skjutb\u00e4nk.<\/p>\n<h3>Sidofigur och Frontfigur 20 meter.<\/h3>\n<p>Krav f\u00f6r godk\u00e4nnande: En serie a&#8217; 3 skott inom 10 sekunder, samtliga skott inom tr\u00e4ffomr\u00e5dena. F\u00f6rst skjuts tv\u00e5 skott p\u00e5 sidobj\u00f6rnen och sedan ett tredje skott p\u00e5 frontbj\u00f6rnen. Det skall vara 5 meter mellan tavlorna i sidled. Serien f\u00e5r genomf\u00f6ras med st\u00f6d, dock ej liggande eller fr\u00e5n skjutb\u00e4nk.<br \/>\nGodk\u00e4nt resultat skrivs in i foldern &#8221;Mitt tr\u00e4ning skytte.&#8221; Provet skall skjutas med klass 1 vapen.<br \/>\nMed detta skytte vill vi tydligg\u00f6ra behovet av rena sidotr\u00e4ffar vid f\u00f6rsta skottet och att vi i s\u00e5 stor utstr\u00e4ckning som m\u00f6jligt anv\u00e4nder oss av skjutst\u00f6d. Att varje enskild bj\u00f6rnj\u00e4gare avl\u00e4gger detta skytteprov \u00e4r ocks\u00e5 ett kvitto p\u00e5 att vi \u00e4r v\u00e4l f\u00f6rberedda inf\u00f6r bj\u00f6rnjakten.<\/p>\n<\/div>\n<\/div>\n<\/div>\n<\/div>\n<\/div>\n<\/div>\n<\/div>\n<\/form>\n","protected":false},"excerpt":{"rendered":"<p>BJ\u00d6RNPASSET Det \u00e4r 10 \u00e5r sedan Bj\u00f6rnpasset introducerades och det har under \u00e5ren skjutits av m\u00e5nga j\u00e4gare fr\u00e5n norr till s\u00f6der. Passet kom till f\u00f6r att f\u00f6rb\u00e4ttra de skott som skjuts mot bj\u00f6rn. Idag \u00e4r Bj\u00f6rnpasset etablerat och m\u00e5nga mark\u00e4gare har krav p\u00e5 att j\u00e4garna har avlagt Bj\u00f6rnpasset innan jakten. Den som vill skjuta Bj\u00f6rnpasset [&hellip;]<\/p>\n","protected":false},"author":78,"featured_media":0,"parent":0,"menu_order":5,"comment_status":"open","ping_status":"open","template":"","meta":{"footnotes":""},"class_list":["post-3503","page","type-page","status-publish","hentry"],"_links":{"self":[{"href":"https:\/\/krets.jagareforbundet.se\/folkarna\/wp-json\/wp\/v2\/pages\/3503","targetHints":{"allow":["GET"]}}],"collection":[{"href":"https:\/\/krets.jagareforbundet.se\/folkarna\/wp-json\/wp\/v2\/pages"}],"about":[{"href":"https:\/\/krets.jagareforbundet.se\/folkarna\/wp-json\/wp\/v2\/types\/page"}],"author":[{"embeddable":true,"href":"https:\/\/krets.jagareforbundet.se\/folkarna\/wp-json\/wp\/v2\/users\/78"}],"replies":[{"embeddable":true,"href":"https:\/\/krets.jagareforbundet.se\/folkarna\/wp-json\/wp\/v2\/comments?post=3503"}],"version-history":[{"count":1,"href":"https:\/\/krets.jagareforbundet.se\/folkarna\/wp-json\/wp\/v2\/pages\/3503\/revisions"}],"predecessor-version":[{"id":6159,"href":"https:\/\/krets.jagareforbundet.se\/folkarna\/wp-json\/wp\/v2\/pages\/3503\/revisions\/6159"}],"wp:attachment":[{"href":"https:\/\/krets.jagareforbundet.se\/folkarna\/wp-json\/wp\/v2\/media?parent=3503"}],"curies":[{"name":"wp","href":"https:\/\/api.w.org\/{rel}","templated":true}]}}