{"id":3652,"date":"2013-07-19T09:22:43","date_gmt":"2013-07-19T07:22:43","guid":{"rendered":"https:\/\/krets.jagareforbundet.se\/folkarna\/?page_id=3652"},"modified":"2013-07-19T09:30:02","modified_gmt":"2013-07-19T07:30:02","slug":"folkare-j-s-k","status":"publish","type":"page","link":"https:\/\/krets.jagareforbundet.se\/folkarna\/folkare-j-s-k\/","title":{"rendered":"Folkare J S K"},"content":{"rendered":"<h3 style=\"text-align: center;\"><\/h3>\n<h3 style=\"text-align: center;\"><strong>Folkare Jaktskytteklubb<\/strong> (<strong>Vansj\u00f6<\/strong>) meddelar:<\/h3>\n<p style=\"text-align: center;\">Klubben upph\u00f6r att existera [2013-07-19].<\/p>\n<p style=\"text-align: center;\">All skjutning p\u00e5 Vansj\u00f6 skjutbana \u00e4r d\u00e4rmed avslutad.<\/p>\n<p style=\"text-align: center;\">Med v\u00e4nlig h\u00e4lsning styrelsen.<\/p>\n<p style=\"text-align: center;\"><strong>Tack f\u00f6r de g\u00e5ngna \u00e5ren.<\/strong><\/p>\n","protected":false},"excerpt":{"rendered":"<p>Folkare Jaktskytteklubb (Vansj\u00f6) meddelar: Klubben upph\u00f6r att existera [2013-07-19]. All skjutning p\u00e5 Vansj\u00f6 skjutbana \u00e4r d\u00e4rmed avslutad. Med v\u00e4nlig h\u00e4lsning styrelsen. Tack f\u00f6r de g\u00e5ngna \u00e5ren.<\/p>\n","protected":false},"author":78,"featured_media":0,"parent":0,"menu_order":3,"comment_status":"open","ping_status":"open","template":"","meta":{"footnotes":""},"class_list":["post-3652","page","type-page","status-publish","hentry"],"_links":{"self":[{"href":"https:\/\/krets.jagareforbundet.se\/folkarna\/wp-json\/wp\/v2\/pages\/3652","targetHints":{"allow":["GET"]}}],"collection":[{"href":"https:\/\/krets.jagareforbundet.se\/folkarna\/wp-json\/wp\/v2\/pages"}],"about":[{"href":"https:\/\/krets.jagareforbundet.se\/folkarna\/wp-json\/wp\/v2\/types\/page"}],"author":[{"embeddable":true,"href":"https:\/\/krets.jagareforbundet.se\/folkarna\/wp-json\/wp\/v2\/users\/78"}],"replies":[{"embeddable":true,"href":"https:\/\/krets.jagareforbundet.se\/folkarna\/wp-json\/wp\/v2\/comments?post=3652"}],"version-history":[{"count":0,"href":"https:\/\/krets.jagareforbundet.se\/folkarna\/wp-json\/wp\/v2\/pages\/3652\/revisions"}],"wp:attachment":[{"href":"https:\/\/krets.jagareforbundet.se\/folkarna\/wp-json\/wp\/v2\/media?parent=3652"}],"curies":[{"name":"wp","href":"https:\/\/api.w.org\/{rel}","templated":true}]}}

<h3 style="text-align: center;"></h3>
<h3 style="text-align: center;"><strong>Folkare Jaktskytteklubb</strong> (<strong>Vansjö</strong>) meddelar:</h3>
<p style="text-align: center;">Klubben upphör att existera [2013-07-19].</p>
<p style="text-align: center;">All skjutning på Vansjö skjutbana är därmed avslutad.</p>
<p style="text-align: center;">Med vänlig hälsning styrelsen.</p>
<p style="text-align: center;"><strong>Tack för de gångna åren.</strong></p>

<p>Folkare Jaktskytteklubb (Vansjö) meddelar: Klubben upphör att existera [2013-07-19]. All skjutning på Vansjö skjutbana är därmed avslutad. Med vänlig hälsning styrelsen. Tack för de gångna åren.</p>
