{"id":379,"date":"2013-03-13T10:26:57","date_gmt":"2013-03-13T09:26:57","guid":{"rendered":"https:\/\/krets.jagareforbundet.se\/folkarna\/?page_id=379"},"modified":"2018-07-11T11:42:09","modified_gmt":"2018-07-11T09:42:09","slug":"algjakt","status":"publish","type":"page","link":"https:\/\/krets.jagareforbundet.se\/folkarna\/jaktfragor\/algjakt\/","title":{"rendered":"\u00c4lg"},"content":{"rendered":"<p><a href=\"https:\/\/krets.jagareforbundet.se\/folkarna\/files\/2013\/03\/\u00c4lgen.jpg\"><img loading=\"lazy\" decoding=\"async\" class=\" wp-image-380 alignleft\" title=\"7 taggare ihj\u00e4lst\u00e5ngad f\u00f6re jakten Foto: J\u00f6rgen Str\u00f6mqvist FJVK \" src=\"https:\/\/krets.jagareforbundet.se\/folkarna\/files\/2013\/03\/\u00c4lgen.jpg\" alt=\"\" width=\"221\" height=\"250\" srcset=\"https:\/\/krets.jagareforbundet.se\/folkarna\/files\/2013\/03\/\u00c4lgen.jpg 270w, https:\/\/krets.jagareforbundet.se\/folkarna\/files\/2013\/03\/\u00c4lgen-265x300.jpg 265w\" sizes=\"auto, (max-width: 221px) 100vw, 221px\" \/><\/a><\/p>\n<p><strong>&#8221; \u00c4lgf\u00f6rvaltning, \u00e4r en fr\u00e5ga om samarbete och kvalitet, att gemensamt str\u00e4va mot en mer produktiv population, av \u00e4ldre djur, s\u00e5 antalet individer efter jakt kan h\u00e5llas s\u00e5 l\u00e5gt som m\u00f6jligt&#8221;\u00a0<\/strong><\/p>\n<p>\u00c4lgjakten sker som vanligt i jaktlagen men planering av sk\u00f6tsel och\u00a0 avskjutning, bedrivs numera oftast som samarbete i \u00e4lgsk\u00f6tselomr\u00e5den \u00c4SO. Kretsens jaktlag kan ing\u00e5 i n\u00e5got av tre \u00c4SO, Bjurfors-, Garpenberg- och S\u00f6der Dal\u00e4lvens \u00c4SO eller st\u00e5 utanf\u00f6r \u00c4SO som Licensomr\u00e5den, som f\u00e5r sin tilldelning fr\u00e5n L\u00e4nsstyrelsen, d\u00e4r den f\u00f6rsta tilldelta \u00e4lgen alltid \u00e4r en kalv, eller som jaktlag under 250 ha som f\u00e5r en kalv p\u00e5 kort tid (3-4 dagar)<\/p>\n<p style=\"text-align: left\">M\u00e5ls\u00e4ttningen i korthet f\u00f6r l\u00e4nets \u00e4lgf\u00f6rvaltning\u00a0fram till 2018:<\/p>\n<ul>\n<li style=\"text-align: left\">35-40\u00a0procent tjurar av vuxna \u00e4lgar enligt \u00c4lgobs.<\/li>\n<li style=\"text-align: left\">0,6-0,8 kalvar per vuxet hondjur i reproduktion enligt \u00c4lgobs.<\/li>\n<li style=\"text-align: left\">40-60 % kalvandel i avskjutningen.<\/li>\n<li>Slaktvikten f\u00f6r kalv b\u00f6r inte minska.<\/li>\n<li>M\u00f6jligt att f\u00f6ryngra skogsmark med l\u00e4mpligt tr\u00e4dslag.<\/li>\n<li>R\u00f6nn, asp, s\u00e4lg och ek ska kunna bli tr\u00e4dbildande d\u00e4r de f\u00f6rekommer naturligt.<\/li>\n<li>Trafikolyckorna i l\u00e4net b\u00f6r, om m\u00f6jligt, minska.<\/li>\n<\/ul>\n<p style=\"text-align: center\"><a href=\"https:\/\/krets.jagareforbundet.se\/folkarna\/files\/2018\/07\/algpolicy-2018.pdf\" class=\"woo-sc-button  aqua large\" ><span class=\"woo-\">Ny \u00c4lgpolicy 2018<\/span><\/a><\/p>\n<p style=\"text-align: center\"><a href=\"https:\/\/www.youtube.com\/watch?v=olZ0LRdAGfs&#038;list=UUMtkOqZ65EHEENMlCxofUWg\" class=\"woo-sc-button  green\" ><span class=\"woo-\">\u00c4lgjaktsfilm<\/span><\/a>\u00a0<a href=\"http:\/\/www.jaktlust.com\/jaktfilmer\/\" class=\"woo-sc-button  green\" ><span class=\"woo-\">Hundjaktfilm<\/span><\/a>\u00a0<a href=\"http:\/\/www.viltdata.se\" class=\"woo-sc-button dark  aqua\" ><span class=\"woo-\">Viltdata<\/span><\/a><\/p>\n<p style=\"text-align: center\"><a href=\"http:\/\/jagareforbundet.se\/jakten\/jaktnyheter\/2013\/09\/enklare\/\" class=\"woo-sc-button  purple\" ><span class=\"woo-\">Enklare rapportera i Viltdata<\/span><\/a>\u00a0<a href=\"https:\/\/krets.jagareforbundet.se\/folkarna\/jaktfragor\/viltrapportering\/\" class=\"woo-sc-button  red\" ><span class=\"woo-\">Utbildning Viltdata<\/span><\/a><\/p>\n<p style=\"text-align: center\"><a href=\"https:\/\/krets.jagareforbundet.se\/folkarna\/files\/2013\/03\/algstamm-broschyr3.pdf\" class=\"woo-sc-button  green\" ><span class=\"woo-\">M\u00e5l f\u00f6r f\u00f6rvaltning av \u00e4lg i Dalarnas l\u00e4n<\/span><\/a><a href=\"http:\/\/jagareforbundet.se\/Global\/L%C3%A4n\/Dalarna\/Framtidens%20%C3%A4lgjakt.pdf\" class=\"woo-sc-button  custom\" style=\"background:;border-color:\"><span class=\"woo-\">Framtidens \u00c4lgjakt<\/span><\/a><\/p>\n<p>F\u00f6rvaltning och fastst\u00e4llande av ramar f\u00f6r k\u00f6nsf\u00f6rdelning, inventeringar mm sk\u00f6ts av \u00e4lgf\u00f6rvaltningsomr\u00e5den som best\u00e5r av\u00a0flera \u00c4SO.<\/p>\n<p>Inom \u00c4SO finns mindre kvalitets(del)omr\u00e5den f\u00f6r att styra upp avskjutningen av st\u00f6rre djur sk. kapitala, och att inneh\u00e5lla sk\u00f6tselplan.<\/p>\n<p>Avskjutningen rapporteras nu omedelbart i Viltdata.se s\u00e5 att \u00c4SO och jaktlag kan f\u00f6lja alla omr\u00e5dens avskjutningsstatus. Jaktlaget skall ocks\u00e5 utan anmaning mata in Fallvilt (inkl. Trafikd\u00f6da) i Viltdata, djuren skall om m\u00f6jligt vara \u00e5ldersbest\u00e4mda och v\u00e4gda, oskadade d\u00f6da rapporteras till SVA f\u00f6r ev. unders\u00f6kning.<\/p>\n<p>Jaktlagen har\u00a0f\u00f6rbundit\u00a0sig att alla \u00e4lgar skall v\u00e4gas p\u00e5 v\u00e5g, hur detta och \u00f6vriga \u00e5tagande skall ske finns beskrivna i de\u00a0broschyrer\u00a0jaktlagen kan skriva ut ur listan h\u00e4r nedan:<\/p>\n<div style=\"text-align: left\">\n<ul>\n<li><a href=\"http:\/\/www.slu.se\/Documents\/externwebben\/centrumbildningar-projekt\/algforvaltning\/version3\/M1%20Avskjutningsstatistik.pdf\" target=\"_blank\" rel=\"noopener\">Avskjutningsstatistik<\/a><\/li>\n<li><a href=\"http:\/\/www.slu.se\/Documents\/externwebben\/centrumbildningar-projekt\/algforvaltning\/version3\/M6_AlderKon.pdf\" target=\"_blank\" rel=\"noopener\">\u00c5ldersstruktur<\/a><\/li>\n<li><a href=\"http:\/\/www.fjvk.org\/PDFfiler\/AlgFVO\/Rapport%20alginventering%20bilaga%201.pdf\">Instruktion \u00c4lgobs<\/a><\/li>\n<li><a href=\"http:\/\/www.slu.se\/Documents\/externwebben\/centrumbildningar-projekt\/algforvaltning\/version3\/M2%20Algobs.pdf\" target=\"_blank\" rel=\"noopener\">\u00c4lgobservationer\u00a0<\/a><\/li>\n<li><a href=\"http:\/\/www.slu.se\/Documents\/externwebben\/centrumbildningar-projekt\/algforvaltning\/version3\/M7_Halsostatus.pdf\" target=\"_blank\" rel=\"noopener\">H\u00e4lsostatus<\/a><\/li>\n<li><a href=\"http:\/\/www.fjvk.org\/PDFfiler\/AlgFVO\/Algobsblankett%201.pdf\">Blankett \u00c4lgobs<\/a><\/li>\n<li><a href=\"http:\/\/www.slu.se\/Documents\/externwebben\/centrumbildningar-projekt\/algforvaltning\/version3\/M3_Spillning.pdf\" target=\"_blank\" rel=\"noopener\">Spillningsinventering\u00a0<\/a><\/li>\n<li><a href=\"http:\/\/www.slu.se\/Documents\/externwebben\/centrumbildningar-projekt\/algforvaltning\/version3\/M8_genetisk%20monitoring.pdf\" target=\"_blank\" rel=\"noopener\">Genetisk \u00f6vervakning\u00a0<\/a><\/li>\n<li><a href=\"http:\/\/www.slu.se\/Documents\/externwebben\/centrumbildningar-projekt\/algforvaltning\/version3\/M4_kalvvikt.pdf\" target=\"_blank\" rel=\"noopener\">Kalvvikter\u00a0<\/a><\/li>\n<li><a href=\"http:\/\/www.slu.se\/Documents\/externwebben\/centrumbildningar-projekt\/algforvaltning\/version3\/M9%20Referensomraden.pdf\" target=\"_blank\" rel=\"noopener\">Referensomr\u00e5den\u00a0<\/a><\/li>\n<li><a href=\"http:\/\/www.slu.se\/Documents\/externwebben\/centrumbildningar-projekt\/algforvaltning\/version3\/M5%20Flyginventering.pdf\" target=\"_blank\" rel=\"noopener\">Flyginventering\u00a0<\/a><\/li>\n<\/ul>\n<div><\/div>\n<p>&nbsp;<\/p>\n<p>&nbsp;<\/p>\n<p>&nbsp;<\/p>\n<\/div>\n","protected":false},"excerpt":{"rendered":"<p>&#8221; \u00c4lgf\u00f6rvaltning, \u00e4r en fr\u00e5ga om samarbete och kvalitet, att gemensamt str\u00e4va mot en mer produktiv population, av \u00e4ldre djur, s\u00e5 antalet individer efter jakt kan h\u00e5llas s\u00e5 l\u00e5gt som m\u00f6jligt&#8221;\u00a0 \u00c4lgjakten sker som vanligt i jaktlagen men planering av sk\u00f6tsel och\u00a0 avskjutning, bedrivs numera oftast som samarbete i \u00e4lgsk\u00f6tselomr\u00e5den \u00c4SO. Kretsens jaktlag kan ing\u00e5 [&hellip;]<\/p>\n","protected":false},"author":78,"featured_media":0,"parent":1705,"menu_order":5,"comment_status":"open","ping_status":"closed","template":"","meta":{"footnotes":""},"class_list":["post-379","page","type-page","status-publish","hentry"],"_links":{"self":[{"href":"https:\/\/krets.jagareforbundet.se\/folkarna\/wp-json\/wp\/v2\/pages\/379","targetHints":{"allow":["GET"]}}],"collection":[{"href":"https:\/\/krets.jagareforbundet.se\/folkarna\/wp-json\/wp\/v2\/pages"}],"about":[{"href":"https:\/\/krets.jagareforbundet.se\/folkarna\/wp-json\/wp\/v2\/types\/page"}],"author":[{"embeddable":true,"href":"https:\/\/krets.jagareforbundet.se\/folkarna\/wp-json\/wp\/v2\/users\/78"}],"replies":[{"embeddable":true,"href":"https:\/\/krets.jagareforbundet.se\/folkarna\/wp-json\/wp\/v2\/comments?post=379"}],"version-history":[{"count":1,"href":"https:\/\/krets.jagareforbundet.se\/folkarna\/wp-json\/wp\/v2\/pages\/379\/revisions"}],"predecessor-version":[{"id":5889,"href":"https:\/\/krets.jagareforbundet.se\/folkarna\/wp-json\/wp\/v2\/pages\/379\/revisions\/5889"}],"up":[{"embeddable":true,"href":"https:\/\/krets.jagareforbundet.se\/folkarna\/wp-json\/wp\/v2\/pages\/1705"}],"wp:attachment":[{"href":"https:\/\/krets.jagareforbundet.se\/folkarna\/wp-json\/wp\/v2\/media?parent=379"}],"curies":[{"name":"wp","href":"https:\/\/api.w.org\/{rel}","templated":true}]}}

Älg

<p><a href="https://krets.jagareforbundet.se/folkarna/files/2013/03/Älgen.jpg"><img loading="lazy" decoding="async" class=" wp-image-380 alignleft" title="7 taggare ihjälstångad före jakten Foto: Jörgen Strömqvist FJVK " src="https://krets.jagareforbundet.se/folkarna/files/2013/03/Älgen.jpg" alt="" width="221" height="250" srcset="https://krets.jagareforbundet.se/folkarna/files/2013/03/Älgen.jpg 270w, https://krets.jagareforbundet.se/folkarna/files/2013/03/Älgen-265x300.jpg 265w" sizes="auto, (max-width: 221px) 100vw, 221px" /></a></p>
<p><strong>&#8221; Älgförvaltning, är en fråga om samarbete och kvalitet, att gemensamt sträva mot en mer produktiv population, av äldre djur, så antalet individer efter jakt kan hållas så lågt som möjligt&#8221; </strong></p>
<p>Älgjakten sker som vanligt i jaktlagen men planering av skötsel och  avskjutning, bedrivs numera oftast som samarbete i älgskötselområden ÄSO. Kretsens jaktlag kan ingå i något av tre ÄSO, Bjurfors-, Garpenberg- och Söder Dalälvens ÄSO eller stå utanför ÄSO som Licensområden, som får sin tilldelning från Länsstyrelsen, där den första tilldelta älgen alltid är en kalv, eller som jaktlag under 250 ha som får en kalv på kort tid (3-4 dagar)</p>
<p style="text-align: left">Målsättningen i korthet för länets älgförvaltning fram till 2018:</p>
<ul>
<li style="text-align: left">35-40 procent tjurar av vuxna älgar enligt Älgobs.</li>
<li style="text-align: left">0,6-0,8 kalvar per vuxet hondjur i reproduktion enligt Älgobs.</li>
<li style="text-align: left">40-60 % kalvandel i avskjutningen.</li>
<li>Slaktvikten för kalv bör inte minska.</li>
<li>Möjligt att föryngra skogsmark med lämpligt trädslag.</li>
<li>Rönn, asp, sälg och ek ska kunna bli trädbildande där de förekommer naturligt.</li>
<li>Trafikolyckorna i länet bör, om möjligt, minska.</li>
</ul>
<p style="text-align: center"><a href="https://krets.jagareforbundet.se/folkarna/files/2018/07/algpolicy-2018.pdf" class="woo-sc-button  aqua large" ><span class="woo-">Ny Älgpolicy 2018</span></a></p>
<p style="text-align: center"><a href="https://www.youtube.com/watch?v=olZ0LRdAGfs&#038;list=UUMtkOqZ65EHEENMlCxofUWg" class="woo-sc-button  green" ><span class="woo-">Älgjaktsfilm</span></a> <a href="http://www.jaktlust.com/jaktfilmer/" class="woo-sc-button  green" ><span class="woo-">Hundjaktfilm</span></a> <a href="http://www.viltdata.se" class="woo-sc-button dark  aqua" ><span class="woo-">Viltdata</span></a></p>
<p style="text-align: center"><a href="http://jagareforbundet.se/jakten/jaktnyheter/2013/09/enklare/" class="woo-sc-button  purple" ><span class="woo-">Enklare rapportera i Viltdata</span></a> <a href="https://krets.jagareforbundet.se/folkarna/jaktfragor/viltrapportering/" class="woo-sc-button  red" ><span class="woo-">Utbildning Viltdata</span></a></p>
<p style="text-align: center"><a href="https://krets.jagareforbundet.se/folkarna/files/2013/03/algstamm-broschyr3.pdf" class="woo-sc-button  green" ><span class="woo-">Mål för förvaltning av älg i Dalarnas län</span></a><a href="http://jagareforbundet.se/Global/L%C3%A4n/Dalarna/Framtidens%20%C3%A4lgjakt.pdf" class="woo-sc-button  custom" style="background:;border-color:"><span class="woo-">Framtidens Älgjakt</span></a></p>
<p>Förvaltning och fastställande av ramar för könsfördelning, inventeringar mm sköts av älgförvaltningsområden som består av flera ÄSO.</p>
<p>Inom ÄSO finns mindre kvalitets(del)områden för att styra upp avskjutningen av större djur sk. kapitala, och att innehålla skötselplan.</p>
<p>Avskjutningen rapporteras nu omedelbart i Viltdata.se så att ÄSO och jaktlag kan följa alla områdens avskjutningsstatus. Jaktlaget skall också utan anmaning mata in Fallvilt (inkl. Trafikdöda) i Viltdata, djuren skall om möjligt vara åldersbestämda och vägda, oskadade döda rapporteras till SVA för ev. undersökning.</p>
<p>Jaktlagen har förbundit sig att alla älgar skall vägas på våg, hur detta och övriga åtagande skall ske finns beskrivna i de broschyrer jaktlagen kan skriva ut ur listan här nedan:</p>
<div style="text-align: left">
<ul>
<li><a href="http://www.slu.se/Documents/externwebben/centrumbildningar-projekt/algforvaltning/version3/M1%20Avskjutningsstatistik.pdf" target="_blank" rel="noopener">Avskjutningsstatistik</a></li>
<li><a href="http://www.slu.se/Documents/externwebben/centrumbildningar-projekt/algforvaltning/version3/M6_AlderKon.pdf" target="_blank" rel="noopener">Åldersstruktur</a></li>
<li><a href="http://www.fjvk.org/PDFfiler/AlgFVO/Rapport%20alginventering%20bilaga%201.pdf">Instruktion Älgobs</a></li>
<li><a href="http://www.slu.se/Documents/externwebben/centrumbildningar-projekt/algforvaltning/version3/M2%20Algobs.pdf" target="_blank" rel="noopener">Älgobservationer </a></li>
<li><a href="http://www.slu.se/Documents/externwebben/centrumbildningar-projekt/algforvaltning/version3/M7_Halsostatus.pdf" target="_blank" rel="noopener">Hälsostatus</a></li>
<li><a href="http://www.fjvk.org/PDFfiler/AlgFVO/Algobsblankett%201.pdf">Blankett Älgobs</a></li>
<li><a href="http://www.slu.se/Documents/externwebben/centrumbildningar-projekt/algforvaltning/version3/M3_Spillning.pdf" target="_blank" rel="noopener">Spillningsinventering </a></li>
<li><a href="http://www.slu.se/Documents/externwebben/centrumbildningar-projekt/algforvaltning/version3/M8_genetisk%20monitoring.pdf" target="_blank" rel="noopener">Genetisk övervakning </a></li>
<li><a href="http://www.slu.se/Documents/externwebben/centrumbildningar-projekt/algforvaltning/version3/M4_kalvvikt.pdf" target="_blank" rel="noopener">Kalvvikter </a></li>
<li><a href="http://www.slu.se/Documents/externwebben/centrumbildningar-projekt/algforvaltning/version3/M9%20Referensomraden.pdf" target="_blank" rel="noopener">Referensområden </a></li>
<li><a href="http://www.slu.se/Documents/externwebben/centrumbildningar-projekt/algforvaltning/version3/M5%20Flyginventering.pdf" target="_blank" rel="noopener">Flyginventering </a></li>
</ul>
<div></div>
<p>&nbsp;</p>
<p>&nbsp;</p>
<p>&nbsp;</p>
</div>

<p>&#8221; Älgförvaltning, är en fråga om samarbete och kvalitet, att gemensamt sträva mot en mer produktiv population, av äldre djur, så antalet individer efter jakt kan hållas så lågt som möjligt&#8221;  Älgjakten sker som vanligt i jaktlagen men planering av skötsel och  avskjutning, bedrivs numera oftast som samarbete i älgskötselområden ÄSO. Kretsens jaktlag kan ingå [&hellip;]</p>
