{"id":4514,"date":"2014-03-31T12:56:00","date_gmt":"2014-03-31T10:56:00","guid":{"rendered":"https:\/\/krets.jagareforbundet.se\/folkarna\/?page_id=4514"},"modified":"2020-09-01T22:11:29","modified_gmt":"2020-09-01T20:11:29","slug":"avskjutning-alg-fvo-1-f-m","status":"publish","type":"page","link":"https:\/\/krets.jagareforbundet.se\/folkarna\/soder-dalalven-aso\/avskjutning-alg-fvo-1-f-m\/","title":{"rendered":"Ny Handlingsplan \u00c4lg"},"content":{"rendered":"<div class=\"clearfix content__fluid\" id=\"content\">\n<div id=\"fullCol\">\n<div id=\"largeCol\">\n<div class=\"content clearfix\">\n<div class=\"leftCol leftColLarge newsList\">\n<div class=\"newsItem newsItemFull newsItemLargeLast\">\n<p class=\"intro\">En av Svenska J\u00e4garef\u00f6rbundets viktigaste uppgifter \u00e4r att st\u00f6dja sina medlemmar med kunskap. Just d\u00e4rf\u00f6r har man gjort en ny handlingsplan f\u00f6r \u00e4lg.<br \/>\n\u2013 Denna riktar sig till de j\u00e4gare som \u00e4r aktiva i viltf\u00f6rvaltningen. Genom att f\u00f6lja rekommendationerna kommer \u00e4lgf\u00f6rvaltningen att bli b\u00e4ttre, f\u00f6rklarar Peter Ledin som ansvarar f\u00f6r handlingsplanen.<\/p>\n<p style=\"text-align: center\"><a href=\"https:\/\/jagareforbundet.se\/aktuellt\/forbundsnyheter\/2020\/09\/ny-handlingsplan-ger-en-battre-algforvaltning\/\" class=\"woo-sc-button  silver xl\" ><span class=\"woo-\">NY Handlingsplan \u00c4lg<\/span><\/a><\/p>\n<\/div>\n<\/div>\n<\/div>\n<\/div>\n<\/div>\n<\/div>\n","protected":false},"excerpt":{"rendered":"<p>En av Svenska J\u00e4garef\u00f6rbundets viktigaste uppgifter \u00e4r att st\u00f6dja sina medlemmar med kunskap. Just d\u00e4rf\u00f6r har man gjort en ny handlingsplan f\u00f6r \u00e4lg. \u2013 Denna riktar sig till de j\u00e4gare som \u00e4r aktiva i viltf\u00f6rvaltningen. Genom att f\u00f6lja rekommendationerna kommer \u00e4lgf\u00f6rvaltningen att bli b\u00e4ttre, f\u00f6rklarar Peter Ledin som ansvarar f\u00f6r handlingsplanen.<\/p>\n","protected":false},"author":78,"featured_media":0,"parent":525,"menu_order":0,"comment_status":"open","ping_status":"open","template":"","meta":{"footnotes":""},"class_list":["post-4514","page","type-page","status-publish","hentry"],"_links":{"self":[{"href":"https:\/\/krets.jagareforbundet.se\/folkarna\/wp-json\/wp\/v2\/pages\/4514","targetHints":{"allow":["GET"]}}],"collection":[{"href":"https:\/\/krets.jagareforbundet.se\/folkarna\/wp-json\/wp\/v2\/pages"}],"about":[{"href":"https:\/\/krets.jagareforbundet.se\/folkarna\/wp-json\/wp\/v2\/types\/page"}],"author":[{"embeddable":true,"href":"https:\/\/krets.jagareforbundet.se\/folkarna\/wp-json\/wp\/v2\/users\/78"}],"replies":[{"embeddable":true,"href":"https:\/\/krets.jagareforbundet.se\/folkarna\/wp-json\/wp\/v2\/comments?post=4514"}],"version-history":[{"count":2,"href":"https:\/\/krets.jagareforbundet.se\/folkarna\/wp-json\/wp\/v2\/pages\/4514\/revisions"}],"predecessor-version":[{"id":7474,"href":"https:\/\/krets.jagareforbundet.se\/folkarna\/wp-json\/wp\/v2\/pages\/4514\/revisions\/7474"}],"up":[{"embeddable":true,"href":"https:\/\/krets.jagareforbundet.se\/folkarna\/wp-json\/wp\/v2\/pages\/525"}],"wp:attachment":[{"href":"https:\/\/krets.jagareforbundet.se\/folkarna\/wp-json\/wp\/v2\/media?parent=4514"}],"curies":[{"name":"wp","href":"https:\/\/api.w.org\/{rel}","templated":true}]}}