{"id":4599,"date":"2014-05-07T14:15:20","date_gmt":"2014-05-07T12:15:20","guid":{"rendered":"https:\/\/krets.jagareforbundet.se\/folkarna\/?page_id=4599"},"modified":"2019-02-07T21:39:24","modified_gmt":"2019-02-07T20:39:24","slug":"skador-av-rovdjur","status":"publish","type":"page","link":"https:\/\/krets.jagareforbundet.se\/folkarna\/skador-av-rovdjur\/","title":{"rendered":"Skador av rovdjur"},"content":{"rendered":"<h3>Skadade eller d\u00f6da tamdjur<\/h3>\n<p>Ring rovdjursansvarig i FJVK 070-5822592 som kontaktar L\u00e4nsstyrelsen i Dalarna och ger r\u00e5d om hur hanteringen skall ske.<\/p>\n<h3>Bevara fyndplatsen<\/h3>\n<p>F\u00f6r att underl\u00e4tta besiktningen b\u00f6r fyndplatsen l\u00e4mnas or\u00f6rd i s\u00e5 stor utstr\u00e4ckning som m\u00f6jligt. Avsk\u00e4rma och t\u00e4ck \u00f6ver d\u00f6da djur och undvik att trampa runt p\u00e5 platsen. Besiktningspersonalen bed\u00f6mer d\u00f6ds- eller skadeorsaken och hj\u00e4lper till att fylla i de blanketter som beh\u00f6vs f\u00f6r att f\u00e5 ers\u00e4ttning.<\/p>\n<h3>Skadeanspr\u00e5k<\/h3>\n<p>Ans\u00f6kan om ers\u00e4ttning ska vara L\u00e4nsstyrelsen tillhanda inom 3 m\u00e5nader efter uppkommen skada. Om skadan intr\u00e4ffar p\u00e5 helgdag kan besiktningspersonalen som geografiskt sett \u00e4r n\u00e4rmast kontaktas direkt. Meddela sedan L\u00e4nsstyrelsen detta f\u00f6rsta vardagen efter uppkommen skada.<\/p>\n<p><strong>F\u00f6rsvar av tamdjur<br \/>\n<\/strong>\u00c4ndrade regler f\u00f6r \u00a7 28 r\u00f6rande f\u00f6rsvar av tamdjur mot rovdjursangrepp\u00a0 Fnu skall den som f\u00e4llt ett stort rovdjur i f\u00f6rsvar av tamboskap anm\u00e4la detta till L\u00e4nsstyrelsen ist\u00e4llet f\u00f6r till Polisen.<\/p>\n<h6>Det telefonnummer man ska ringa f\u00f6r anm\u00e4la detta\u00a0<span style=\"font-size: 9.0pt;font-family: 'Verdana','sans-serif';color: black\">P\u00e5 helger mellan 07:00-17:00 finns beredskap p\u00e5 telefon 010-22 50 500.<\/span><\/h6>\n<p>En besiktningman fr\u00e5n L\u00e4nsstyrelsen kommer sedan ut f\u00f6r att besikta det f\u00e4llda djuret och omr\u00e5det d\u00e4r det sk\u00f6ts. Det \u00e4r d\u00e4rf\u00f6r av stor vikt att det f\u00e4llda djuret inte flyttas eller man i on\u00f6dan uppeh\u00e5ller sig i omr\u00e5det f\u00f6r skottplatsen. \u00a0Med stort rovdjur avses bj\u00f6rn, varg, lo eller j\u00e4rv.<\/p>\n<p style=\"text-align: center\"><a href=\"https:\/\/krets.jagareforbundet.se\/folkarna\/hundfragor\/agria-hundforsakringar\/\" class=\"woo-sc-button  purple\" ><span class=\"woo-\">Skador p\u00e5 hund<\/span><\/a>\u00a0<a href=\"https:\/\/krets.jagareforbundet.se\/folkarna\/files\/2018\/04\/om-vargangrepp.pdf\" class=\"woo-sc-button  custom\" style=\"background:;border-color:\"><span class=\"woo-\">Om vargangrepp<\/span><\/a><\/p>\n<div class=\"equal\" id=\"pageWrap\">\n<div class=\"clearfix\" id=\"pageWrapInner\">\n<div id=\"pageContent\">\n<div class=\"clearfix single-view\" id=\"innerContent\">\n<div class=\"mainCol\">\n<div class=\"newsList\">\n<div class=\"ajax-load-more-wrap blue alm-0\" id=\"ajax-load-more\">\n<div class=\"alm-listing alm-ajax\">\n<div class=\"alm-reveal alm-previous-post post-41953\">\n<div class=\"article\">\n<div class=\"cycloneslider cycloneslider-template-standard cycloneslider-width-responsive\" id=\"cycloneslider-bett-2\">\n<div class=\"cycloneslider-slides cycle-slideshow cycle-paused\">\n<div class=\"cycloneslider-slide cycloneslider-slide-image cycle-slide\">\n<div class=\"cycloneslider-caption\">\n<div class=\"cycloneslider-caption-title\" style=\"text-align: center\"><\/div>\n<div class=\"cycloneslider-caption-description\" style=\"text-align: center\">Avst\u00e5ndet mellan h\u00f6rnt\u00e4nderna hos lodjur \u00e4r normalt 25\u201335 millimeter.<\/div>\n<\/div>\n<\/div>\n<div class=\"cycloneslider-slide cycloneslider-slide-image cycle-slide cycle-slide-active\">\n<div class=\"cycloneslider-caption\">\n<div class=\"cycloneslider-caption-title\" style=\"text-align: center\"><\/div>\n<div class=\"cycloneslider-caption-description\" style=\"text-align: center\">Motsvarande m\u00e5tt hos varg \u00e4r 40\u201355 milli\u00admeter<\/div>\n<\/div>\n<\/div>\n<\/div>\n<\/div>\n<\/div>\n<\/div>\n<\/div>\n<\/div>\n<\/div>\n<\/div>\n<\/div>\n<\/div>\n<\/div>\n<\/div>\n","protected":false},"excerpt":{"rendered":"<p>Skadade eller d\u00f6da tamdjur Ring rovdjursansvarig i FJVK 070-5822592 som kontaktar L\u00e4nsstyrelsen i Dalarna och ger r\u00e5d om hur hanteringen skall ske. Bevara fyndplatsen F\u00f6r att underl\u00e4tta besiktningen b\u00f6r fyndplatsen l\u00e4mnas or\u00f6rd i s\u00e5 stor utstr\u00e4ckning som m\u00f6jligt. Avsk\u00e4rma och t\u00e4ck \u00f6ver d\u00f6da djur och undvik att trampa runt p\u00e5 platsen. Besiktningspersonalen bed\u00f6mer d\u00f6ds- eller [&hellip;]<\/p>\n","protected":false},"author":78,"featured_media":0,"parent":0,"menu_order":1,"comment_status":"open","ping_status":"open","template":"","meta":{"footnotes":""},"class_list":["post-4599","page","type-page","status-publish","hentry"],"_links":{"self":[{"href":"https:\/\/krets.jagareforbundet.se\/folkarna\/wp-json\/wp\/v2\/pages\/4599","targetHints":{"allow":["GET"]}}],"collection":[{"href":"https:\/\/krets.jagareforbundet.se\/folkarna\/wp-json\/wp\/v2\/pages"}],"about":[{"href":"https:\/\/krets.jagareforbundet.se\/folkarna\/wp-json\/wp\/v2\/types\/page"}],"author":[{"embeddable":true,"href":"https:\/\/krets.jagareforbundet.se\/folkarna\/wp-json\/wp\/v2\/users\/78"}],"replies":[{"embeddable":true,"href":"https:\/\/krets.jagareforbundet.se\/folkarna\/wp-json\/wp\/v2\/comments?post=4599"}],"version-history":[{"count":1,"href":"https:\/\/krets.jagareforbundet.se\/folkarna\/wp-json\/wp\/v2\/pages\/4599\/revisions"}],"predecessor-version":[{"id":6487,"href":"https:\/\/krets.jagareforbundet.se\/folkarna\/wp-json\/wp\/v2\/pages\/4599\/revisions\/6487"}],"wp:attachment":[{"href":"https:\/\/krets.jagareforbundet.se\/folkarna\/wp-json\/wp\/v2\/media?parent=4599"}],"curies":[{"name":"wp","href":"https:\/\/api.w.org\/{rel}","templated":true}]}}