{"id":4844,"date":"2014-08-29T16:34:15","date_gmt":"2014-08-29T14:34:15","guid":{"rendered":"https:\/\/krets.jagareforbundet.se\/folkarna\/?page_id=4844"},"modified":"2023-04-24T18:00:31","modified_gmt":"2023-04-24T16:00:31","slug":"svvo-algjakt-2014","status":"publish","type":"page","link":"https:\/\/krets.jagareforbundet.se\/folkarna\/sigvagens-viltvardsomrade\/svvo-alg\/svvo-algjakt-2014\/","title":{"rendered":"SVVO \u00c4lgjakt 2022"},"content":{"rendered":"<p style=\"text-align: center\">H\u00e4r kommer all info som kommer fr\u00e5n Jaktledarna l\u00e4ggas in. <a href=\"https:\/\/krets.jagareforbundet.se\/folkarna\/files\/2022\/09\/SVVO-PM-2022.jpg\" class=\"woo-sc-button  silver\" ><span class=\"woo-\">PM 2022<\/span><\/a><\/p>\n<p style=\"text-align: center\"><a href=\"https:\/\/krets.jagareforbundet.se\/folkarna\/files\/2022\/10\/20221014_123047-scaled.jpg\"><img loading=\"lazy\" decoding=\"async\" class=\"aligncenter size-large wp-image-8234\" src=\"https:\/\/krets.jagareforbundet.se\/folkarna\/files\/2022\/10\/20221014_123047-768x1024.jpg\" alt=\"\" width=\"768\" height=\"1024\" srcset=\"https:\/\/krets.jagareforbundet.se\/folkarna\/files\/2022\/10\/20221014_123047-768x1024.jpg 768w, https:\/\/krets.jagareforbundet.se\/folkarna\/files\/2022\/10\/20221014_123047-225x300.jpg 225w, https:\/\/krets.jagareforbundet.se\/folkarna\/files\/2022\/10\/20221014_123047-1152x1536.jpg 1152w, https:\/\/krets.jagareforbundet.se\/folkarna\/files\/2022\/10\/20221014_123047-1536x2048.jpg 1536w, https:\/\/krets.jagareforbundet.se\/folkarna\/files\/2022\/10\/20221014_123047-scaled.jpg 1920w\" sizes=\"auto, (max-width: 768px) 100vw, 768px\" \/><\/a><\/p>\n<p style=\"text-align: center\"><a href=\"https:\/\/krets.jagareforbundet.se\/folkarna\/files\/2022\/10\/20221014_122954.jpg\"><img loading=\"lazy\" decoding=\"async\" class=\"aligncenter wp-image-8235\" src=\"https:\/\/krets.jagareforbundet.se\/folkarna\/files\/2022\/10\/20221014_122954-1024x489.jpg\" alt=\"\" width=\"771\" height=\"368\" srcset=\"https:\/\/krets.jagareforbundet.se\/folkarna\/files\/2022\/10\/20221014_122954-1024x489.jpg 1024w, https:\/\/krets.jagareforbundet.se\/folkarna\/files\/2022\/10\/20221014_122954-300x143.jpg 300w, https:\/\/krets.jagareforbundet.se\/folkarna\/files\/2022\/10\/20221014_122954-768x367.jpg 768w, https:\/\/krets.jagareforbundet.se\/folkarna\/files\/2022\/10\/20221014_122954.jpg 1273w\" sizes=\"auto, (max-width: 771px) 100vw, 771px\" \/><\/a><\/p>\n<p>&nbsp;<\/p>\n<p style=\"text-align: center\"><a href=\"https:\/\/krets.jagareforbundet.se\/folkarna\/files\/2022\/10\/20221014_123957-scaled.jpg\"><img loading=\"lazy\" decoding=\"async\" class=\"aligncenter size-large wp-image-8236\" src=\"https:\/\/krets.jagareforbundet.se\/folkarna\/files\/2022\/10\/20221014_123957-768x1024.jpg\" alt=\"\" width=\"768\" height=\"1024\" srcset=\"https:\/\/krets.jagareforbundet.se\/folkarna\/files\/2022\/10\/20221014_123957-768x1024.jpg 768w, https:\/\/krets.jagareforbundet.se\/folkarna\/files\/2022\/10\/20221014_123957-225x300.jpg 225w, https:\/\/krets.jagareforbundet.se\/folkarna\/files\/2022\/10\/20221014_123957-1152x1536.jpg 1152w, https:\/\/krets.jagareforbundet.se\/folkarna\/files\/2022\/10\/20221014_123957-1536x2048.jpg 1536w, https:\/\/krets.jagareforbundet.se\/folkarna\/files\/2022\/10\/20221014_123957-scaled.jpg 1920w\" sizes=\"auto, (max-width: 768px) 100vw, 768px\" \/><\/a><\/p>\n<p style=\"text-align: center\"><a href=\"https:\/\/krets.jagareforbundet.se\/folkarna\/files\/2022\/10\/20221015_185003-scaled.jpg\"><img loading=\"lazy\" decoding=\"async\" class=\"aligncenter size-large wp-image-8237\" src=\"https:\/\/krets.jagareforbundet.se\/folkarna\/files\/2022\/10\/20221015_185003-768x1024.jpg\" alt=\"\" width=\"768\" height=\"1024\" srcset=\"https:\/\/krets.jagareforbundet.se\/folkarna\/files\/2022\/10\/20221015_185003-768x1024.jpg 768w, https:\/\/krets.jagareforbundet.se\/folkarna\/files\/2022\/10\/20221015_185003-225x300.jpg 225w, https:\/\/krets.jagareforbundet.se\/folkarna\/files\/2022\/10\/20221015_185003-1152x1536.jpg 1152w, https:\/\/krets.jagareforbundet.se\/folkarna\/files\/2022\/10\/20221015_185003-1536x2048.jpg 1536w, https:\/\/krets.jagareforbundet.se\/folkarna\/files\/2022\/10\/20221015_185003-scaled.jpg 1920w\" sizes=\"auto, (max-width: 768px) 100vw, 768px\" \/><\/a><\/p>\n<p style=\"text-align: center\"><a href=\"https:\/\/krets.jagareforbundet.se\/folkarna\/files\/2022\/10\/20221015_190108-scaled.jpg\"><img loading=\"lazy\" decoding=\"async\" class=\"aligncenter size-large wp-image-8238\" src=\"https:\/\/krets.jagareforbundet.se\/folkarna\/files\/2022\/10\/20221015_190108-768x1024.jpg\" alt=\"\" width=\"768\" height=\"1024\" srcset=\"https:\/\/krets.jagareforbundet.se\/folkarna\/files\/2022\/10\/20221015_190108-768x1024.jpg 768w, https:\/\/krets.jagareforbundet.se\/folkarna\/files\/2022\/10\/20221015_190108-225x300.jpg 225w, https:\/\/krets.jagareforbundet.se\/folkarna\/files\/2022\/10\/20221015_190108-1152x1536.jpg 1152w, https:\/\/krets.jagareforbundet.se\/folkarna\/files\/2022\/10\/20221015_190108-1536x2048.jpg 1536w, https:\/\/krets.jagareforbundet.se\/folkarna\/files\/2022\/10\/20221015_190108-scaled.jpg 1920w\" sizes=\"auto, (max-width: 768px) 100vw, 768px\" \/><\/a><\/p>\n<p style=\"text-align: center\"><a href=\"https:\/\/krets.jagareforbundet.se\/folkarna\/files\/2022\/10\/20221016_0925332-scaled.jpg\"><img loading=\"lazy\" decoding=\"async\" class=\"aligncenter wp-image-8239\" src=\"https:\/\/krets.jagareforbundet.se\/folkarna\/files\/2022\/10\/20221016_0925332-1024x610.jpg\" alt=\"\" width=\"780\" height=\"465\" srcset=\"https:\/\/krets.jagareforbundet.se\/folkarna\/files\/2022\/10\/20221016_0925332-1024x610.jpg 1024w, https:\/\/krets.jagareforbundet.se\/folkarna\/files\/2022\/10\/20221016_0925332-300x179.jpg 300w, https:\/\/krets.jagareforbundet.se\/folkarna\/files\/2022\/10\/20221016_0925332-768x457.jpg 768w, https:\/\/krets.jagareforbundet.se\/folkarna\/files\/2022\/10\/20221016_0925332-1536x915.jpg 1536w, https:\/\/krets.jagareforbundet.se\/folkarna\/files\/2022\/10\/20221016_0925332-2048x1220.jpg 2048w\" sizes=\"auto, (max-width: 780px) 100vw, 780px\" \/><\/a><\/p>\n<p style=\"text-align: center\"><a href=\"https:\/\/krets.jagareforbundet.se\/folkarna\/files\/2022\/10\/20221016_125112-scaled.jpg\"><img loading=\"lazy\" decoding=\"async\" class=\"aligncenter wp-image-8240\" src=\"https:\/\/krets.jagareforbundet.se\/folkarna\/files\/2022\/10\/20221016_125112-1024x768.jpg\" alt=\"\" width=\"781\" height=\"586\" srcset=\"https:\/\/krets.jagareforbundet.se\/folkarna\/files\/2022\/10\/20221016_125112-1024x768.jpg 1024w, https:\/\/krets.jagareforbundet.se\/folkarna\/files\/2022\/10\/20221016_125112-300x225.jpg 300w, https:\/\/krets.jagareforbundet.se\/folkarna\/files\/2022\/10\/20221016_125112-768x576.jpg 768w, https:\/\/krets.jagareforbundet.se\/folkarna\/files\/2022\/10\/20221016_125112-1536x1152.jpg 1536w, https:\/\/krets.jagareforbundet.se\/folkarna\/files\/2022\/10\/20221016_125112-2048x1536.jpg 2048w\" sizes=\"auto, (max-width: 781px) 100vw, 781px\" \/><\/a><\/p>\n<p>Tilldelningen 2022 samma som 2021, jakt p\u00e5 kapitaltjur startar om och \u00e4ndrad att g\u00e4lla 3 taggar p\u00e5 skottsidan<\/p>\n<p>Skjutet den 16\/10 Tv\u00e5\u00a0 Tjurar, en Ko och en Kalv.<\/p>\n<a href=\"https:\/\/krets.jagareforbundet.se\/folkarna\/files\/2022\/09\/Jakt-deltagare-2022.pdf\" class=\"woo-sc-button  custom\" style=\"background:;border-color:\"><span class=\"woo-\">Deltagare \u00c4lgjakten 2022<\/span><\/a>\n<p>Fr\u00e5n \u00e4lgm\u00f6te med G\u00c4SO som i stadgarna beslutades bli St\u00e4mma med G\u00c4HSO(Garpenberg \u00c4lg Hjort sk\u00f6tselomr\u00e5de)\u00a0Vidare att har Sveaskog tagits bort som representerad i styrelsen.<\/p>\n<p>Styrelsens f\u00f6rslag att \u00f6ka antalet taggar p\u00e5 kapital tjur till 6 resp. 3 p\u00e5 skottsidan r\u00f6stades igenom efter l\u00e5ng debatt. (31-18)<\/p>\n<p>Sanktioner tilld\u00f6mdes Stigv\u00e4gens VVO p\u00e5 450 kr pga f\u00f6r sen betalning av f\u00e4ll- och arealavgift.<\/p>\n<p>Fallavgifter 2022-23 500 kr vuxen 150 kr \u00e5rskalv betalas f\u00f6re den 6 februari 2023. Bg.448-4515<\/p>\n<p>Spillningsinventeringen visade p\u00e5 8.0 \u00e4lgar per 1000 ha<\/p>\n<p>Viltbesiktare f\u00f6r omr\u00e5det nu Jocke Str\u00f6mberg, Bagghyttan 070-7474674 och Ulf Kronander, Rossberga 076-8284848<\/p>\n<p>\u00c4lg och Kronhjort, avskjutning och Obs redovisas i Jaktrapport, sm\u00e5vilt till Ander Flodstr\u00f6m.<\/p>\n<p>Jakt p\u00e5 Kronhjort: Vuxet handjur 8 oktober- 31 januari. Hind och kalv 16 aug.- 30 sep. vakjakt.<\/p>\n<p>Jakten p\u00e5 Kronhjort sker som avlysningsjakt under hela perioden och avskjutning rapporteras inom tv\u00e5 dagar som f\u00f6r \u00e4lg.<\/p>\n<p>Rekommendationen att prioritera avskjutning av kvigor kvarst\u00e5r.<\/p>\n<p>Jaktledaren ansvarar f\u00f6r att v\u00e4gning och tandprov f\u00f6r \u00e5ldersbest\u00e4mning tas.<\/p>\n<p><a href=\"https:\/\/krets.jagareforbundet.se\/folkarna\/files\/2022\/09\/Karta-sodra-saten-20222jpg.jpg\"><img loading=\"lazy\" decoding=\"async\" class=\"aligncenter size-full wp-image-8208\" src=\"https:\/\/krets.jagareforbundet.se\/folkarna\/files\/2022\/09\/Karta-sodra-saten-20222jpg.jpg\" alt=\"\" width=\"605\" height=\"471\" srcset=\"https:\/\/krets.jagareforbundet.se\/folkarna\/files\/2022\/09\/Karta-sodra-saten-20222jpg.jpg 605w, https:\/\/krets.jagareforbundet.se\/folkarna\/files\/2022\/09\/Karta-sodra-saten-20222jpg-300x234.jpg 300w\" sizes=\"auto, (max-width: 605px) 100vw, 605px\" \/><\/a><\/p>\n<p style=\"text-align: center\"><strong>Fungerade din radio inte bra, tro inte att den g\u00f6r det b\u00e4ttre\u00a0n\u00e4sta\u00a0\u00e5r, k\u00f6p en ny !<\/strong><\/p>\n<p style=\"text-align: center\"><span style=\"color: #ff0000\"><strong>T\u00e4nk p\u00e5 att h\u00f6rsn\u00e4ckor s\u00e4nker ineffekt och mikrofoner s\u00e4nker uteffekt och \u00f6kar risken till avbrott.<\/strong><\/span><\/p>\n<p style=\"text-align: center\"><a href=\"https:\/\/krets.jagareforbundet.se\/folkarna\/files\/2022\/09\/Stigvagen-VVO-Norra-sate5.jpg\"><img loading=\"lazy\" decoding=\"async\" class=\"aligncenter size-full wp-image-8216\" src=\"https:\/\/krets.jagareforbundet.se\/folkarna\/files\/2022\/09\/Stigvagen-VVO-Norra-sate5.jpg\" alt=\"\" width=\"572\" height=\"800\" srcset=\"https:\/\/krets.jagareforbundet.se\/folkarna\/files\/2022\/09\/Stigvagen-VVO-Norra-sate5.jpg 572w, https:\/\/krets.jagareforbundet.se\/folkarna\/files\/2022\/09\/Stigvagen-VVO-Norra-sate5-215x300.jpg 215w\" sizes=\"auto, (max-width: 572px) 100vw, 572px\" \/><\/a><a href=\"https:\/\/krets.jagareforbundet.se\/folkarna\/files\/2022\/09\/SVVO-D-saten-2022.jpg\"><img loading=\"lazy\" decoding=\"async\" class=\"aligncenter size-large wp-image-8219\" src=\"https:\/\/krets.jagareforbundet.se\/folkarna\/files\/2022\/09\/SVVO-D-saten-2022-692x1024.jpg\" alt=\"\" width=\"692\" height=\"1024\" srcset=\"https:\/\/krets.jagareforbundet.se\/folkarna\/files\/2022\/09\/SVVO-D-saten-2022-692x1024.jpg 692w, https:\/\/krets.jagareforbundet.se\/folkarna\/files\/2022\/09\/SVVO-D-saten-2022-203x300.jpg 203w, https:\/\/krets.jagareforbundet.se\/folkarna\/files\/2022\/09\/SVVO-D-saten-2022-768x1136.jpg 768w, https:\/\/krets.jagareforbundet.se\/folkarna\/files\/2022\/09\/SVVO-D-saten-2022.jpg 1034w\" sizes=\"auto, (max-width: 692px) 100vw, 692px\" \/><\/a><\/p>\n","protected":false},"excerpt":{"rendered":"<p>H\u00e4r kommer all info som kommer fr\u00e5n Jaktledarna l\u00e4ggas in. &nbsp; Tilldelningen 2022 samma som 2021, jakt p\u00e5 kapitaltjur startar om och \u00e4ndrad att g\u00e4lla 3 taggar p\u00e5 skottsidan Skjutet den 16\/10 Tv\u00e5\u00a0 Tjurar, en Ko och en Kalv. Fr\u00e5n \u00e4lgm\u00f6te med G\u00c4SO som i stadgarna beslutades bli St\u00e4mma med G\u00c4HSO(Garpenberg \u00c4lg Hjort sk\u00f6tselomr\u00e5de)\u00a0Vidare att [&hellip;]<\/p>\n","protected":false},"author":78,"featured_media":0,"parent":6654,"menu_order":2,"comment_status":"open","ping_status":"open","template":"","meta":{"footnotes":""},"class_list":["post-4844","page","type-page","status-publish","hentry"],"_links":{"self":[{"href":"https:\/\/krets.jagareforbundet.se\/folkarna\/wp-json\/wp\/v2\/pages\/4844","targetHints":{"allow":["GET"]}}],"collection":[{"href":"https:\/\/krets.jagareforbundet.se\/folkarna\/wp-json\/wp\/v2\/pages"}],"about":[{"href":"https:\/\/krets.jagareforbundet.se\/folkarna\/wp-json\/wp\/v2\/types\/page"}],"author":[{"embeddable":true,"href":"https:\/\/krets.jagareforbundet.se\/folkarna\/wp-json\/wp\/v2\/users\/78"}],"replies":[{"embeddable":true,"href":"https:\/\/krets.jagareforbundet.se\/folkarna\/wp-json\/wp\/v2\/comments?post=4844"}],"version-history":[{"count":3,"href":"https:\/\/krets.jagareforbundet.se\/folkarna\/wp-json\/wp\/v2\/pages\/4844\/revisions"}],"predecessor-version":[{"id":8241,"href":"https:\/\/krets.jagareforbundet.se\/folkarna\/wp-json\/wp\/v2\/pages\/4844\/revisions\/8241"}],"up":[{"embeddable":true,"href":"https:\/\/krets.jagareforbundet.se\/folkarna\/wp-json\/wp\/v2\/pages\/6654"}],"wp:attachment":[{"href":"https:\/\/krets.jagareforbundet.se\/folkarna\/wp-json\/wp\/v2\/media?parent=4844"}],"curies":[{"name":"wp","href":"https:\/\/api.w.org\/{rel}","templated":true}]}}

SVVO Älgjakt 2022

<p style="text-align: center">Här kommer all info som kommer från Jaktledarna läggas in. <a href="https://krets.jagareforbundet.se/folkarna/files/2022/09/SVVO-PM-2022.jpg" class="woo-sc-button  silver" ><span class="woo-">PM 2022</span></a></p>
<p style="text-align: center"><a href="https://krets.jagareforbundet.se/folkarna/files/2022/10/20221014_123047-scaled.jpg"><img loading="lazy" decoding="async" class="aligncenter size-large wp-image-8234" src="https://krets.jagareforbundet.se/folkarna/files/2022/10/20221014_123047-768x1024.jpg" alt="" width="768" height="1024" srcset="https://krets.jagareforbundet.se/folkarna/files/2022/10/20221014_123047-768x1024.jpg 768w, https://krets.jagareforbundet.se/folkarna/files/2022/10/20221014_123047-225x300.jpg 225w, https://krets.jagareforbundet.se/folkarna/files/2022/10/20221014_123047-1152x1536.jpg 1152w, https://krets.jagareforbundet.se/folkarna/files/2022/10/20221014_123047-1536x2048.jpg 1536w, https://krets.jagareforbundet.se/folkarna/files/2022/10/20221014_123047-scaled.jpg 1920w" sizes="auto, (max-width: 768px) 100vw, 768px" /></a></p>
<p style="text-align: center"><a href="https://krets.jagareforbundet.se/folkarna/files/2022/10/20221014_122954.jpg"><img loading="lazy" decoding="async" class="aligncenter wp-image-8235" src="https://krets.jagareforbundet.se/folkarna/files/2022/10/20221014_122954-1024x489.jpg" alt="" width="771" height="368" srcset="https://krets.jagareforbundet.se/folkarna/files/2022/10/20221014_122954-1024x489.jpg 1024w, https://krets.jagareforbundet.se/folkarna/files/2022/10/20221014_122954-300x143.jpg 300w, https://krets.jagareforbundet.se/folkarna/files/2022/10/20221014_122954-768x367.jpg 768w, https://krets.jagareforbundet.se/folkarna/files/2022/10/20221014_122954.jpg 1273w" sizes="auto, (max-width: 771px) 100vw, 771px" /></a></p>
<p>&nbsp;</p>
<p style="text-align: center"><a href="https://krets.jagareforbundet.se/folkarna/files/2022/10/20221014_123957-scaled.jpg"><img loading="lazy" decoding="async" class="aligncenter size-large wp-image-8236" src="https://krets.jagareforbundet.se/folkarna/files/2022/10/20221014_123957-768x1024.jpg" alt="" width="768" height="1024" srcset="https://krets.jagareforbundet.se/folkarna/files/2022/10/20221014_123957-768x1024.jpg 768w, https://krets.jagareforbundet.se/folkarna/files/2022/10/20221014_123957-225x300.jpg 225w, https://krets.jagareforbundet.se/folkarna/files/2022/10/20221014_123957-1152x1536.jpg 1152w, https://krets.jagareforbundet.se/folkarna/files/2022/10/20221014_123957-1536x2048.jpg 1536w, https://krets.jagareforbundet.se/folkarna/files/2022/10/20221014_123957-scaled.jpg 1920w" sizes="auto, (max-width: 768px) 100vw, 768px" /></a></p>
<p style="text-align: center"><a href="https://krets.jagareforbundet.se/folkarna/files/2022/10/20221015_185003-scaled.jpg"><img loading="lazy" decoding="async" class="aligncenter size-large wp-image-8237" src="https://krets.jagareforbundet.se/folkarna/files/2022/10/20221015_185003-768x1024.jpg" alt="" width="768" height="1024" srcset="https://krets.jagareforbundet.se/folkarna/files/2022/10/20221015_185003-768x1024.jpg 768w, https://krets.jagareforbundet.se/folkarna/files/2022/10/20221015_185003-225x300.jpg 225w, https://krets.jagareforbundet.se/folkarna/files/2022/10/20221015_185003-1152x1536.jpg 1152w, https://krets.jagareforbundet.se/folkarna/files/2022/10/20221015_185003-1536x2048.jpg 1536w, https://krets.jagareforbundet.se/folkarna/files/2022/10/20221015_185003-scaled.jpg 1920w" sizes="auto, (max-width: 768px) 100vw, 768px" /></a></p>
<p style="text-align: center"><a href="https://krets.jagareforbundet.se/folkarna/files/2022/10/20221015_190108-scaled.jpg"><img loading="lazy" decoding="async" class="aligncenter size-large wp-image-8238" src="https://krets.jagareforbundet.se/folkarna/files/2022/10/20221015_190108-768x1024.jpg" alt="" width="768" height="1024" srcset="https://krets.jagareforbundet.se/folkarna/files/2022/10/20221015_190108-768x1024.jpg 768w, https://krets.jagareforbundet.se/folkarna/files/2022/10/20221015_190108-225x300.jpg 225w, https://krets.jagareforbundet.se/folkarna/files/2022/10/20221015_190108-1152x1536.jpg 1152w, https://krets.jagareforbundet.se/folkarna/files/2022/10/20221015_190108-1536x2048.jpg 1536w, https://krets.jagareforbundet.se/folkarna/files/2022/10/20221015_190108-scaled.jpg 1920w" sizes="auto, (max-width: 768px) 100vw, 768px" /></a></p>
<p style="text-align: center"><a href="https://krets.jagareforbundet.se/folkarna/files/2022/10/20221016_0925332-scaled.jpg"><img loading="lazy" decoding="async" class="aligncenter wp-image-8239" src="https://krets.jagareforbundet.se/folkarna/files/2022/10/20221016_0925332-1024x610.jpg" alt="" width="780" height="465" srcset="https://krets.jagareforbundet.se/folkarna/files/2022/10/20221016_0925332-1024x610.jpg 1024w, https://krets.jagareforbundet.se/folkarna/files/2022/10/20221016_0925332-300x179.jpg 300w, https://krets.jagareforbundet.se/folkarna/files/2022/10/20221016_0925332-768x457.jpg 768w, https://krets.jagareforbundet.se/folkarna/files/2022/10/20221016_0925332-1536x915.jpg 1536w, https://krets.jagareforbundet.se/folkarna/files/2022/10/20221016_0925332-2048x1220.jpg 2048w" sizes="auto, (max-width: 780px) 100vw, 780px" /></a></p>
<p style="text-align: center"><a href="https://krets.jagareforbundet.se/folkarna/files/2022/10/20221016_125112-scaled.jpg"><img loading="lazy" decoding="async" class="aligncenter wp-image-8240" src="https://krets.jagareforbundet.se/folkarna/files/2022/10/20221016_125112-1024x768.jpg" alt="" width="781" height="586" srcset="https://krets.jagareforbundet.se/folkarna/files/2022/10/20221016_125112-1024x768.jpg 1024w, https://krets.jagareforbundet.se/folkarna/files/2022/10/20221016_125112-300x225.jpg 300w, https://krets.jagareforbundet.se/folkarna/files/2022/10/20221016_125112-768x576.jpg 768w, https://krets.jagareforbundet.se/folkarna/files/2022/10/20221016_125112-1536x1152.jpg 1536w, https://krets.jagareforbundet.se/folkarna/files/2022/10/20221016_125112-2048x1536.jpg 2048w" sizes="auto, (max-width: 781px) 100vw, 781px" /></a></p>
<p>Tilldelningen 2022 samma som 2021, jakt på kapitaltjur startar om och ändrad att gälla 3 taggar på skottsidan</p>
<p>Skjutet den 16/10 Två  Tjurar, en Ko och en Kalv.</p>
<a href="https://krets.jagareforbundet.se/folkarna/files/2022/09/Jakt-deltagare-2022.pdf" class="woo-sc-button  custom" style="background:;border-color:"><span class="woo-">Deltagare Älgjakten 2022</span></a>
<p>Från älgmöte med GÄSO som i stadgarna beslutades bli Stämma med GÄHSO(Garpenberg Älg Hjort skötselområde) Vidare att har Sveaskog tagits bort som representerad i styrelsen.</p>
<p>Styrelsens förslag att öka antalet taggar på kapital tjur till 6 resp. 3 på skottsidan röstades igenom efter lång debatt. (31-18)</p>
<p>Sanktioner tilldömdes Stigvägens VVO på 450 kr pga för sen betalning av fäll- och arealavgift.</p>
<p>Fallavgifter 2022-23 500 kr vuxen 150 kr årskalv betalas före den 6 februari 2023. Bg.448-4515</p>
<p>Spillningsinventeringen visade på 8.0 älgar per 1000 ha</p>
<p>Viltbesiktare för området nu Jocke Strömberg, Bagghyttan 070-7474674 och Ulf Kronander, Rossberga 076-8284848</p>
<p>Älg och Kronhjort, avskjutning och Obs redovisas i Jaktrapport, småvilt till Ander Flodström.</p>
<p>Jakt på Kronhjort: Vuxet handjur 8 oktober- 31 januari. Hind och kalv 16 aug.- 30 sep. vakjakt.</p>
<p>Jakten på Kronhjort sker som avlysningsjakt under hela perioden och avskjutning rapporteras inom två dagar som för älg.</p>
<p>Rekommendationen att prioritera avskjutning av kvigor kvarstår.</p>
<p>Jaktledaren ansvarar för att vägning och tandprov för åldersbestämning tas.</p>
<p><a href="https://krets.jagareforbundet.se/folkarna/files/2022/09/Karta-sodra-saten-20222jpg.jpg"><img loading="lazy" decoding="async" class="aligncenter size-full wp-image-8208" src="https://krets.jagareforbundet.se/folkarna/files/2022/09/Karta-sodra-saten-20222jpg.jpg" alt="" width="605" height="471" srcset="https://krets.jagareforbundet.se/folkarna/files/2022/09/Karta-sodra-saten-20222jpg.jpg 605w, https://krets.jagareforbundet.se/folkarna/files/2022/09/Karta-sodra-saten-20222jpg-300x234.jpg 300w" sizes="auto, (max-width: 605px) 100vw, 605px" /></a></p>
<p style="text-align: center"><strong>Fungerade din radio inte bra, tro inte att den gör det bättre nästa år, köp en ny !</strong></p>
<p style="text-align: center"><span style="color: #ff0000"><strong>Tänk på att hörsnäckor sänker ineffekt och mikrofoner sänker uteffekt och ökar risken till avbrott.</strong></span></p>
<p style="text-align: center"><a href="https://krets.jagareforbundet.se/folkarna/files/2022/09/Stigvagen-VVO-Norra-sate5.jpg"><img loading="lazy" decoding="async" class="aligncenter size-full wp-image-8216" src="https://krets.jagareforbundet.se/folkarna/files/2022/09/Stigvagen-VVO-Norra-sate5.jpg" alt="" width="572" height="800" srcset="https://krets.jagareforbundet.se/folkarna/files/2022/09/Stigvagen-VVO-Norra-sate5.jpg 572w, https://krets.jagareforbundet.se/folkarna/files/2022/09/Stigvagen-VVO-Norra-sate5-215x300.jpg 215w" sizes="auto, (max-width: 572px) 100vw, 572px" /></a><a href="https://krets.jagareforbundet.se/folkarna/files/2022/09/SVVO-D-saten-2022.jpg"><img loading="lazy" decoding="async" class="aligncenter size-large wp-image-8219" src="https://krets.jagareforbundet.se/folkarna/files/2022/09/SVVO-D-saten-2022-692x1024.jpg" alt="" width="692" height="1024" srcset="https://krets.jagareforbundet.se/folkarna/files/2022/09/SVVO-D-saten-2022-692x1024.jpg 692w, https://krets.jagareforbundet.se/folkarna/files/2022/09/SVVO-D-saten-2022-203x300.jpg 203w, https://krets.jagareforbundet.se/folkarna/files/2022/09/SVVO-D-saten-2022-768x1136.jpg 768w, https://krets.jagareforbundet.se/folkarna/files/2022/09/SVVO-D-saten-2022.jpg 1034w" sizes="auto, (max-width: 692px) 100vw, 692px" /></a></p>

<p>Här kommer all info som kommer från Jaktledarna läggas in. &nbsp; Tilldelningen 2022 samma som 2021, jakt på kapitaltjur startar om och ändrad att gälla 3 taggar på skottsidan Skjutet den 16/10 Två  Tjurar, en Ko och en Kalv. Från älgmöte med GÄSO som i stadgarna beslutades bli Stämma med GÄHSO(Garpenberg Älg Hjort skötselområde) Vidare att [&hellip;]</p>
