{"id":4871,"date":"2014-09-16T21:38:43","date_gmt":"2014-09-16T19:38:43","guid":{"rendered":"https:\/\/krets.jagareforbundet.se\/folkarna\/?page_id=4871"},"modified":"2018-09-18T16:31:25","modified_gmt":"2018-09-18T14:31:25","slug":"vargbilder","status":"publish","type":"page","link":"https:\/\/krets.jagareforbundet.se\/folkarna\/varg\/vargbilder\/","title":{"rendered":"Vargbilder"},"content":{"rendered":"<p style=\"text-align: center\"><a href=\"https:\/\/krets.jagareforbundet.se\/folkarna\/files\/2014\/09\/20141007_092157-1.jpg\"><img loading=\"lazy\" decoding=\"async\" class=\"aligncenter wp-image-4903\" src=\"https:\/\/krets.jagareforbundet.se\/folkarna\/files\/2014\/09\/20141007_092157-1.jpg\" alt=\"20141007_092157-1\" width=\"593\" height=\"428\" srcset=\"https:\/\/krets.jagareforbundet.se\/folkarna\/files\/2014\/09\/20141007_092157-1.jpg 457w, https:\/\/krets.jagareforbundet.se\/folkarna\/files\/2014\/09\/20141007_092157-1-300x216.jpg 300w\" sizes=\"auto, (max-width: 593px) 100vw, 593px\" \/><\/a><\/p>\n<p style=\"text-align: center\">Varg skjuten enligt \u00a7 28 i Dormsj\u00f6 den 2014-10-07. Foto: \u00a0Johan Backlin<a href=\"https:\/\/krets.jagareforbundet.se\/folkarna\/files\/2014\/09\/Stigv\u00e4gen-2014-09-13-Varg-1.jpg\"><img loading=\"lazy\" decoding=\"async\" class=\"aligncenter wp-image-4872 \" src=\"https:\/\/krets.jagareforbundet.se\/folkarna\/files\/2014\/09\/Stigv\u00e4gen-2014-09-13-Varg-1.jpg\" alt=\"Foto: Tony Ekholm Copyright\" width=\"603\" height=\"396\" \/><\/a><\/p>\n<p style=\"text-align: center\"><a href=\"https:\/\/krets.jagareforbundet.se\/folkarna\/files\/2014\/09\/Stigv\u00e4gen-2014-09-13-Varg-2.jpg\"><img loading=\"lazy\" decoding=\"async\" class=\"aligncenter wp-image-4874\" src=\"https:\/\/krets.jagareforbundet.se\/folkarna\/files\/2014\/09\/Stigv\u00e4gen-2014-09-13-Varg-2.jpg\" alt=\"Stigv\u00e4gen 2014-09-13-Varg-2\" width=\"601\" height=\"400\" \/><\/a><\/p>\n<p style=\"text-align: center\"><a href=\"https:\/\/krets.jagareforbundet.se\/folkarna\/files\/2014\/09\/Varg-\u00c5sgarn-2014-09-13.jpg\"><img loading=\"lazy\" decoding=\"async\" class=\"aligncenter wp-image-4875\" src=\"https:\/\/krets.jagareforbundet.se\/folkarna\/files\/2014\/09\/Varg-\u00c5sgarn-2014-09-13.jpg\" alt=\"Varg \u00c5sgarn 2014-09-13\" width=\"596\" height=\"448\" \/><\/a><\/p>\n<p style=\"text-align: center\">Varg \u00c5sgarn 2014-09-13 Fotograf Tony Ekholm. Copyright.<!-- Har borjar min HTML-kod som forhindrar hogerklick --><\/p>\n<p><!--var message=\"Det \u00e4r f\u00f6rbjudet att spara bilder fr\u00e5n denna sida!\"; function clickIE4(){if (event.button==2){alert(message); return false; } } function clickNS4(e){if (document.layers||document.getElementById&amp;&amp;!document.all){if (e.which==2||e.which==3){ alert(message); return false; } } } if (document.layers){document.captureEvents(Event.MOUSEDOWN); document.onmousedown=clickNS4; } else if (document.all&amp;&amp;!document.getElementById){document.onmousedown=clickIE4; } document.oncontextmenu=new Function(\"alert(message);return false\") \/\/ --><\/p>\n<p><!-- Har slutar min HTML-kod som forhindrar hogerklick --><\/p>\n","protected":false},"excerpt":{"rendered":"<p>Varg skjuten enligt \u00a7 28 i Dormsj\u00f6 den 2014-10-07. Foto: \u00a0Johan Backlin Varg \u00c5sgarn 2014-09-13 Fotograf Tony Ekholm. Copyright.<\/p>\n","protected":false},"author":78,"featured_media":0,"parent":1721,"menu_order":3,"comment_status":"open","ping_status":"open","template":"","meta":{"footnotes":""},"class_list":["post-4871","page","type-page","status-publish","hentry"],"_links":{"self":[{"href":"https:\/\/krets.jagareforbundet.se\/folkarna\/wp-json\/wp\/v2\/pages\/4871","targetHints":{"allow":["GET"]}}],"collection":[{"href":"https:\/\/krets.jagareforbundet.se\/folkarna\/wp-json\/wp\/v2\/pages"}],"about":[{"href":"https:\/\/krets.jagareforbundet.se\/folkarna\/wp-json\/wp\/v2\/types\/page"}],"author":[{"embeddable":true,"href":"https:\/\/krets.jagareforbundet.se\/folkarna\/wp-json\/wp\/v2\/users\/78"}],"replies":[{"embeddable":true,"href":"https:\/\/krets.jagareforbundet.se\/folkarna\/wp-json\/wp\/v2\/comments?post=4871"}],"version-history":[{"count":0,"href":"https:\/\/krets.jagareforbundet.se\/folkarna\/wp-json\/wp\/v2\/pages\/4871\/revisions"}],"up":[{"embeddable":true,"href":"https:\/\/krets.jagareforbundet.se\/folkarna\/wp-json\/wp\/v2\/pages\/1721"}],"wp:attachment":[{"href":"https:\/\/krets.jagareforbundet.se\/folkarna\/wp-json\/wp\/v2\/media?parent=4871"}],"curies":[{"name":"wp","href":"https:\/\/api.w.org\/{rel}","templated":true}]}}

<p style="text-align: center"><a href="https://krets.jagareforbundet.se/folkarna/files/2014/09/20141007_092157-1.jpg"><img loading="lazy" decoding="async" class="aligncenter wp-image-4903" src="https://krets.jagareforbundet.se/folkarna/files/2014/09/20141007_092157-1.jpg" alt="20141007_092157-1" width="593" height="428" srcset="https://krets.jagareforbundet.se/folkarna/files/2014/09/20141007_092157-1.jpg 457w, https://krets.jagareforbundet.se/folkarna/files/2014/09/20141007_092157-1-300x216.jpg 300w" sizes="auto, (max-width: 593px) 100vw, 593px" /></a></p>
<p style="text-align: center">Varg skjuten enligt § 28 i Dormsjö den 2014-10-07. Foto:  Johan Backlin<a href="https://krets.jagareforbundet.se/folkarna/files/2014/09/Stigvägen-2014-09-13-Varg-1.jpg"><img loading="lazy" decoding="async" class="aligncenter wp-image-4872 " src="https://krets.jagareforbundet.se/folkarna/files/2014/09/Stigvägen-2014-09-13-Varg-1.jpg" alt="Foto: Tony Ekholm Copyright" width="603" height="396" /></a></p>
<p style="text-align: center"><a href="https://krets.jagareforbundet.se/folkarna/files/2014/09/Stigvägen-2014-09-13-Varg-2.jpg"><img loading="lazy" decoding="async" class="aligncenter wp-image-4874" src="https://krets.jagareforbundet.se/folkarna/files/2014/09/Stigvägen-2014-09-13-Varg-2.jpg" alt="Stigvägen 2014-09-13-Varg-2" width="601" height="400" /></a></p>
<p style="text-align: center"><a href="https://krets.jagareforbundet.se/folkarna/files/2014/09/Varg-Åsgarn-2014-09-13.jpg"><img loading="lazy" decoding="async" class="aligncenter wp-image-4875" src="https://krets.jagareforbundet.se/folkarna/files/2014/09/Varg-Åsgarn-2014-09-13.jpg" alt="Varg Åsgarn 2014-09-13" width="596" height="448" /></a></p>
<p style="text-align: center">Varg Åsgarn 2014-09-13 Fotograf Tony Ekholm. Copyright.<!-- Har borjar min HTML-kod som forhindrar hogerklick --></p>
<p><!--var message="Det är förbjudet att spara bilder från denna sida!"; function clickIE4(){if (event.button==2){alert(message); return false; } } function clickNS4(e){if (document.layers||document.getElementById&amp;&amp;!document.all){if (e.which==2||e.which==3){ alert(message); return false; } } } if (document.layers){document.captureEvents(Event.MOUSEDOWN); document.onmousedown=clickNS4; } else if (document.all&amp;&amp;!document.getElementById){document.onmousedown=clickIE4; } document.oncontextmenu=new Function("alert(message);return false") // --></p>
<p><!-- Har slutar min HTML-kod som forhindrar hogerklick --></p>

<p>Varg skjuten enligt § 28 i Dormsjö den 2014-10-07. Foto:  Johan Backlin Varg Åsgarn 2014-09-13 Fotograf Tony Ekholm. Copyright.</p>
