{"id":5055,"date":"2015-01-31T22:33:47","date_gmt":"2015-01-31T21:33:47","guid":{"rendered":"https:\/\/krets.jagareforbundet.se\/folkarna\/?page_id=5055"},"modified":"2019-05-16T17:09:12","modified_gmt":"2019-05-16T15:09:12","slug":"mard","status":"publish","type":"page","link":"https:\/\/krets.jagareforbundet.se\/folkarna\/mard\/","title":{"rendered":"M\u00e5rd"},"content":{"rendered":"<div id=\"pageWrap\">\n<div class=\"clearfix\" id=\"content\">\n<div id=\"fullCol\">\n<div id=\"mainCol\">\n<div class=\"content clearfix\">\n<div class=\"newsItem newsItemFull newsItemLarge newsItemLargeLast\">\n<div id=\"attachment_6388\" style=\"width: 284px\" class=\"wp-caption alignleft\"><a href=\"https:\/\/krets.jagareforbundet.se\/folkarna\/files\/2018\/01\/mard_kennethjohansson_201017.jpg\"><img loading=\"lazy\" decoding=\"async\" aria-describedby=\"caption-attachment-6388\" class=\"wp-image-6388 \" src=\"https:\/\/krets.jagareforbundet.se\/folkarna\/files\/2018\/01\/mard_kennethjohansson_201017.jpg\" alt=\"\" width=\"274\" height=\"388\" srcset=\"https:\/\/krets.jagareforbundet.se\/folkarna\/files\/2018\/01\/mard_kennethjohansson_201017.jpg 371w, https:\/\/krets.jagareforbundet.se\/folkarna\/files\/2018\/01\/mard_kennethjohansson_201017-212x300.jpg 212w\" sizes=\"auto, (max-width: 274px) 100vw, 274px\" \/><\/a><p id=\"caption-attachment-6388\" class=\"wp-caption-text\">Foton : Kennet Johansson<\/p><\/div>\n<p style=\"text-align: left\">M\u00e5rden parar sig i juli-augusti. F\u00f6r\u00f6kningstakten \u00e4r l\u00e5g. F\u00f6rsta kullen f\u00f6ds i allm\u00e4nhet d\u00e5 m\u00e5rden \u00e4r 2-3 \u00e5r och kullstorleken \u00e4r 1-4 ungar. M\u00e5rden \u00e4r k\u00e4nslig f\u00f6r predation fr\u00e5n i synnerhet r\u00e4v. Detta f\u00f6rklarar sannolikt den \u00f6kning av antalet m\u00e5rdar som observerats parallellt med minskningen av r\u00e4vpopulationerna som skedde p\u00e5 grund av r\u00e4vskabbens intr\u00e4de p\u00e5 skandinaviska halv\u00f6n under 70- och 80-talen.<\/p>\n<p><a href=\"https:\/\/krets.jagareforbundet.se\/folkarna\/files\/2019\/05\/mard-foto-kenneth-johansson.jpg\"><img loading=\"lazy\" decoding=\"async\" class=\"alignright wp-image-6952\" src=\"https:\/\/krets.jagareforbundet.se\/folkarna\/files\/2019\/05\/mard-foto-kenneth-johansson-1024x724.jpg\" alt=\"\" width=\"283\" height=\"200\" srcset=\"https:\/\/krets.jagareforbundet.se\/folkarna\/files\/2019\/05\/mard-foto-kenneth-johansson-1024x724.jpg 1024w, https:\/\/krets.jagareforbundet.se\/folkarna\/files\/2019\/05\/mard-foto-kenneth-johansson-300x212.jpg 300w, https:\/\/krets.jagareforbundet.se\/folkarna\/files\/2019\/05\/mard-foto-kenneth-johansson-768x543.jpg 768w, https:\/\/krets.jagareforbundet.se\/folkarna\/files\/2019\/05\/mard-foto-kenneth-johansson.jpg 2048w\" sizes=\"auto, (max-width: 283px) 100vw, 283px\" \/><\/a><\/p>\n<\/div>\n<\/div>\n<\/div>\n<\/div>\n<\/div>\n<\/div>\n<div class=\"equal\" id=\"pageWrap\">\n<div class=\"clearfix\" id=\"pageWrapInner\">\n<div id=\"pageContent\">\n<div class=\"clearfix\" id=\"innerContent\">\n<div class=\"mainCol\">\n<p><strong>Den som sp\u00e5rat m\u00e5rd vet att det finns platser i terr\u00e4ngen som m\u00e5rden med j\u00e4mna mellanrum alltid passerar f\u00f6rbi. Det kan vara en h\u00e5lstubbe, ett vindf\u00e4lle eller ett stenskravel. Det \u00e4r p\u00e5 s\u00e5dana m\u00e5rdv\u00e4xlar f\u00e4llan ska placeras.<\/strong><\/p>\n<div class=\"article\">\n<div class=\"mobile\">\n<div>Vid m\u00e5rdf\u00e5ngst \u00e4r f\u00e4llplaceringen v\u00e4ldigt viktig. St\u00e5r f\u00e4llan bara en bit fr\u00e5n sj\u00e4lva m\u00e5rdv\u00e4xeln kan f\u00e5ngsten utebli. Det kan r\u00e4cka med att den st\u00e5r n\u00e5gra meter fel. Och inget kan v\u00e4l vara f\u00f6rargligare \u00e4n n\u00e4r sp\u00e5rsn\u00f6n avsl\u00f6jar att m\u00e5rden passerat bara en bit fr\u00e5n f\u00e5ngstplatsen utan att ta minsta notis om f\u00e4llan.<\/div>\n<\/div>\n<div>\n<p>Det mest praktiska \u00e4r att s\u00e4tta f\u00e4llan en och en halv meter \u00f6ver marken. D\u00e5 beh\u00f6vs ingen skyddstunnel f\u00f6r f\u00e4ll\u00f6ppningen och sm\u00e5gnagarna f\u00e5r sv\u00e5rare att ta sig in i f\u00e4llan och g\u00f6ra slut p\u00e5 betet.<\/p>\n<p><strong>Brygga av slanor<\/strong><br \/>\nM\u00e5nga j\u00e4gare f\u00f6redrar slagf\u00e4llor med tramputl\u00f6sning. En s\u00e5dan ska alltid placeras v\u00e5gr\u00e4tt, s\u00e5 att m\u00e5rden kan g\u00e5 rakt in i den. Ett enkelt s\u00e4tt \u00e4r att g\u00f6ra en brygga av tv\u00e5 slanor mellan tv\u00e5 tr\u00e4d p\u00e5 en och en halv meters h\u00f6jd \u00f6ver marken och st\u00e4lla f\u00e4llan p\u00e5 bryggan.<\/p>\n<p>Ett annat och kanske \u00e4nnu b\u00e4ttre s\u00e4tt \u00e4r att tillverka en hylla f\u00f6r f\u00e4llan. Allt som beh\u00f6vs \u00e4r ett par br\u00e4dlappar, n\u00e5gra trallskruvar och en skruv\u00addragare, alternativt spik och \u00adhammare. Det g\u00e5r bra att dra fast hyll\u00adan p\u00e5 \u00f6nskad h\u00f6jd med ett par sm\u00e5 sp\u00e4nnband. V\u00e4ljer man ett mindre v\u00e4rdefullt tr\u00e4d kan man ocks\u00e5 spika fast hyllan direkt p\u00e5 tr\u00e4dstammen.<br \/>\nF\u00e4llan placeras sedan uppe p\u00e5 hyll\u00adan med den n\u00e4tt\u00e4ckta gaveln l\u00e4ngst ut och ing\u00e5ngs\u00f6ppningen v\u00e4nd in mot tr\u00e4dstammen. Det beh\u00f6vs inga \u201duppfartsramper\u201d i form av lutande stockar eller dylikt. F\u00f6r m\u00e5rden \u00e4r det naturligt att kl\u00e4ttra i tr\u00e4d. Vill den bara ta sig upp till f\u00e4llan s\u00e5 g\u00f6r den ocks\u00e5 det.<\/p>\n<p><strong>M\u00e5rden gillar s\u00f6tsaker<\/strong><br \/>\nI en m\u00e5rdf\u00e4lla med tramputl\u00f6sning sitter alltid betet bakom slagmekanismen, s\u00e5 att m\u00e5rden m\u00e5ste passera \u00f6ver trampplattan f\u00f6r att komma \u00e5t det. Ett klassiskt m\u00e5rdbete \u00e4r huvud\u00adet av en skogsf\u00e5gel, men m\u00e5rden attraheras \u00e4ven av andra sorters beten, inte minst \u00e4r den begiven p\u00e5 s\u00f6tsaker som sylt, honung, b\u00e4r, frukt, fikon och dadlar.<br \/>\nN\u00e4r f\u00e4llan betats och gillrats \u00e4r det klokt att ocks\u00e5 risa \u00f6ver den s\u00e5 det h\u00e4nger litet granris ned \u00f6ver b\u00e5de bakre gaveln och ing\u00e5ngs\u00f6ppningen. Granriset surras sedan fast runt f\u00e4ll\u00adan och hyllplanet med antingen ett par varv j\u00e4rntr\u00e5d eller en packrem. F\u00e4llan ska sitta stadigt mot under\u00adlaget s\u00e5 att den inte s\u00e4tts ur funktion av v\u00e4der och vind.<br \/>\nAtt placera m\u00e5rdf\u00e4llan r\u00e4tt \u00e4r det viktigaste, men det \u00e4r \u00e4nd\u00e5 inte alltid det r\u00e4cker. Det g\u00e4ller att f\u00e5 m\u00e5rden att stanna upp och intressera sig f\u00f6r f\u00e5ngstplatsen.<br \/>\nM\u00e5rden attraheras inte bara av doften fr\u00e5n betet, den anv\u00e4nder ocks\u00e5 i stor utstr\u00e4ckning synen. En f\u00e5gelvinge eller ett f\u00e5gelskinn, som h\u00e4ngts upp i ett sn\u00f6re i hyllan under f\u00e4llan, kan v\u00e4cka m\u00e5rdens nyfikenhet. S\u00e4rskilt om f\u00f6rem\u00e5len sakta r\u00f6r sig i vinden.<\/p>\n<p><strong>\u00c4lgskalle perfekt<\/strong><br \/>\n<img loading=\"lazy\" decoding=\"async\" class=\" alignleft\" title=\"\u00c4lgskallen hissas upp och g\u00f6rs fast i en av gran\u00adarna intill f\u00e4llan. Foto: Bernt Karlsson\" src=\"http:\/\/svenskjakt.se\/Global\/F%c3%a4llor%20o%20f%c3%a4llf%c3%a5ngst\/St%c3%a4ll%20f%c3%a4llan%206%20BK.jpg\" alt=\"\u00c4lgskallen hissas upp och g\u00f6rs fast i en av gran\u00adarna intill f\u00e4llan. Foto: Bernt Karlsson\" width=\"175\" height=\"264\" \/>Men m\u00e5rdf\u00e5ngst med station\u00e4ra f\u00e4llor kr\u00e4ver ocks\u00e5 noggrann in\u00e5tling. En slagf\u00e4lla f\u00f6r m\u00e5rd \u00e4r dock vanligtvis f\u00f6r liten f\u00f6r att man ska kunna placera \u00e5telmaterial inne i f\u00e4llan. Den s\u00e5 kallade drag\u00e5teln m\u00e5ste placeras utanf\u00f6r.<br \/>\nEn \u00e4lgskalle \u2013 som ju numera inte tas till vara fr\u00e5nsett tungan \u2013 \u00e4r perfekt f\u00f6r \u00e4ndam\u00e5let och binds fast med en repstump ett par meter upp i ett tr\u00e4d intill f\u00e4llan. Som drag\u00e5tel r\u00e4cker den hela f\u00e5ngsts\u00e4songen.<br \/>\nFl\u00e5r man dessutom upp sidorna p\u00e5 \u00e4lgskallen, s\u00e5 att sm\u00e5f\u00e5glarna kommer \u00e5t att picka, kommer nedfallna k\u00f6tt\u00adsmulor och f\u00e5gelspillning att f\u00f6rst\u00e4rka f\u00e5ngstplatsens attraktionskraft f\u00f6r den f\u00f6rbipasserande m\u00e5rden.<\/p>\n<\/div>\n<div class=\"bottom-images\">\n<div class=\"image\" id=\"ctl00_FullRegion_MainRegion_BottomImages_div2\">\n<p><a href=\"http:\/\/svenskjakt.se\/viltvard\/fallor-fallfangst\/placera-fallan-pa-mardvaxeln\/#demoLightboxBottomImages2\"><img decoding=\"async\" class=\" alignleft\" src=\"http:\/\/svenskjakt.se\/Global\/F%c3%a4llor%20o%20f%c3%a4llf%c3%a5ngst\/St%c3%a4ll%20f%c3%a4llan%202%20BK.jpg?maxwidth=235\" alt=\"F\u00e4llan \u00e4r nu placerad p\u00e5 m\u00e5rdv\u00e4xeln och f\u00e5ngstplatsen arrangerad f\u00f6r att intressera m\u00e5rden och f\u00e5 den att stanna upp. Foto: Bernt Karlsson\" \/><\/a>F\u00e4llan \u00e4r nu placerad p\u00e5 m\u00e5rdv\u00e4xeln och f\u00e5ngstplatsen arrangerad f\u00f6r att intressera m\u00e5rden och f\u00e5 den att stanna upp. Foto: Bernt Karlsson<\/p>\n<\/div>\n<div class=\"clearfix\"><\/div>\n<\/div>\n<\/div>\n<\/div>\n<\/div>\n<\/div>\n<\/div>\n<\/div>\n","protected":false},"excerpt":{"rendered":"<p>M\u00e5rden parar sig i juli-augusti. F\u00f6r\u00f6kningstakten \u00e4r l\u00e5g. F\u00f6rsta kullen f\u00f6ds i allm\u00e4nhet d\u00e5 m\u00e5rden \u00e4r 2-3 \u00e5r och kullstorleken \u00e4r 1-4 ungar. M\u00e5rden \u00e4r k\u00e4nslig f\u00f6r predation fr\u00e5n i synnerhet r\u00e4v. Detta f\u00f6rklarar sannolikt den \u00f6kning av antalet m\u00e5rdar som observerats parallellt med minskningen av r\u00e4vpopulationerna som skedde p\u00e5 grund av r\u00e4vskabbens intr\u00e4de p\u00e5 [&hellip;]<\/p>\n","protected":false},"author":78,"featured_media":0,"parent":0,"menu_order":9,"comment_status":"open","ping_status":"open","template":"","meta":{"footnotes":""},"class_list":["post-5055","page","type-page","status-publish","hentry"],"_links":{"self":[{"href":"https:\/\/krets.jagareforbundet.se\/folkarna\/wp-json\/wp\/v2\/pages\/5055","targetHints":{"allow":["GET"]}}],"collection":[{"href":"https:\/\/krets.jagareforbundet.se\/folkarna\/wp-json\/wp\/v2\/pages"}],"about":[{"href":"https:\/\/krets.jagareforbundet.se\/folkarna\/wp-json\/wp\/v2\/types\/page"}],"author":[{"embeddable":true,"href":"https:\/\/krets.jagareforbundet.se\/folkarna\/wp-json\/wp\/v2\/users\/78"}],"replies":[{"embeddable":true,"href":"https:\/\/krets.jagareforbundet.se\/folkarna\/wp-json\/wp\/v2\/comments?post=5055"}],"version-history":[{"count":1,"href":"https:\/\/krets.jagareforbundet.se\/folkarna\/wp-json\/wp\/v2\/pages\/5055\/revisions"}],"predecessor-version":[{"id":6387,"href":"https:\/\/krets.jagareforbundet.se\/folkarna\/wp-json\/wp\/v2\/pages\/5055\/revisions\/6387"}],"wp:attachment":[{"href":"https:\/\/krets.jagareforbundet.se\/folkarna\/wp-json\/wp\/v2\/media?parent=5055"}],"curies":[{"name":"wp","href":"https:\/\/api.w.org\/{rel}","templated":true}]}}