{"id":5154,"date":"2015-04-11T21:35:46","date_gmt":"2015-04-11T19:35:46","guid":{"rendered":"https:\/\/krets.jagareforbundet.se\/folkarna\/?page_id=5154"},"modified":"2018-07-10T12:58:12","modified_gmt":"2018-07-10T10:58:12","slug":"algavskjutning-w-lan-2014","status":"publish","type":"page","link":"https:\/\/krets.jagareforbundet.se\/folkarna\/jaktfragor\/algjakt\/algavskjutning-w-lan-2014\/","title":{"rendered":"\u00c4lgavskjutning  W-l\u00e4n"},"content":{"rendered":"<a href=\"https:\/\/krets.jagareforbundet.se\/folkarna\/files\/2015\/04\/\u00c4lgavskjutning-Dalarna-2014.pdf\" class=\"woo-sc-button  purple large\" ><span class=\"woo-\">\u00c4lgavskjutning W-L\u00e4n per \u00c4FVO 2014<\/span><\/a>\n<a href=\"https:\/\/krets.jagareforbundet.se\/folkarna\/files\/2018\/07\/2018-04-13_eb90a603-60e4-4bf5-917d-f3d9480a8bee.png\" class=\"woo-sc-button  purple large\" ><span class=\"woo-\">\u00c4lgavskjutning W-l\u00e4n per \u00c4FVO 2017<\/span><\/a>\n<p>&nbsp;<\/p>\n","protected":false},"excerpt":{"rendered":"<p>&nbsp;<\/p>\n","protected":false},"author":78,"featured_media":0,"parent":379,"menu_order":1,"comment_status":"open","ping_status":"open","template":"","meta":{"footnotes":""},"class_list":["post-5154","page","type-page","status-publish","hentry"],"_links":{"self":[{"href":"https:\/\/krets.jagareforbundet.se\/folkarna\/wp-json\/wp\/v2\/pages\/5154","targetHints":{"allow":["GET"]}}],"collection":[{"href":"https:\/\/krets.jagareforbundet.se\/folkarna\/wp-json\/wp\/v2\/pages"}],"about":[{"href":"https:\/\/krets.jagareforbundet.se\/folkarna\/wp-json\/wp\/v2\/types\/page"}],"author":[{"embeddable":true,"href":"https:\/\/krets.jagareforbundet.se\/folkarna\/wp-json\/wp\/v2\/users\/78"}],"replies":[{"embeddable":true,"href":"https:\/\/krets.jagareforbundet.se\/folkarna\/wp-json\/wp\/v2\/comments?post=5154"}],"version-history":[{"count":1,"href":"https:\/\/krets.jagareforbundet.se\/folkarna\/wp-json\/wp\/v2\/pages\/5154\/revisions"}],"predecessor-version":[{"id":6659,"href":"https:\/\/krets.jagareforbundet.se\/folkarna\/wp-json\/wp\/v2\/pages\/5154\/revisions\/6659"}],"up":[{"embeddable":true,"href":"https:\/\/krets.jagareforbundet.se\/folkarna\/wp-json\/wp\/v2\/pages\/379"}],"wp:attachment":[{"href":"https:\/\/krets.jagareforbundet.se\/folkarna\/wp-json\/wp\/v2\/media?parent=5154"}],"curies":[{"name":"wp","href":"https:\/\/api.w.org\/{rel}","templated":true}]}}

Älgavskjutning  W-län

<a href="https://krets.jagareforbundet.se/folkarna/files/2015/04/Älgavskjutning-Dalarna-2014.pdf" class="woo-sc-button  purple large" ><span class="woo-">Älgavskjutning W-Län per ÄFVO 2014</span></a>
<a href="https://krets.jagareforbundet.se/folkarna/files/2018/07/2018-04-13_eb90a603-60e4-4bf5-917d-f3d9480a8bee.png" class="woo-sc-button  purple large" ><span class="woo-">Älgavskjutning W-län per ÄFVO 2017</span></a>
<p>&nbsp;</p>
