{"id":5312,"date":"2015-06-25T16:53:18","date_gmt":"2015-06-25T14:53:18","guid":{"rendered":"https:\/\/krets.jagareforbundet.se\/folkarna\/?page_id=5312"},"modified":"2018-07-02T11:06:19","modified_gmt":"2018-07-02T09:06:19","slug":"vildsvinsatel","status":"publish","type":"page","link":"https:\/\/krets.jagareforbundet.se\/folkarna\/jaktfragor\/smavilt2\/vildsvin\/vildsvinsatel\/","title":{"rendered":"Vildsvins\u00e5tel"},"content":{"rendered":"<p>S\u00e5 \u00e5tlar du vildsvin \u2013 h\u00e4r f\u00e5r du 10 tips &#8211; Svensk Jakt\/\/ \/\/ \/\/<\/p>\n<div class=\"equal\" id=\"pageWrap\">\n<div class=\"clearfix\" id=\"pageWrapInner\">\n<div id=\"pageContent\">\n<div class=\"clearfix\" id=\"innerContent\">\n<form id=\"Form1\" action=\"\" method=\"post\">\n<div class=\"mainCol\">\n<div class=\"article\">\n<p><span style=\"color: #800000\"><strong>F\u00f6r att h\u00e5lla vildsvinspopulationen i schack \u00e4r och f\u00f6rblir vakandet vid \u00e5teln den viktigaste jaktformen. Men f\u00f6r att jakten ska bli effektiv m\u00e5ste \u00e5teln anl\u00e4ggas p\u00e5 r\u00e4tt plats och p\u00e5 r\u00e4tt s\u00e4tt. F\u00f6lj Svensk Jakts tio r\u00e5d och skjut m\u00e5nga vildsvin p\u00e5 din \u00e5tel<\/strong><\/span><\/p>\n<\/div>\n<\/div>\n<\/form>\n<\/div>\n<\/div>\n<\/div>\n<\/div>\n<p><strong>Platsen.<\/strong> V\u00e4lj en \u00e5telplats med h\u00e5rt underlag. Stenig mark, en bergh\u00e4ll eller en v\u00e4ndplan p\u00e5 en skogsbilv\u00e4g \u00e4r bra alternativ. D\u00e5 slipper man den lerv\u00e4lling som oftast blir f\u00f6ljden av vildsvinens tramp och b\u00f6kande.<\/p>\n<p><strong>Ljuset.<\/strong> F\u00f6rutom eventuell \u00e5telbelysning \u00e4r m\u00e5nskenet viktigt f\u00f6r jakten. \u00c5tel och torn ska st\u00e5 s\u00e5 att j\u00e4garen f\u00e5r ljuset i ryggen eller snett fr\u00e5n sidan.<\/p>\n<p><strong>Vinden.<\/strong> I s\u00f6dra Sverige bl\u00e5ser det vanligtvis fr\u00e5n sydv\u00e4st. J\u00e4garen som inte tar h\u00e4nsyn till det n\u00e4r \u00e5telplatsen anl\u00e4ggs f\u00e5r inte m\u00e5nga jakttillf\u00e4llen. Vildsvin ser inte s\u00e4rskilt v\u00e4l, men luktsinnet \u00e4r formidabelt. Se ocks\u00e5 till att du kan ta dig till vakkojan utan att l\u00e4gga vittring \u00f6ver \u00e5teln.<\/p>\n<p><strong>Koja-Torn<\/strong>. Visst g\u00e5r det att sitta i ett vanligt jakttorn, men det beh\u00f6vs inte m\u00e5nga kalla vintern\u00e4tter innan beslut om kojbygge \u00e4r taget. En id\u00e9 kan vara att bygga kojan p\u00e5 ett vagnunderrede f\u00f6r att den ska kunna anv\u00e4ndas vid flera \u00e5tlar.<\/p>\n<p><strong>Spridare-Tunna<\/strong>. En tunna p\u00e5 ben med tidsinst\u00e4lld spridare \u00e4r det b\u00e4sta alternativet. D\u00e5 begr\u00e4nsas givan till \u00f6nskad m\u00e4ngd per dygn.<br \/>\nVildsvin \u00e4r dessutom l\u00e4raktiga djur och kan b\u00f6rja komma till \u00e5teln i samband med att de h\u00f6r spridaren g\u00e5 ig\u00e5ng. En stor, fastkedjad plastdunk med sm\u00e5 h\u00e5l d\u00e4r fodret spiller ut n\u00e4r vildsvinen v\u00e4lter dunken fungerar ocks\u00e5.<\/p>\n<p><strong>Fodret<\/strong>. Vildsvinen ska lockas till \u00e5telplatsen d\u00e4r de ska uppeh\u00e5lla sig s\u00e5 l\u00e4nge som m\u00f6jligt. Det \u00e4r ingen utfodringsplats. Majs, \u00e4rtor eller vete \u00e4r l\u00e4mpligt att anv\u00e4nda f\u00f6r att locka djuren till platsen.<\/p>\n<p><strong>Bakgrunden<\/strong>. Sn\u00f6 eller en annan ljus bakgrund \u00e4r n\u00e4rmast n\u00f6dv\u00e4ndigt f\u00f6r att kunna k\u00f6ns- och storleksbest\u00e4mma vildsvinen samt lossa ett s\u00e4kert skott, om man inte har en belysning p\u00e5 \u00e5teln. Genom att sprida halm p\u00e5 marken och st\u00e4lla upp halmbalar m\u00f6jligg\u00f6rs jakt \u00e4ven p\u00e5 barmark.<\/p>\n<p><strong>Tj\u00e4ra<\/strong>. Att stryka tj\u00e4ra p\u00e5 ett tr\u00e4d, en stubbe eller p\u00e5 en p\u00e5le nedslagen i marken \u00e4r effektivt n\u00e4r man ska locka vildsvin som \u00e4lskar att skrubba sig mot tj\u00e4ran.<\/p>\n<p><strong>Vildsvinsfigur.<\/strong> Att storleksbest\u00e4mma ett vildsvin i m\u00f6rker \u00e4r sv\u00e5rt. En uts\u00e5gad vildsvinssiluett i \u00e5rsgrisstorlek som skruvas fast p\u00e5 foderspridarens ben kan underl\u00e4tta f\u00f6r j\u00e4garen att v\u00e4lja r\u00e4tt djur.<\/p>\n<p><strong>\u00c5telkamera.<\/strong> Att f\u00e5 anv\u00e4nda vilt\u00f6vervaknings\u00adkameror vid vildsvins\u00e5tlar \u00e4r viktigt f\u00f6r en effektiv jakt.\u00a0Nya och enklare regler f\u00f6r viltkameror har varit k\u00e4nda och efterl\u00e4ngtade.<\/p>\n<p>Med den nya kamerabevakningslag som i delar b\u00f6rjade att\u00a0 g\u00e4lla den 25 maj 2018 \u00e4r viltkameror i privat verksamhet\u00a0Inte \u00a0l\u00e4ngre tillst\u00e5ndspliktiga. Den som vill s\u00e4tta upp en viltkamera m\u00e5ste f\u00f6lja GDPR med ett omfattande regelverk, d\u00e4r en av de r\u00e4ttsliga grunderna f\u00f6r kamera\u00f6vervakning \u00e4r att den bara ska anv\u00e4ndas n\u00e4r \u00f6vervakningsintresset v\u00e4ger tyngre \u00e4n det allm\u00e4nna integritetsintresset<\/p>\n<p><strong>S\u00e5 s\u00e4ger lagen fr\u00e5n Maj 2018<\/strong>, obs inga r\u00e4ttsfall \u00e4n !<\/p>\n<p>FRIHET UNDER ANSVAR<\/p>\n<p>Tillst\u00e5ndsplikten slopas, och ist\u00e4llet blir det frihet under strikt ansvar.\u00a0\u2013 Om du exempelvis s\u00e4tter en kamera djupt inne i skogen d\u00e4r f\u00e5 m\u00e4nniskor\u00a0r\u00f6r sig s\u00e5 \u00e4r det troligtvis ok, men om du s\u00e4tter den vid ett motionssp\u00e5r d\u00e4r\u00a0m\u00e5nga m\u00e4nniskor kan bli fotograferade s\u00e5 \u00e4r det inte lika s\u00e4kert att det \u00e4r\u00a0lagligt, s\u00e4ger Maria Johansson, bitr\u00e4dande f\u00f6rbundsjurist i Svenska J\u00e4garef\u00f6rbundet.<\/p>\n<p>INGEN PRAXIS<\/p>\n<p>Anv\u00e4ndaren m\u00e5ste sj\u00e4lv g\u00f6ra en bed\u00f6mning, och n\u00e5gon tydlig praxis finns inte. Den nya lagen har inte\u00a0pr\u00f6vats \u00a0r\u00e4ttsligt. Datainspektionen ger p\u00e5 sin hemsida r\u00e5d och v\u00e4gledning om vad som g\u00e4ller. Bland annat m\u00e5ste den som s\u00e4tter upp en kamera ocks\u00e5 s\u00e4tta upp kontaktinformation med namn, telefonnummer, mejladress samt \u00e4ndam\u00e5let med \u00f6vervakningen.<\/p>\n<p>\u00d6VERVAKA HUNDG\u00c5RDEN<\/p>\n<p>\u2013 Det \u00e4r omfattande regler, d\u00e4r J\u00e4garef\u00f6rbundet i sina remissvar f\u00f6rs\u00f6kte f\u00e5 bort kravet p\u00e5 namn i kontaktuppgifterna. Vi tycker att det hade varit b\u00e4ttre att anv\u00e4nda j\u00e4gar-id f\u00f6r att skydda j\u00e4gares identitet, s\u00e4ger Maria Johansson.\u00a0Sedan tidigare \u00e4r det ocks\u00e5 till\u00e5tet att \u00f6vervaka garaget, hundg\u00e5rden, jaktstugan eller b\u00e5thuset. S\u00e5 l\u00e4nge\u00a0\u00f6vervakningen sker p\u00e5 privat omr\u00e5de d\u00e4r allm\u00e4nheten inte har tilltr\u00e4de och du som \u00f6vervakar g\u00f6r det som privatperson s\u00e5 \u00e4r det fritt fram och d\u00e4r beh\u00f6ver du inte f\u00f6lja GDPR.<\/p>\n<div class=\"equal\" id=\"pageWrap\">\n<div class=\"clearfix\" id=\"pageWrapInner\">\n<div id=\"pageContent\">\n<div class=\"clearfix single-view\" id=\"innerContent\">\n<div class=\"mainCol\">\n<div class=\"newsList\">\n<div class=\"ajax-load-more-wrap blue alm-0\" id=\"ajax-load-more\">\n<div class=\"alm-listing alm-ajax \">\n<div class=\"alm-reveal alm-previous-post post-43678\">\n<div class=\"aside\">\n<div class=\"info\">\n<div>\n<p>I jaktlagens paragraf 24 regleras vad som g\u00e4ller \u00e5tling:<\/p>\n<p>\u201dUtan lov \u00e4r det inte till\u00e5tet att skr\u00e4mma eller mota vilt fr\u00e5n n\u00e5gon annans jaktomr\u00e5de (\u2026). Det \u00e4r inte heller till\u00e5tet att utan lov locka vilt fr\u00e5n n\u00e5gon annans jaktomr\u00e5de genom utfodring eller p\u00e5 n\u00e5got annat s\u00e4tt.\u201d<\/p>\n<p>F\u00f6r \u00e5tlar med inneh\u00e5ll f\u00f6r Bj\u00f6rn kr\u00e4vs tillst\u00e5nd fr\u00e5n L\u00e4nsstyrelsen.<\/p>\n<\/div>\n<\/div>\n<\/div>\n<\/div>\n<\/div>\n<\/div>\n<\/div>\n<\/div>\n<\/div>\n<\/div>\n<\/div>\n<\/div>\n","protected":false},"excerpt":{"rendered":"<p>S\u00e5 \u00e5tlar du vildsvin \u2013 h\u00e4r f\u00e5r du 10 tips &#8211; Svensk Jakt\/\/ \/\/ \/\/ F\u00f6r att h\u00e5lla vildsvinspopulationen i schack \u00e4r och f\u00f6rblir vakandet vid \u00e5teln den viktigaste jaktformen. Men f\u00f6r att jakten ska bli effektiv m\u00e5ste \u00e5teln anl\u00e4ggas p\u00e5 r\u00e4tt plats och p\u00e5 r\u00e4tt s\u00e4tt. F\u00f6lj Svensk Jakts tio r\u00e5d och skjut m\u00e5nga [&hellip;]<\/p>\n","protected":false},"author":78,"featured_media":0,"parent":1890,"menu_order":2,"comment_status":"open","ping_status":"open","template":"","meta":{"footnotes":""},"class_list":["post-5312","page","type-page","status-publish","hentry"],"_links":{"self":[{"href":"https:\/\/krets.jagareforbundet.se\/folkarna\/wp-json\/wp\/v2\/pages\/5312","targetHints":{"allow":["GET"]}}],"collection":[{"href":"https:\/\/krets.jagareforbundet.se\/folkarna\/wp-json\/wp\/v2\/pages"}],"about":[{"href":"https:\/\/krets.jagareforbundet.se\/folkarna\/wp-json\/wp\/v2\/types\/page"}],"author":[{"embeddable":true,"href":"https:\/\/krets.jagareforbundet.se\/folkarna\/wp-json\/wp\/v2\/users\/78"}],"replies":[{"embeddable":true,"href":"https:\/\/krets.jagareforbundet.se\/folkarna\/wp-json\/wp\/v2\/comments?post=5312"}],"version-history":[{"count":1,"href":"https:\/\/krets.jagareforbundet.se\/folkarna\/wp-json\/wp\/v2\/pages\/5312\/revisions"}],"predecessor-version":[{"id":6161,"href":"https:\/\/krets.jagareforbundet.se\/folkarna\/wp-json\/wp\/v2\/pages\/5312\/revisions\/6161"}],"up":[{"embeddable":true,"href":"https:\/\/krets.jagareforbundet.se\/folkarna\/wp-json\/wp\/v2\/pages\/1890"}],"wp:attachment":[{"href":"https:\/\/krets.jagareforbundet.se\/folkarna\/wp-json\/wp\/v2\/media?parent=5312"}],"curies":[{"name":"wp","href":"https:\/\/api.w.org\/{rel}","templated":true}]}}